Report for Text-Editor-Vip-0.08.1

Back
From: metabase:user:d2c9f356-b46f-11df-9a90-20a83c0b7757
Subject: FAIL Text-Editor-Vip-0.08.1 v5.12.2 SunOS/Solaris
Date: 2010-10-20T21:22:31Z

This distribution has been tested as part of the CPAN Testers
project, supporting the Perl programming language.  See
http://wiki.cpantesters.org/ for more information or email
questions to cpan-testers-discuss@perl.org


--
Dear Nadim Ibn Hamouda El Khemir,

This is a computer-generated report for Text-Editor-Vip-0.08.1
on perl 5.12.2, created by CPAN-Reporter-1.1803.

Thank you for uploading your work to CPAN.  However, there was a problem
testing your distribution.

If you think this report is invalid, please consult the CPAN Testers Wiki
for suggestions on how to avoid getting FAIL reports for missing library
or binary dependencies, unsupported operating systems, and so on:

http://wiki.cpantesters.org/wiki/CPANAuthorNotes

Sections of this report:

    * Tester comments
    * Program output
    * Prerequisites
    * Environment and other context

------------------------------
TESTER COMMENTS
------------------------------

Additional comments from tester:

this report is from an automated smoke testing program
and was not reviewed by a human for accuracy

------------------------------
PROGRAM OUTPUT
------------------------------

Output from './Build test':

t/001_Text_Editor_Vip.t ................................. ok
"our" variable $buffer masks earlier declaration in same scope at /export/home/cpant3/.cpan/build/Text-Editor-Vip-0.08.1-PGO9Jd/blib/lib/Text/Editor/Vip/Buffer.pm line 374.
t/002_Text_Editor_Vip_Buffer.t .......................... ok
t/003_Text_Editor_Vip_Selection.t ....................... ok
t/004_Text_Editor_Vip_CommandBlock.t .................... ok
"our" variable $buffer masks earlier declaration in same scope at /export/home/cpant3/.cpan/build/Text-Editor-Vip-0.08.1-PGO9Jd/blib/lib/Text/Editor/Vip/Buffer.pm line 374.
t/005_Text_Editor_Vip_Buffer_DoUndoRedo.t ............... ok
t/006_Text_Editor_Vip_View.t ............................ ok
t/007_Text_Editor_Vip_Buffer_List.t ..................... ok
"our" variable $buffer masks earlier declaration in same scope at /export/home/cpant3/.cpan/build/Text-Editor-Vip-0.08.1-PGO9Jd/blib/lib/Text/Editor/Vip/Buffer.pm line 374.
t/008_Text_Editor_Vip_Buffer_Plugins_Display.t .......... ok
"our" variable $buffer masks earlier declaration in same scope at /export/home/cpant3/.cpan/build/Text-Editor-Vip-0.08.1-PGO9Jd/blib/lib/Text/Editor/Vip/Buffer.pm line 374.
t/009_Text_Editor_Vip_Buffer_Plugins_File.t ............. ok
"our" variable $buffer masks earlier declaration in same scope at /export/home/cpant3/.cpan/build/Text-Editor-Vip-0.08.1-PGO9Jd/blib/lib/Text/Editor/Vip/Buffer.pm line 374.
t/010_Text_Editor_Vip_Buffer_Plugins_Case.t ............. ok
"our" variable $buffer masks earlier declaration in same scope at /export/home/cpant3/.cpan/build/Text-Editor-Vip-0.08.1-PGO9Jd/blib/lib/Text/Editor/Vip/Buffer.pm line 374.
t/011_Text_Editor_Vip_Buffer_Attribute.t ................ ok
"our" variable $buffer masks earlier declaration in same scope at /export/home/cpant3/.cpan/build/Text-Editor-Vip-0.08.1-PGO9Jd/blib/lib/Text/Editor/Vip/Buffer.pm line 374.
t/012_Text_Editor_Vip_Buffer_Plugins_GetWord.t .......... ok
"our" variable $buffer masks earlier declaration in same scope at /export/home/cpant3/.cpan/build/Text-Editor-Vip-0.08.1-PGO9Jd/blib/lib/Text/Editor/Vip/Buffer.pm line 374.
t/013_Text_Editor_Vip_Buffer_Selection.t ................ ok
"our" variable $buffer masks earlier declaration in same scope at /export/home/cpant3/.cpan/build/Text-Editor-Vip-0.08.1-PGO9Jd/blib/lib/Text/Editor/Vip/Buffer.pm line 374.
t/014_Text_Editor_Vip_Buffer_Plugins_Tags.t ............. ok
"our" variable $buffer masks earlier declaration in same scope at /export/home/cpant3/.cpan/build/Text-Editor-Vip-0.08.1-PGO9Jd/blib/lib/Text/Editor/Vip/Buffer.pm line 374.
t/015_Text_Editor_Vip_Buffer_Plugins_InsertConstruct.t .. ok
"our" variable $buffer masks earlier declaration in same scope at /export/home/cpant3/.cpan/build/Text-Editor-Vip-0.08.1-PGO9Jd/blib/lib/Text/Editor/Vip/Buffer.pm line 374.
t/016_Text_Editor_Vip_Buffer_Plugins_InsertDelete.t ..... ok
"our" variable $buffer masks earlier declaration in same scope at /export/home/cpant3/.cpan/build/Text-Editor-Vip-0.08.1-PGO9Jd/blib/lib/Text/Editor/Vip/Buffer.pm line 374.
t/017_Text_Editor_Vip_Buffer_Plugins_Selection.t ........ ok
"our" variable $buffer masks earlier declaration in same scope at /export/home/cpant3/.cpan/build/Text-Editor-Vip-0.08.1-PGO9Jd/blib/lib/Text/Editor/Vip/Buffer.pm line 374.
t/018_Text_Editor_Vip_Buffer_Plugins_Movements.t ........ ok
"our" variable $buffer masks earlier declaration in same scope at /export/home/cpant3/.cpan/build/Text-Editor-Vip-0.08.1-PGO9Jd/blib/lib/Text/Editor/Vip/Buffer.pm line 374.
t/019_Text_Editor_Vip_Buffer_Plugins_PageUpDown.t ....... ok
"our" variable $buffer masks earlier declaration in same scope at /export/home/cpant3/.cpan/build/Text-Editor-Vip-0.08.1-PGO9Jd/blib/lib/Text/Editor/Vip/Buffer.pm line 374.

#   Failed test 'invalid replacement warning'
#   at t/020_Text_Editor_Vip_Buffer_Plugins_Replace.t line 231.
# found warning: Use of uninitialized value $2 in substitution iterator at (eval 391) line 2.
# expected to find warning: (?-xism:Use of uninitialized value in substitution iterator)

#   Failed test 'invalid replacement warning'
#   at t/020_Text_Editor_Vip_Buffer_Plugins_Replace.t line 310.
# found warning: Use of uninitialized value $2 in substitution iterator at (eval 405) line 2.
# expected to find warning: (?-xism:Use of uninitialized value in substitution iterator)
# Looks like you failed 2 tests of 89.
t/020_Text_Editor_Vip_Buffer_Plugins_Replace.t .......... 
Dubious, test returned 2 (wstat 512, 0x200)
Failed 2/89 subtests 
"our" variable $buffer masks earlier declaration in same scope at /export/home/cpant3/.cpan/build/Text-Editor-Vip-0.08.1-PGO9Jd/blib/lib/Text/Editor/Vip/Buffer.pm line 374.
t/021_Text_Editor_Vip_Buffer_Plugins_Find.t ............. ok
"our" variable $buffer masks earlier declaration in same scope at lib/Text/Editor/Vip/Buffer.pm line 374.

#   Failed test 'invalid replacement warning'
#   at t/022_Text_Editor_Vip_Buffer_Plugins_Replace_Sub.t line 65.
# found warning: Use of uninitialized value $2 in substitution iterator at (eval 306) line 2.
# expected to find warning: (?-xism:Use of uninitialized value in substitution iterator)
# Looks like you failed 1 test of 13.
t/022_Text_Editor_Vip_Buffer_Plugins_Replace_Sub.t ...... 
Dubious, test returned 1 (wstat 256, 0x100)
Failed 1/13 subtests 
"our" variable $buffer masks earlier declaration in same scope at lib/Text/Editor/Vip/Buffer.pm line 374.
t/023_Text_Editor_Vip_Buffer_Clipboard.t ................ ok

Test Summary Report
-------------------
t/020_Text_Editor_Vip_Buffer_Plugins_Replace.t        (Wstat: 512 Tests: 89 Failed: 2)
  Failed tests:  62, 82
  Non-zero exit status: 2
t/022_Text_Editor_Vip_Buffer_Plugins_Replace_Sub.t    (Wstat: 256 Tests: 13 Failed: 1)
  Failed test:  9
  Non-zero exit status: 1
Files=23, Tests=1018,  5 wallclock secs ( 0.36 usr  0.26 sys +  3.22 cusr  1.44 csys =  5.28 CPU)
Result: FAIL
Failed 2/23 test programs. 3/1018 subtests failed.

------------------------------
PREREQUISITES
------------------------------

Prerequisite modules loaded:

requires:

    Module           Need Have   
    ---------------- ---- -------
    Clone            0    0.31   
    Data::Hexdumper  0    2.01   
    Data::TreeDumper 0.24 0.37   
    File::Slurp      0    9999.13
    Readonly         0    1.03   
    Text::Diff       0    1.37   

build_requires:

    Module           Need Have   
    ---------------- ---- -------
    Test::Block      0    0.11   
    Test::Exception  0    0.31   
    Test::NoWarnings 0    1.02   
    Test::Warn       0    0.22   
    Text::Diff       0    1.37   


------------------------------
ENVIRONMENT AND OTHER CONTEXT
------------------------------

Environment variables:

    AUTOMATED_TESTING = 1
    LANG = en_US.UTF-8
    PATH = /export/home/cpant3/perl5/bin:/usr/bin
    PERL5LIB = /export/home/cpant3/.cpan/build/Data-TreeDumper-0.37-V9haIn/blib/arch:/export/home/cpant3/.cpan/build/Data-TreeDumper-0.37-V9haIn/blib/lib:/export/home/cpant3/.cpan/build/Devel-Size-0.71-iDUQUy/blib/arch:/export/home/cpant3/.cpan/build/Devel-Size-0.71-iDUQUy/blib/lib:/export/home/cpant3/.cpan/build/Term-Size-0.207-OfRlYf/blib/arch:/export/home/cpant3/.cpan/build/Term-Size-0.207-OfRlYf/blib/lib:/export/home/cpant3/.cpan/build/Check-ISA-0.04-6_iQ6d/blib/arch:/export/home/cpant3/.cpan/build/Check-ISA-0.04-6_iQ6d/blib/lib:/export/home/cpant3/.cpan/build/Data-Hexdumper-2.01-ZCZZNw/blib/arch:/export/home/cpant3/.cpan/build/Data-Hexdumper-2.01-ZCZZNw/blib/lib:/export/home/cpant3/.cpan/build/Test-Block-0.11-tXVdTs/blib/arch:/export/home/cpant3/.cpan/build/Test-Block-0.11-tXVdTs/blib/lib
    PERL5OPT = 
    PERL5_CPANPLUS_IS_RUNNING = 19775
    PERL5_CPAN_IS_RUNNING = 19775
    PERL5_CPAN_IS_RUNNING_IN_RECURSION = 15229,19775
    PERL_CR_SMOKER_CURRENT = Text-Editor-Vip-0.08.1
    PERL_CR_SMOKER_RUNONCE = 1
    PERL_EXTUTILS_AUTOINSTALL = --defaultdeps
    PERL_MM_USE_DEFAULT = 1
    SHELL = /bin/bash
    TERM = xterm

Perl special variables (and OS-specific diagnostics, for MSWin32):

    $^X = /export/home/cpant3/perl5/bin/perl5.12.2
    $UID/$EUID = 103 / 103
    $GID = 1 1
    $EGID = 1 1

Perl module toolchain versions installed:

    Module              Have   
    ------------------- -------
    CPAN                1.94_56
    Cwd                 3.33   
    ExtUtils::CBuilder  0.2703 
    ExtUtils::Command   1.16   
    ExtUtils::Install   1.55   
    ExtUtils::MakeMaker 6.56   
    ExtUtils::Manifest  1.58   
    ExtUtils::ParseXS   2.2206 
    File::Spec          3.33   
    Module::Build       0.3607 
    Module::Signature   n/a    
    Test::Harness       3.22   
    Test::More          0.96   
    YAML                0.72   
    YAML::Syck          1.15   
    version             0.83   


--

Summary of my perl5 (revision 5 version 12 subversion 2) configuration:
   
  Platform:
    osname=solaris, osvers=2.11, archname=i86pc-solaris-64int
    uname='sunos open-solaris-noc 5.11 snv_95 i86pc i386 i86pc '
    config_args='-Dcc=gcc -Dprefix=~/perl5 -Duse64bitint -Dusedevel -d'
    hint=recommended, useposix=true, d_sigaction=define
    useithreads=undef, usemultiplicity=undef
    useperlio=define, d_sfio=undef, uselargefiles=define, usesocks=undef
    use64bitint=define, use64bitall=undef, uselongdouble=undef
    usemymalloc=n, bincompat5005=undef
  Compiler:
    cc='gcc', ccflags ='-DPTR_IS_LONG -fno-strict-aliasing -pipe -D_LARGEFILE_SOURCE -D_FILE_OFFSET_BITS=64 -DPERL_USE_SAFE_PUTENV',
    optimize='-O',
    cppflags='-DPTR_IS_LONG -fno-strict-aliasing -pipe'
    ccversion='', gccversion='3.4.3 (csl-sol210-3_4-20050802)', gccosandvers='solaris2.11'
    intsize=4, longsize=4, ptrsize=4, doublesize=8, byteorder=12345678
    d_longlong=define, longlongsize=8, d_longdbl=define, longdblsize=12
    ivtype='long long', ivsize=8, nvtype='double', nvsize=8, Off_t='off_t', lseeksize=8
    alignbytes=4, prototype=define
  Linker and Libraries:
    ld='gcc', ldflags =' '
    libpth=/usr/lib /usr/ccs/lib
    libs=-lsocket -lnsl -ldl -lm -lc
    perllibs=-lsocket -lnsl -ldl -lm -lc
    libc=/lib/libc.so, so=so, useshrplib=false, libperl=libperl.a
    gnulibc_version=''
  Dynamic Linking:
    dlsrc=dl_dlopen.xs, dlext=so, d_dlsymun=undef, ccdlflags=' '
    cccdlflags='-fPIC', lddlflags='-G'


Characteristics of this binary (from libperl): 
  Compile-time options: PERL_DONT_CREATE_GVSV PERL_MALLOC_WRAP PERL_USE_DEVEL
                        PERL_USE_SAFE_PUTENV USE_64_BIT_INT USE_LARGE_FILES
                        USE_PERLIO USE_PERL_ATOF
  Built under solaris
  Compiled at Sep 26 2010 12:56:09
  %ENV:
    PERL5LIB="/export/home/cpant3/.cpan/build/Data-TreeDumper-0.37-V9haIn/blib/arch:/export/home/cpant3/.cpan/build/Data-TreeDumper-0.37-V9haIn/blib/lib:/export/home/cpant3/.cpan/build/Devel-Size-0.71-iDUQUy/blib/arch:/export/home/cpant3/.cpan/build/Devel-Size-0.71-iDUQUy/blib/lib:/export/home/cpant3/.cpan/build/Term-Size-0.207-OfRlYf/blib/arch:/export/home/cpant3/.cpan/build/Term-Size-0.207-OfRlYf/blib/lib:/export/home/cpant3/.cpan/build/Check-ISA-0.04-6_iQ6d/blib/arch:/export/home/cpant3/.cpan/build/Check-ISA-0.04-6_iQ6d/blib/lib:/export/home/cpant3/.cpan/build/Data-Hexdumper-2.01-ZCZZNw/blib/arch:/export/home/cpant3/.cpan/build/Data-Hexdumper-2.01-ZCZZNw/blib/lib:/export/home/cpant3/.cpan/build/Test-Block-0.11-tXVdTs/blib/arch:/export/home/cpant3/.cpan/build/Test-Block-0.11-tXVdTs/blib/lib"
    PERL5OPT=""
    PERL5_CPANPLUS_IS_RUNNING="19775"
    PERL5_CPAN_IS_RUNNING="19775"
    PERL5_CPAN_IS_RUNNING_IN_RECURSION="15229,19775"
    PERL_CR_SMOKER_CURRENT="Text-Editor-Vip-0.08.1"
    PERL_CR_SMOKER_RUNONCE="1"
    PERL_EXTUTILS_AUTOINSTALL="--defaultdeps"
    PERL_MM_USE_DEFAULT="1"
  @INC:
    /export/home/cpant3/.cpan/build/Data-TreeDumper-0.37-V9haIn/blib/arch
    /export/home/cpant3/.cpan/build/Data-TreeDumper-0.37-V9haIn/blib/lib
    /export/home/cpant3/.cpan/build/Devel-Size-0.71-iDUQUy/blib/arch
    /export/home/cpant3/.cpan/build/Devel-Size-0.71-iDUQUy/blib/lib
    /export/home/cpant3/.cpan/build/Term-Size-0.207-OfRlYf/blib/arch
    /export/home/cpant3/.cpan/build/Term-Size-0.207-OfRlYf/blib/lib
    /export/home/cpant3/.cpan/build/Check-ISA-0.04-6_iQ6d/blib/arch
    /export/home/cpant3/.cpan/build/Check-ISA-0.04-6_iQ6d/blib/lib
    /export/home/cpant3/.cpan/build/Data-Hexdumper-2.01-ZCZZNw/blib/arch
    /export/home/cpant3/.cpan/build/Data-Hexdumper-2.01-ZCZZNw/blib/lib
    /export/home/cpant3/.cpan/build/Test-Block-0.11-tXVdTs/blib/arch
    /export/home/cpant3/.cpan/build/Test-Block-0.11-tXVdTs/blib/lib
    /export/home/cpant3/perl5/lib/site_perl/5.12.2/i86pc-solaris-64int
    /export/home/cpant3/perl5/lib/site_perl/5.12.2
    /export/home/cpant3/perl5/lib/5.12.2/i86pc-solaris-64int
    /export/home/cpant3/perl5/lib/5.12.2
    /export/home/cpant3/perl5/lib/site_perl
    .