Report for Gtk2-Ex-ErrorTextDialog-10

Back
From: metabase:user:320bfe00-2aae-11df-837a-5e0a49663a4f
Subject: FAIL Gtk2-Ex-ErrorTextDialog-10 v5.19.1 GNU/Linux
Date: 2013-05-21T12:01:20Z

This distribution has been tested as part of the CPAN Testers
project, supporting the Perl programming language.  See
http://wiki.cpantesters.org/ for more information or email
questions to cpan-testers-discuss@perl.org


--
Dear Kevin Ryde,

This is a computer-generated report for Gtk2-Ex-ErrorTextDialog-10
on perl 5.19.1, created by CPAN-Reporter-1.2010.

Thank you for uploading your work to CPAN.  However, there was a problem
testing your distribution.

If you think this report is invalid, please consult the CPAN Testers Wiki
for suggestions on how to avoid getting FAIL reports for missing library
or binary dependencies, unsupported operating systems, and so on:

http://wiki.cpantesters.org/wiki/CPANAuthorNotes

Sections of this report:

    * Tester comments
    * Program output
    * Prerequisites
    * Environment and other context

------------------------------
TESTER COMMENTS
------------------------------

Additional comments from tester:

this report is from an automated smoke testing program
and was not reviewed by a human for accuracy

------------------------------
PROGRAM OUTPUT
------------------------------

Output from '/usr/bin/make test':

PERL_DL_NONLAZY=1 /tmp/basesmoker-reloperl-r5af/bin/perl "-MExtUtils::Command::MM" "-e" "test_harness(0, 'blib/lib', 'blib/arch')" t/*.t
# Perl-Gtk2    version 1.247
# Perl-Glib    version 1.300
# Compiled against Glib version 2.36.1.
# Running on       Glib version 2.36.1.
# Compiled against Gtk version 2.24.18.
# Running on       Gtk version 2.24.18.
Xlib:  extension "RANDR" missing on display ":121".
*** unhandled exception in callback:
***   incorrect number of parameters for signal set-scroll-adjustments, expected 3, got 2 at /tmp/loop_over_bdir-8742-IwwwMh/Gtk2-Ex-ErrorTextDialog-10-7DfLEg/blib/lib/Gtk2/Ex/TextView/FollowAppend.pm line 61.
***  ignoring at /tmp/loop_over_bdir-8742-IwwwMh/Gtk2-Ex-ErrorTextDialog-10-7DfLEg/blib/lib/Gtk2/Ex/ErrorTextDialog.pm line 152.
# Scalar::Util::weaken
*** unhandled exception in callback:
***   incorrect number of parameters for signal set-scroll-adjustments, expected 3, got 2 at /tmp/loop_over_bdir-8742-IwwwMh/Gtk2-Ex-ErrorTextDialog-10-7DfLEg/blib/lib/Gtk2/Ex/TextView/FollowAppend.pm line 61.
***  ignoring at /tmp/loop_over_bdir-8742-IwwwMh/Gtk2-Ex-ErrorTextDialog-10-7DfLEg/blib/lib/Gtk2/Ex/ErrorTextDialog.pm line 152.
# main_iterations(): ran 2 events/iterations
*** unhandled exception in callback:
***   incorrect number of parameters for signal set-scroll-adjustments, expected 3, got 2 at /tmp/loop_over_bdir-8742-IwwwMh/Gtk2-Ex-ErrorTextDialog-10-7DfLEg/blib/lib/Gtk2/Ex/TextView/FollowAppend.pm line 61.
***  ignoring at /tmp/loop_over_bdir-8742-IwwwMh/Gtk2-Ex-ErrorTextDialog-10-7DfLEg/blib/lib/Gtk2/Ex/ErrorTextDialog.pm line 152.
*** unhandled exception in callback:
***   incorrect number of parameters for signal set-scroll-adjustments, expected 3, got 2 at /tmp/loop_over_bdir-8742-IwwwMh/Gtk2-Ex-ErrorTextDialog-10-7DfLEg/blib/lib/Gtk2/Ex/TextView/FollowAppend.pm line 61.
***  ignoring at /tmp/loop_over_bdir-8742-IwwwMh/Gtk2-Ex-ErrorTextDialog-10-7DfLEg/blib/lib/Gtk2/Ex/ErrorTextDialog.pm line 152.
*** unhandled exception in callback:
***   incorrect number of parameters for signal set-scroll-adjustments, expected 3, got 2 at /tmp/loop_over_bdir-8742-IwwwMh/Gtk2-Ex-ErrorTextDialog-10-7DfLEg/blib/lib/Gtk2/Ex/TextView/FollowAppend.pm line 61.
***  ignoring at /tmp/loop_over_bdir-8742-IwwwMh/Gtk2-Ex-ErrorTextDialog-10-7DfLEg/blib/lib/Gtk2/Ex/ErrorTextDialog.pm line 152.
*** unhandled exception in callback:
***   incorrect number of parameters for signal set-scroll-adjustments, expected 3, got 2 at /tmp/loop_over_bdir-8742-IwwwMh/Gtk2-Ex-ErrorTextDialog-10-7DfLEg/blib/lib/Gtk2/Ex/TextView/FollowAppend.pm line 61.
***  ignoring at /tmp/loop_over_bdir-8742-IwwwMh/Gtk2-Ex-ErrorTextDialog-10-7DfLEg/blib/lib/Gtk2/Ex/ErrorTextDialog.pm line 152.
# popup-save-dialog 82 Gtk2::Ex::ErrorTextDialog [ run-last action ]
*** unhandled exception in callback:
***   incorrect number of parameters for signal grab-focus, expected 1, got 2 at /tmp/loop_over_bdir-8742-IwwwMh/Gtk2-Ex-ErrorTextDialog-10-7DfLEg/blib/lib/Gtk2/Ex/TextView/FollowAppend.pm line 61.
***  ignoring at /tmp/loop_over_bdir-8742-IwwwMh/Gtk2-Ex-ErrorTextDialog-10-7DfLEg/blib/lib/Gtk2/Ex/ErrorTextDialog.pm line 390.
*** unhandled exception in callback:
***   FATAL: invalid enum GtkDirectionType value Glib::Param::Boolean=HASH(0x2d77278), expecting: tab-forward / GTK_DIR_TAB_FORWARD, tab-backward / GTK_DIR_TAB_BACKWARD, up / GTK_DIR_UP, down / GTK_DIR_DOWN, left / GTK_DIR_LEFT, right / GTK_DIR_RIGHT at /tmp/loop_over_bdir-8742-IwwwMh/Gtk2-Ex-ErrorTextDialog-10-7DfLEg/blib/lib/Gtk2/Ex/TextView/FollowAppend.pm line 61.
***  ignoring at /tmp/loop_over_bdir-8742-IwwwMh/Gtk2-Ex-ErrorTextDialog-10-7DfLEg/blib/lib/Gtk2/Ex/ErrorTextDialog.pm line 390.
# Saw 8 warning(s):
# 
# Trace begun at t/MyTestHelpers.pm line 51
# MyTestHelpers::nowarnings_handler('*** unhandled exception in callback:^J***   incorrect number of parameters for signal set-scroll-adjustments, expected 3, got 2 at /tmp/loop_over_bdir-8742-IwwwMh/Gtk2-Ex-ErrorTextDialog-10-7DfLEg/blib/lib/Gtk2/Ex/TextView/FollowAppend.pm line 61.^J***  ignoring at /tmp/loop_over_bdir-8742-IwwwMh/Gtk2-Ex-ErrorTextDialog-10-7DfLEg/blib/lib/Gtk2/Ex/ErrorTextDialog.pm line 152.^J') called at /tmp/loop_over_bdir-8742-IwwwMh/Gtk2-Ex-ErrorTextDialog-10-7DfLEg/blib/lib/Gtk2/Ex/ErrorTextDialog.pm line 152
# Gtk2::Ex::ErrorTextDialog::INIT_INSTANCE('Gtk2::Ex::ErrorTextDialog=HASH(0x2353820)') called at t/ErrorTextDialog.t line 56
# 
# 
# Trace begun at t/MyTestHelpers.pm line 51
# MyTestHelpers::nowarnings_handler('*** unhandled exception in callback:^J***   incorrect number of parameters for signal set-scroll-adjustments, expected 3, got 2 at /tmp/loop_over_bdir-8742-IwwwMh/Gtk2-Ex-ErrorTextDialog-10-7DfLEg/blib/lib/Gtk2/Ex/TextView/FollowAppend.pm line 61.^J***  ignoring at /tmp/loop_over_bdir-8742-IwwwMh/Gtk2-Ex-ErrorTextDialog-10-7DfLEg/blib/lib/Gtk2/Ex/ErrorTextDialog.pm line 152.^J') called at /tmp/loop_over_bdir-8742-IwwwMh/Gtk2-Ex-ErrorTextDialog-10-7DfLEg/blib/lib/Gtk2/Ex/ErrorTextDialog.pm line 152
# Gtk2::Ex::ErrorTextDialog::INIT_INSTANCE('Gtk2::Ex::ErrorTextDialog=HASH(0x2353820)') called at t/ErrorTextDialog.t line 73
# 
# 
# Trace begun at t/MyTestHelpers.pm line 51
# MyTestHelpers::nowarnings_handler('*** unhandled exception in callback:^J***   incorrect number of parameters for signal set-scroll-adjustments, expected 3, got 2 at /tmp/loop_over_bdir-8742-IwwwMh/Gtk2-Ex-ErrorTextDialog-10-7DfLEg/blib/lib/Gtk2/Ex/TextView/FollowAppend.pm line 61.^J***  ignoring at /tmp/loop_over_bdir-8742-IwwwMh/Gtk2-Ex-ErrorTextDialog-10-7DfLEg/blib/lib/Gtk2/Ex/ErrorTextDialog.pm line 152.^J') called at /tmp/loop_over_bdir-8742-IwwwMh/Gtk2-Ex-ErrorTextDialog-10-7DfLEg/blib/lib/Gtk2/Ex/ErrorTextDialog.pm line 152
# Gtk2::Ex::ErrorTextDialog::INIT_INSTANCE('Gtk2::Ex::ErrorTextDialog=HASH(0x2353820)') called at /tmp/loop_over_bdir-8742-IwwwMh/Gtk2-Ex-ErrorTextDialog-10-7DfLEg/blib/lib/Gtk2/Ex/ErrorTextDialog.pm line 83
# Gtk2::Ex::ErrorTextDialog::instance('Gtk2::Ex::ErrorTextDialog') called at t/ErrorTextDialog.t line 85
# 
# Exit code 1 for warnings
# Looks like your test exited with 1 just after 20.
t/ErrorTextDialog.t .. 
Dubious, test returned 1 (wstat 256, 0x100)
All 20 subtests passed 
# Perl-Gtk2    version 1.247
# Perl-Glib    version 1.300
# Compiled against Glib version 2.36.1.
# Running on       Glib version 2.36.1.
# Compiled against Gtk version 2.24.18.
# Running on       Gtk version 2.24.18.
Xlib:  extension "RANDR" missing on display ":121".
t/FollowAppend.t ..... ok
t/Handler.t .......... ok
# Perl-Gtk2    version 1.247
# Perl-Glib    version 1.300
# Compiled against Glib version 2.36.1.
# Running on       Glib version 2.36.1.
# Compiled against Gtk version 2.24.18.
# Running on       Gtk version 2.24.18.
Xlib:  extension "RANDR" missing on display ":121".
*** unhandled exception in callback:
***   incorrect number of parameters for signal set-scroll-adjustments, expected 3, got 2 at /tmp/loop_over_bdir-8742-IwwwMh/Gtk2-Ex-ErrorTextDialog-10-7DfLEg/blib/lib/Gtk2/Ex/TextView/FollowAppend.pm line 61.
***  ignoring at /tmp/loop_over_bdir-8742-IwwwMh/Gtk2-Ex-ErrorTextDialog-10-7DfLEg/blib/lib/Gtk2/Ex/ErrorTextDialog.pm line 152.
# temp file /tmp/3fxCY5qQ_Y
# main_iterations(): ran 60 events/iterations
# main_iterations(): ran 6 events/iterations
# Saw 1 warning(s):
# 
# Trace begun at t/MyTestHelpers.pm line 51
# MyTestHelpers::nowarnings_handler('*** unhandled exception in callback:^J***   incorrect number of parameters for signal set-scroll-adjustments, expected 3, got 2 at /tmp/loop_over_bdir-8742-IwwwMh/Gtk2-Ex-ErrorTextDialog-10-7DfLEg/blib/lib/Gtk2/Ex/TextView/FollowAppend.pm line 61.^J***  ignoring at /tmp/loop_over_bdir-8742-IwwwMh/Gtk2-Ex-ErrorTextDialog-10-7DfLEg/blib/lib/Gtk2/Ex/ErrorTextDialog.pm line 152.^J') called at /tmp/loop_over_bdir-8742-IwwwMh/Gtk2-Ex-ErrorTextDialog-10-7DfLEg/blib/lib/Gtk2/Ex/ErrorTextDialog.pm line 152
# Gtk2::Ex::ErrorTextDialog::INIT_INSTANCE('Gtk2::Ex::ErrorTextDialog=HASH(0x148f788)') called at t/SaveDialog.t line 66
# 
# Exit code 1 for warnings
# Looks like your test exited with 1 just after 10.
t/SaveDialog.t ....... 
Dubious, test returned 1 (wstat 256, 0x100)
All 10 subtests passed 
t/test-weaken.t ...... skipped: due to Test::Weaken 3 and/or Test::Weaken::Gtk2 not available -- Can't locate Test/Weaken.pm in @INC (you may need to install the Test::Weaken module) (@INC contains: t /tmp/loop_over_bdir-8742-IwwwMh/Gtk2-Ex-ErrorTextDialog-10-7DfLEg/blib/lib /tmp/loop_over_bdir-8742-IwwwMh/Gtk2-Ex-ErrorTextDialog-10-7DfLEg/blib/arch /home/src/perl/repoperls/installed-perls/perl/v5.19.0-27-g4572fa3/127e/lib/site_perl/5.19.1/x86_64-linux-ld /home/src/perl/repoperls/installed-perls/perl/v5.19.0-27-g4572fa3/127e/lib/site_perl/5.19.1 /home/src/perl/repoperls/installed-perls/perl/v5.19.0-27-g4572fa3/127e/lib/5.19.1/x86_64-linux-ld /home/src/perl/repoperls/installed-perls/perl/v5.19.0-27-g4572fa3/127e/lib/5.19.1 .) at (eval 16) line 1.

Test Summary Report
-------------------
t/ErrorTextDialog.t (Wstat: 256 Tests: 20 Failed: 0)
  Non-zero exit status: 1
t/SaveDialog.t     (Wstat: 256 Tests: 10 Failed: 0)
  Non-zero exit status: 1
Files=5, Tests=45,  0 wallclock secs ( 0.04 usr  0.02 sys +  0.50 cusr  0.08 csys =  0.64 CPU)
Result: FAIL
Failed 2/5 test programs. 0/45 subtests failed.
make: *** [test_dynamic] Error 255

------------------------------
PREREQUISITES
------------------------------

Prerequisite modules loaded:

requires:

    Module                   Need     Have    
    ------------------------ -------- --------
    Devel::GlobalDestruction 0        0.11    
    Glib                     0        1.300   
    Glib::Ex::ObjectBits     12       15      
    Glib::Ex::SignalIds      0        15      
    Glib::Object::Subclass   0        1.300   
    Gtk2                     0        1.247   
    Gtk2::Ex::Units          14       48      
    Locale::Messages         0        1.23    
    Locale::TextDomain       1.16     1.23    
    perl                     5.008001 5.019001

build_requires:

    Module                   Need     Have    
    ------------------------ -------- --------
    ExtUtils::MakeMaker      0        6.66    

configure_requires:

    Module                   Need     Have    
    ------------------------ -------- --------
    ExtUtils::MakeMaker      0        6.66    


------------------------------
ENVIRONMENT AND OTHER CONTEXT
------------------------------

Environment variables:

    AUTOMATED_TESTING = 1
    LANG = en_US.UTF-8
    LANGUAGE = en_US:en
    PATH = /usr/lib/ccache:/home/sand/bin:/usr/local/bin:/usr/bin:/bin:/usr/bin/X11:/usr/games:/usr/local/perl/bin:/usr/X11/bin:/sbin:/usr/sbin
    PERL5LIB = 
    PERL5OPT = 
    PERL5_CPANPLUS_IS_RUNNING = 19114
    PERL5_CPAN_IS_RUNNING = 19114
    PERL_MM_USE_DEFAULT = 1
    SHELL = /usr/bin/zsh
    TERM = screen

Perl special variables (and OS-specific diagnostics, for MSWin32):

    $^X = /tmp/basesmoker-reloperl-r5af/bin/perl
    $UID/$EUID = 1005 / 1005
    $GID = 1005 1005
    $EGID = 1005 1005

Perl module toolchain versions installed:

    Module              Have    
    ------------------- --------
    CPAN                2.00    
    CPAN::Meta          2.130880
    Cwd                 3.40    
    ExtUtils::CBuilder  0.280210
    ExtUtils::Command   1.17    
    ExtUtils::Install   1.59    
    ExtUtils::MakeMaker 6.66    
    ExtUtils::Manifest  1.63    
    ExtUtils::ParseXS   3.18    
    File::Spec          3.40    
    JSON                2.57    
    JSON::PP            2.27202 
    Module::Build       0.4005  
    Module::Signature   0.70    
    Parse::CPAN::Meta   1.4404  
    Test::Harness       3.28    
    Test::More          0.98    
    YAML                0.84    
    YAML::Syck          1.27    
    version             0.9902  


--

Summary of my perl5 (revision 5 version 19 subversion 1) configuration:
  Commit id: 4572fa3eeef0e6fc24d4f16823ed87d5a8e4778b
  Platform:
    osname=linux, osvers=3.8-2-amd64, archname=x86_64-linux-ld
    uname='linux k83 3.8-2-amd64 #1 smp debian 3.8.13-1 x86_64 gnulinux '
    config_args='-Dprefix=/home/src/perl/repoperls/installed-perls/perl/v5.19.0-27-g4572fa3/127e -Dmyhostname=k83 -Dinstallusrbinperl=n -Uversiononly -Dusedevel -des -Ui_db -Uuseithreads -Duselongdouble -DDEBUGGING=-g'
    hint=recommended, useposix=true, d_sigaction=define
    useithreads=undef, usemultiplicity=undef
    useperlio=define, d_sfio=undef, uselargefiles=define, usesocks=undef
    use64bitint=define, use64bitall=define, uselongdouble=define
    usemymalloc=n, bincompat5005=undef
  Compiler:
    cc='cc', ccflags ='-fno-strict-aliasing -pipe -fstack-protector -I/usr/local/include -D_LARGEFILE_SOURCE -D_FILE_OFFSET_BITS=64',
    optimize='-O2 -g',
    cppflags='-fno-strict-aliasing -pipe -fstack-protector -I/usr/local/include'
    ccversion='', gccversion='4.7.3', gccosandvers=''
    intsize=4, longsize=8, ptrsize=8, doublesize=8, byteorder=12345678
    d_longlong=define, longlongsize=8, d_longdbl=define, longdblsize=16
    ivtype='long', ivsize=8, nvtype='long double', nvsize=16, Off_t='off_t', lseeksize=8
    alignbytes=16, prototype=define
  Linker and Libraries:
    ld='cc', ldflags =' -fstack-protector -L/usr/local/lib'
    libpth=/usr/local/lib /lib/x86_64-linux-gnu /lib/../lib /usr/lib/x86_64-linux-gnu /usr/lib/../lib /lib /usr/lib
    libs=-lnsl -lgdbm -ldb -ldl -lm -lcrypt -lutil -lc -lgdbm_compat
    perllibs=-lnsl -ldl -lm -lcrypt -lutil -lc
    libc=, so=so, useshrplib=false, libperl=libperl.a
    gnulibc_version='2.17'
  Dynamic Linking:
    dlsrc=dl_dlopen.xs, dlext=so, d_dlsymun=undef, ccdlflags='-Wl,-E'
    cccdlflags='-fPIC', lddlflags='-shared -O2 -g -L/usr/local/lib -fstack-protector'


Characteristics of this binary (from libperl): 
  Compile-time options: HAS_TIMES PERLIO_LAYERS PERL_DONT_CREATE_GVSV
                        PERL_HASH_FUNC_ONE_AT_A_TIME_HARD PERL_MALLOC_WRAP
                        PERL_PRESERVE_IVUV PERL_SAWAMPERSAND PERL_USE_DEVEL
                        USE_64_BIT_ALL USE_64_BIT_INT USE_LARGE_FILES
                        USE_LOCALE USE_LOCALE_COLLATE USE_LOCALE_CTYPE
                        USE_LOCALE_NUMERIC USE_LONG_DOUBLE USE_PERLIO
                        USE_PERL_ATOF
  Built under linux
  Compiled at May 20 2013 17:47:36
  %ENV:
    PERL5LIB=""
    PERL5OPT=""
    PERL5_CPANPLUS_IS_RUNNING="19114"
    PERL5_CPAN_IS_RUNNING="19114"
    PERL_MM_USE_DEFAULT="1"
  @INC:
    /home/src/perl/repoperls/installed-perls/perl/v5.19.0-27-g4572fa3/127e/lib/site_perl/5.19.1/x86_64-linux-ld
    /home/src/perl/repoperls/installed-perls/perl/v5.19.0-27-g4572fa3/127e/lib/site_perl/5.19.1
    /home/src/perl/repoperls/installed-perls/perl/v5.19.0-27-g4572fa3/127e/lib/5.19.1/x86_64-linux-ld
    /home/src/perl/repoperls/installed-perls/perl/v5.19.0-27-g4572fa3/127e/lib/5.19.1
    .