HTML-GenToc v3.20 Perl 5 v5.8.9 x86_64-linux

Status
Fail
From
Slaven Rezić (SREZIC)
Dist
HTML-GenToc v3.20
Platform
Perl 5 v5.8.9 x86_64-linux
Date
2019-04-19 08:28:47
ID
26f6eb9a-627d-11e9-a8ab-79871f24ea8f
This distribution has been tested as part of the CPAN Testers
project, supporting the Perl programming language.  See
http://wiki.cpantesters.org/ for more information or email
questions to cpan-testers-discuss@perl.org


--
Dear Kathryn Andersen,

This is a computer-generated report for HTML-GenToc-3.20
on perl 5.8.9, created by CPAN-Reporter-1.2018.

Thank you for uploading your work to CPAN.  However, there was a problem
testing your distribution.

If you think this report is invalid, please consult the CPAN Testers Wiki
for suggestions on how to avoid getting FAIL reports for missing library
or binary dependencies, unsupported operating systems, and so on:

http://wiki.cpantesters.org/wiki/CPANAuthorNotes

Sections of this report:

    * Tester comments
    * Program output
    * Prerequisites
    * Environment and other context

------------------------------
TESTER COMMENTS
------------------------------

Additional comments from tester:

none provided

------------------------------
PROGRAM OUTPUT
------------------------------

Output from './Build test':

t/00-compile.t ............ ok
t/010_files.t ............. ok
t/020_strings.t ........... ok
t/030_anchors.t ........... ok
Unknown option: argfile
To process: tfiles/test1b.args tfiles/test1.wml

#   Failed test 'hypertoc: test1b_toc.html matches tfiles/good_test1a_toc.html exactly'
#   at t/070_script.t line 65.
# Looks like you failed 1 test of 8.
t/070_script.t ............ 
Dubious, test returned 1 (wstat 256, 0x100)
Failed 1/8 subtests 
t/release-distmeta.t ...... skipped: these tests are for release candidate testing
t/release-has-version.t ... skipped: these tests are for release candidate testing
t/release-kwalitee.t ...... skipped: these tests are for release candidate testing
t/release-pod-coverage.t .. skipped: these tests are for release candidate testing
t/release-pod-syntax.t .... skipped: these tests are for release candidate testing
t/release-portability.t ... skipped: these tests are for release candidate testing

Test Summary Report
-------------------
t/070_script.t          (Wstat: 256 Tests: 8 Failed: 1)
  Failed test:  8
  Non-zero exit status: 1
Files=11, Tests=53,  1 wallclock secs ( 0.02 usr  0.10 sys +  0.57 cusr  0.22 csys =  0.91 CPU)
Result: FAIL
Failed 1/11 test programs. 1/53 subtests failed.

------------------------------
PREREQUISITES
------------------------------

Prerequisite modules loaded:

requires:

    Module            Need   Have    
    ----------------- ------ --------
    Data::Dumper      0      2.121_17
    File::Basename    0      2.77    
    Getopt::Long      2.34   2.5     
    HTML::Entities    0      3.69    
    HTML::LinkList    0      0.1701  
    HTML::SimpleParse 0      0.12    
    Pod::Usage        0      1.69    

build_requires:

    Module            Need   Have    
    ----------------- ------ --------
    File::Find        0      1.13    
    File::Temp        0      0.2309  
    Module::Build     0.3601 0.4224  
    Test::More        0      1.302162

configure_requires:

    Module            Need   Have    
    ----------------- ------ --------
    Module::Build     0.3601 0.4224  


------------------------------
ENVIRONMENT AND OTHER CONTEXT
------------------------------

Environment variables:

    LANG = C
    LC_ALL = de_DE.UTF-8
    PATH = /usr/local/bin:/usr/bin:/bin:/usr/local/sbin:/usr/sbin:/sbin:/home/cpansand/bin/linux-gnu:/home/cpansand/bin/sh:/home/cpansand/bin:/usr/games:/home/cpansand/devel:/home/eserte/src/srezic-misc/scripts
    PERL5LIB = /home/cpansand/.cpan/build/2019041822/HTML-SimpleParse-0.12-0/blib/arch:/home/cpansand/.cpan/build/2019041822/HTML-SimpleParse-0.12-0/blib/lib:/home/cpansand/.cpan/build/2019041822/HTML-LinkList-0.1701-0/blib/arch:/home/cpansand/.cpan/build/2019041822/HTML-LinkList-0.1701-0/blib/lib
    PERL5OPT = 
    PERL5_CPANPLUS_IS_RUNNING = 21719
    PERL5_CPAN_IS_RUNNING = 21719
    PERL5_CPAN_IS_RUNNING_IN_RECURSION = 21707,21719
    PERLDOC = -MPod::Perldoc::ToTextOverstrike
    PERL_BATCH = yes
    PERL_CANARY_STABILITY_NOPROMPT = 1
    PERL_CPAN_REPORTER_CONFIG = /var/tmp/cpansmoker-1023/2019041822/cpanreporter_000_config.ini
    PERL_EXTUTILS_AUTOINSTALL = --defaultdeps
    PERL_USE_UNSAFE_INC = 1
    SHELL = /usr/bin/zsh
    TERM = screen
    TMPDIR = /var/tmp/cpansmoker-1023/2019041822

Perl special variables (and OS-specific diagnostics, for MSWin32):

    $^X = /opt/perl-5.8.9/bin/perl
    $UID/$EUID = 1023 / 1023
    $GID = 1023 1023
    $EGID = 1023 1023

Perl module toolchain versions installed:

    Module              Have    
    ------------------- --------
    CPAN                2.26    
    CPAN::Meta          2.150010
    Cwd                 3.75    
    ExtUtils::CBuilder  0.280231
    ExtUtils::Command   7.34    
    ExtUtils::Install   2.06    
    ExtUtils::MakeMaker 7.34    
    ExtUtils::Manifest  1.70    
    ExtUtils::ParseXS   3.35    
    File::Spec          3.75    
    JSON                4.01    
    JSON::PP            4.01    
    Module::Build       0.4224  
    Module::Signature   0.83    
    Parse::CPAN::Meta   2.150010
    Test::Harness       3.42    
    Test::More          1.302162
    YAML                1.27    
    YAML::Syck          1.31    
    version             0.9924  


--

Summary of my perl5 (revision 5 version 8 subversion 9) configuration:
  Platform:
    osname=linux, osvers=4.9.0-8-amd64, archname=x86_64-linux
    uname='linux eserte 4.9.0-8-amd64 #1 smp debian 4.9.130-2 (2018-10-27) x86_64 gnulinux '
    config_args='-ds -e -Dprefix=/opt/perl-5.8.9 -Dcf_email=srezic@cpan.org'
    hint=recommended, useposix=true, d_sigaction=define
    usethreads=undef use5005threads=undef useithreads=undef usemultiplicity=undef
    useperlio=define d_sfio=undef uselargefiles=define usesocks=undef
    use64bitint=define use64bitall=define uselongdouble=undef
    usemymalloc=n, bincompat5005=undef
  Compiler:
    cc='cc', ccflags ='-fno-strict-aliasing -pipe -I/usr/local/include -D_LARGEFILE_SOURCE -D_FILE_OFFSET_BITS=64',
    optimize='-O2',
    cppflags='-fno-strict-aliasing -pipe -I/usr/local/include'
    ccversion='', gccversion='6.3.0 20170516', gccosandvers=''
    intsize=4, longsize=8, ptrsize=8, doublesize=8, byteorder=12345678
    d_longlong=define, longlongsize=8, d_longdbl=define, longdblsize=16
    ivtype='long', ivsize=8, nvtype='double', nvsize=8, Off_t='off_t', lseeksize=8
    alignbytes=8, prototype=define
  Linker and Libraries:
    ld='cc', ldflags =' -L/usr/local/lib'
    libpth=/usr/local/lib /lib/x86_64-linux-gnu /lib/../lib /usr/lib/x86_64-linux-gnu /usr/lib/../lib /lib /usr/lib
    libs=-lnsl -ldb -ldl -lm -lcrypt -lutil -lc
    perllibs=-lnsl -ldl -lm -lcrypt -lutil -lc
    libc=libc-2.24.so, so=so, useshrplib=false, libperl=libperl.a
    gnulibc_version='2.24'
  Dynamic Linking:
    dlsrc=dl_dlopen.xs, dlext=so, d_dlsymun=undef, ccdlflags='-Wl,-E'
    cccdlflags='-fPIC', lddlflags='-shared -O2 -L/usr/local/lib'


Characteristics of this binary (from libperl): 
  Compile-time options: PERL_MALLOC_WRAP USE_64_BIT_ALL USE_64_BIT_INT
                        USE_FAST_STDIO USE_LARGE_FILES USE_PERLIO
  Locally applied patches:
	Devel::PatchPerl 1.46
  Built under linux
  Compiled at Jan  6 2019 06:53:49
  %ENV:
    PERL5LIB="/home/cpansand/.cpan/build/2019041822/HTML-SimpleParse-0.12-0/blib/arch:/home/cpansand/.cpan/build/2019041822/HTML-SimpleParse-0.12-0/blib/lib:/home/cpansand/.cpan/build/2019041822/HTML-LinkList-0.1701-0/blib/arch:/home/cpansand/.cpan/build/2019041822/HTML-LinkList-0.1701-0/blib/lib"
    PERL5OPT=""
    PERL5_CPANPLUS_IS_RUNNING="21719"
    PERL5_CPAN_IS_RUNNING="21719"
    PERL5_CPAN_IS_RUNNING_IN_RECURSION="21707,21719"
    PERLDOC="-MPod::Perldoc::ToTextOverstrike"
    PERL_BATCH="yes"
    PERL_CANARY_STABILITY_NOPROMPT="1"
    PERL_CPAN_REPORTER_CONFIG="/var/tmp/cpansmoker-1023/2019041822/cpanreporter_000_config.ini"
    PERL_EXTUTILS_AUTOINSTALL="--defaultdeps"
    PERL_USE_UNSAFE_INC="1"
  @INC:
    /home/cpansand/.cpan/build/2019041822/HTML-SimpleParse-0.12-0/blib/arch
    /home/cpansand/.cpan/build/2019041822/HTML-SimpleParse-0.12-0/blib/lib
    /home/cpansand/.cpan/build/2019041822/HTML-LinkList-0.1701-0/blib/arch
    /home/cpansand/.cpan/build/2019041822/HTML-LinkList-0.1701-0/blib/lib
    /opt/perl-5.8.9/lib/5.8.9/x86_64-linux
    /opt/perl-5.8.9/lib/5.8.9
    /opt/perl-5.8.9/lib/site_perl/5.8.9/x86_64-linux
    /opt/perl-5.8.9/lib/site_perl/5.8.9
    .