Report for Class-DBI-AsForm-2.42

Back
From: metabase:user:314402c4-2aae-11df-837a-5e0a49663a4f
Subject: FAIL Class-DBI-AsForm-2.42 v5.14.0 RC1 FreeBSD
Date: 2011-05-04T05:48:36Z

This distribution has been tested as part of the CPAN Testers
project, supporting the Perl programming language.  See
http://wiki.cpantesters.org/ for more information or email
questions to cpan-testers-discuss@perl.org


--
Dear Tony Bowden,

This is a computer-generated report for Class-DBI-AsForm-2.42
on perl 5.14.0, created by CPAN-Reporter-1.1902.

Thank you for uploading your work to CPAN.  However, there was a problem
testing your distribution.

If you think this report is invalid, please consult the CPAN Testers Wiki
for suggestions on how to avoid getting FAIL reports for missing library
or binary dependencies, unsupported operating systems, and so on:

http://wiki.cpantesters.org/wiki/CPANAuthorNotes

Sections of this report:

    * Tester comments
    * Program output
    * Prerequisites
    * Environment and other context

------------------------------
TESTER COMMENTS
------------------------------

Additional comments from tester:

none provided

------------------------------
PROGRAM OUTPUT
------------------------------

Output from '/usr/bin/make test':

PERL_DL_NONLAZY=1 /usr/home/cpansand/var/ctps/5140RC1_1/install/perl-v5.14.0-RC1-8-g2cf7ccf/bin/perl5.14.0 "-MExtUtils::Command::MM" "-e" "test_harness(0, 'blib/lib', 'blib/arch')" t/*.t

#   Failed test 'Select OK'
#   at t/01.t line 43.
#          got: '<select name="bar"><option value="1">Hi</option></select>'
#     expected: '<select name="bar"><option value=1>Hi</option></select>
# '

#   Failed test 'All correct as an object method'
#   at t/01.t line 54.
#     Structures begin differing at:
#          $got->{bar} = '<select name="bar"><option selected value="1">Hi</option></select>'
#     $expected->{bar} = '<select name="bar"><option selected value=1>Hi</option></select>
#     '
# Looks like you failed 2 tests of 4.
t/01.t ............ 
Dubious, test returned 2 (wstat 512, 0x200)
Failed 2/4 subtests 
t/pod-coverage.t .. ok
t/pod.t ........... ok

Test Summary Report
-------------------
t/01.t          (Wstat: 512 Tests: 4 Failed: 2)
  Failed tests:  3-4
  Non-zero exit status: 2
Files=3, Tests=6,  2 wallclock secs ( 0.03 usr  0.02 sys +  0.23 cusr  0.07 csys =  0.35 CPU)
Result: FAIL
Failed 1/3 test programs. 2/6 subtests failed.
*** Error code 255

Stop in /var/tmp/CPAN-build/Class-DBI-AsForm-2.42-pM067W.

------------------------------
PREREQUISITES
------------------------------

Prerequisite modules loaded:

requires:

    Module                   Need Have   
    ------------------------ ---- -------
    Class::DBI               0.94 3.0.17 
    Class::DBI::Plugin::Type 0    0.02   
    DBI                      1.21 1.616  
    HTML::Element            0    4.2    

build_requires:

    Module                   Need Have   
    ------------------------ ---- -------
    ExtUtils::MakeMaker      0    6.57_05


------------------------------
ENVIRONMENT AND OTHER CONTEXT
------------------------------

Environment variables:

    DBIC_NO_WARN_BAD_PERL = 1
    PATH = /usr/local/bin:/usr/X11R6/bin:/usr/X11/bin:/usr/perl5.8.0/bin:/usr/bin:/bin:/usr/local/sbin:/usr/sbin:/sbin:/usr/local/pilot/bin:/home/cpansand/bin/freebsd8.0:/home/cpansand/bin/sh:/home/cpansand/bin:/usr/X386/bin:/usr/games:/home/cpansand/devel:/usr/home/e/eserte/src/perl/CPAN-Testers-ParallelSmoker/utils
    PERL5LIB = /usr/local/src/CPAN/build/Business-Shipping-DataFiles-1.02-lrcdm5/blib/arch:/usr/local/src/CPAN/build/Business-Shipping-DataFiles-1.02-lrcdm5/blib/lib
    PERL5OPT = 
    PERL5_CPANPLUS_IS_RUNNING = 85351
    PERL5_CPAN_IS_RUNNING = 85351
    PERL5_CPAN_IS_RUNNING_IN_RECURSION = 3464,85351
    PERL_BATCH = yes
    PERL_CPAN_REPORTER_DIR = /home/cpansand/var/ctps/5140RC1_1/config/perl-v5.14.0-RC1-8-g2cf7ccf/cpanreporter
    PERL_EXTUTILS_AUTOINSTALL = --defaultdeps
    PERL_HTML_DISPLAY_CLASS = HTML::Display::Mozilla
    PERL_PARALLEL_SMOKER = yes
    SHELL = /usr/local/bin/zsh
    TERM = xterm
    TMPDIR = /tmp/cpansmoker-1023

Perl special variables (and OS-specific diagnostics, for MSWin32):

    $^X = /usr/home/cpansand/var/ctps/5140RC1_1/install/perl-v5.14.0-RC1-8-g2cf7ccf/bin/perl5.14.0
    $UID/$EUID = 1023 / 1023
    $GID = 1023 1023
    $EGID = 1023 1023

Perl module toolchain versions installed:

    Module              Have    
    ------------------- --------
    CPAN                1.9600  
    Cwd                 3.36    
    ExtUtils::CBuilder  0.280203
    ExtUtils::Command   1.17    
    ExtUtils::Install   1.56    
    ExtUtils::MakeMaker 6.57_05 
    ExtUtils::Manifest  1.58    
    ExtUtils::ParseXS   2.2210  
    File::Spec          3.33    
    Module::Build       0.3800  
    Module::Signature   0.67    
    Test::Harness       3.23    
    Test::More          0.98    
    YAML                0.73    
    YAML::Syck          1.17    
    version             0.88    


--

Summary of my perl5 (revision 5 version 14 subversion 0) configuration:
  Commit id: 2cf7ccf4931854c14e60926e895b739f6089d299
  Platform:
    osname=freebsd, osvers=8.0-release, archname=i386-freebsd
    uname='freebsd biokovo.herceg.de 8.0-release freebsd 8.0-release #0: sat nov 21 15:48:17 utc 2009 root@almeida.cse.buffalo.edu:usrobjusrsrcsysgeneric i386 '
    config_args='-ds -e -Uversiononly -Dinstallusrbinperl=n -Dusedevel -Dprefix=/home/cpansand/var/ctps/5140RC1_1/install/perl-v5.14.0-RC1-8-g2cf7ccf'
    hint=recommended, useposix=true, d_sigaction=define
    useithreads=undef, usemultiplicity=undef
    useperlio=define, d_sfio=undef, uselargefiles=define, usesocks=undef
    use64bitint=undef, use64bitall=undef, uselongdouble=undef
    usemymalloc=n, bincompat5005=undef
  Compiler:
    cc='cc', ccflags ='-DHAS_FPSETMASK -DHAS_FLOATINGPOINT_H -fno-strict-aliasing -pipe -fstack-protector -I/usr/local/include',
    optimize='-O',
    cppflags='-DHAS_FPSETMASK -DHAS_FLOATINGPOINT_H -fno-strict-aliasing -pipe -fstack-protector -I/usr/local/include'
    ccversion='', gccversion='4.2.1 20070719  [FreeBSD]', gccosandvers=''
    intsize=4, longsize=4, ptrsize=4, doublesize=8, byteorder=1234
    d_longlong=define, longlongsize=8, d_longdbl=define, longdblsize=12
    ivtype='long', ivsize=4, nvtype='double', nvsize=8, Off_t='off_t', lseeksize=8
    alignbytes=4, prototype=define
  Linker and Libraries:
    ld='cc', ldflags ='-Wl,-E  -fstack-protector -L/usr/local/lib'
    libpth=/usr/lib /usr/local/lib
    libs=-lgdbm -lm -lcrypt -lutil -lc
    perllibs=-lm -lcrypt -lutil -lc
    libc=, so=so, useshrplib=false, libperl=libperl.a
    gnulibc_version=''
  Dynamic Linking:
    dlsrc=dl_dlopen.xs, dlext=so, d_dlsymun=undef, ccdlflags=' '
    cccdlflags='-DPIC -fPIC', lddlflags='-shared  -L/usr/local/lib -fstack-protector'


Characteristics of this binary (from libperl): 
  Compile-time options: PERL_DONT_CREATE_GVSV PERL_MALLOC_WRAP
                        PERL_PRESERVE_IVUV PERL_USE_DEVEL USE_LARGE_FILES
                        USE_PERLIO USE_PERL_ATOF
  Locally applied patches:
	RC1
  Built under freebsd
  Compiled at Apr 29 2011 21:20:50
  %ENV:
    PERL5LIB="/usr/local/src/CPAN/build/Business-Shipping-DataFiles-1.02-lrcdm5/blib/arch:/usr/local/src/CPAN/build/Business-Shipping-DataFiles-1.02-lrcdm5/blib/lib"
    PERL5OPT=""
    PERL5_CPANPLUS_IS_RUNNING="85351"
    PERL5_CPAN_IS_RUNNING="85351"
    PERL5_CPAN_IS_RUNNING_IN_RECURSION="3464,85351"
    PERL_BATCH="yes"
    PERL_CPAN_REPORTER_DIR="/home/cpansand/var/ctps/5140RC1_1/config/perl-v5.14.0-RC1-8-g2cf7ccf/cpanreporter"
    PERL_EXTUTILS_AUTOINSTALL="--defaultdeps"
    PERL_HTML_DISPLAY_CLASS="HTML::Display::Mozilla"
    PERL_PARALLEL_SMOKER="yes"
  @INC:
    /usr/local/src/CPAN/build/Business-Shipping-DataFiles-1.02-lrcdm5/blib/arch
    /usr/local/src/CPAN/build/Business-Shipping-DataFiles-1.02-lrcdm5/blib/lib
    /home/cpansand/var/ctps/5140RC1_1/install/perl-v5.14.0-RC1-8-g2cf7ccf/lib/site_perl/5.14.0/i386-freebsd
    /home/cpansand/var/ctps/5140RC1_1/install/perl-v5.14.0-RC1-8-g2cf7ccf/lib/site_perl/5.14.0
    /home/cpansand/var/ctps/5140RC1_1/install/perl-v5.14.0-RC1-8-g2cf7ccf/lib/5.14.0/i386-freebsd
    /home/cpansand/var/ctps/5140RC1_1/install/perl-v5.14.0-RC1-8-g2cf7ccf/lib/5.14.0
    .