Report for Catalyst-Authentication-Credential-Twitter-0.02002

Back
From: metabase:user:320bfe00-2aae-11df-837a-5e0a49663a4f
Subject: FAIL Catalyst-Authentication-Credential-Twitter-0.02002 v5.14.2 GNU/Linux
Date: 2011-11-12T04:52:42Z

This distribution has been tested as part of the CPAN Testers
project, supporting the Perl programming language.  See
http://wiki.cpantesters.org/ for more information or email
questions to cpan-testers-discuss@perl.org


--
Dear Yanick Champoux,

This is a computer-generated report for Catalyst-Authentication-Credential-Twitter-0.02002
on perl 5.14.2, created by CPAN-Reporter-1.1902.

Thank you for uploading your work to CPAN.  However, there was a problem
testing your distribution.

If you think this report is invalid, please consult the CPAN Testers Wiki
for suggestions on how to avoid getting FAIL reports for missing library
or binary dependencies, unsupported operating systems, and so on:

http://wiki.cpantesters.org/wiki/CPANAuthorNotes

Sections of this report:

    * Tester comments
    * Program output
    * Prerequisites
    * Environment and other context

------------------------------
TESTER COMMENTS
------------------------------

Additional comments from tester:

this report is from an automated smoke testing program
and was not reviewed by a human for accuracy

------------------------------
PROGRAM OUTPUT
------------------------------

Output from './Build test':

# Testing with Perl 5.014002, /home/sand/src/perl/repoperls/installed-perls/perl/v5.14.2/165a/bin/perl
#     Carp version is 1.20
#     Catalyst version is 5.90006
#     Catalyst::Controller version is undefined
#     Catalyst::Exception version is undefined
#     Class::Accessor::Fast version is 0.34
#     Data::Dumper version is 2.131
#     Module::Build version is 0.38
#     Net::Twitter version is 3.18001
#     Scalar::Util version is 1.23
#     Test::More version is 0.98
#     base version is 2.15
#     parent version is 0.225
#     strict version is 1.04
#     warnings version is 1.12
t/000-report-versions.t .. ok
t/02pod.t ................ ok
Couldn't load class (TestApp) because: Can't locate Catalyst/Plugin/Session/PerUser.pm in @INC (@INC contains: t/lib /tmp/loop_over_bdir-WnmjPQ/Catalyst-Authentication-Credential-Twitter-0.02002-nerHjd/blib/lib /tmp/loop_over_bdir-WnmjPQ/Catalyst-Authentication-Credential-Twitter-0.02002-nerHjd/blib/arch /home/src/perl/repoperls/installed-perls/perl/v5.14.2/165a/lib/site_perl/5.14.2/x86_64-linux /home/src/perl/repoperls/installed-perls/perl/v5.14.2/165a/lib/site_perl/5.14.2 /home/src/perl/repoperls/installed-perls/perl/v5.14.2/165a/lib/5.14.2/x86_64-linux /home/src/perl/repoperls/installed-perls/perl/v5.14.2/165a/lib/5.14.2 .). at /home/src/perl/repoperls/installed-perls/perl/v5.14.2/165a/lib/site_perl/5.14.2/x86_64-linux/Class/MOP.pm line 135
	Class::MOP::load_first_existing_class('Catalyst::Plugin::Session::PerUser') called at /home/src/perl/repoperls/installed-perls/perl/v5.14.2/165a/lib/site_perl/5.14.2/x86_64-linux/Class/MOP.pm line 140
	Class::MOP::load_class('Catalyst::Plugin::Session::PerUser', undef) called at /home/src/perl/repoperls/installed-perls/perl/v5.14.2/165a/lib/site_perl/5.14.2/Catalyst.pm line 2915
	Catalyst::setup_plugins('TestApp', 'ARRAY(0x2e53f18)') called at /home/src/perl/repoperls/installed-perls/perl/v5.14.2/165a/lib/site_perl/5.14.2/Catalyst.pm line 1071
	Catalyst::setup('TestApp') called at t/lib/TestApp.pm line 33
	require TestApp.pm called at /home/src/perl/repoperls/installed-perls/perl/v5.14.2/165a/lib/site_perl/5.14.2/x86_64-linux/Class/MOP.pm line 117
	Class::MOP::__ANON__() called at /home/src/perl/repoperls/installed-perls/perl/v5.14.2/165a/lib/site_perl/5.14.2/Try/Tiny.pm line 71
	eval {...} called at /home/src/perl/repoperls/installed-perls/perl/v5.14.2/165a/lib/site_perl/5.14.2/Try/Tiny.pm line 67
	Try::Tiny::try('CODE(0x27bc040)', 'Try::Tiny::Catch=REF(0x26da4e8)') called at /home/src/perl/repoperls/installed-perls/perl/v5.14.2/165a/lib/site_perl/5.14.2/x86_64-linux/Class/MOP.pm line 128
	Class::MOP::load_first_existing_class('TestApp') called at /home/src/perl/repoperls/installed-perls/perl/v5.14.2/165a/lib/site_perl/5.14.2/x86_64-linux/Class/MOP.pm line 140
	Class::MOP::load_class('TestApp') called at /home/src/perl/repoperls/installed-perls/perl/v5.14.2/165a/lib/site_perl/5.14.2/Test/WWW/Mechanize/Catalyst.pm line 69
	Test::WWW::Mechanize::Catalyst::BUILD('Test::WWW::Mechanize::Catalyst=HASH(0x272b4a0)', 'HASH(0x27b3710)') called at /home/src/perl/repoperls/installed-perls/perl/v5.14.2/165a/lib/site_perl/5.14.2/x86_64-linux/Class/MOP/Method.pm line 125
	Class::MOP::Method::execute('Moose::Meta::Method=HASH(0x27c6b58)', 'Test::WWW::Mechanize::Catalyst=HASH(0x272b4a0)', 'HASH(0x27b3710)') called at /home/src/perl/repoperls/installed-perls/perl/v5.14.2/165a/lib/site_perl/5.14.2/x86_64-linux/Moose/Object.pm line 59
	Moose::Object::BUILDALL('Test::WWW::Mechanize::Catalyst=HASH(0x272b4a0)', 'HASH(0x27b3710)') called at /home/src/perl/repoperls/installed-perls/perl/v5.14.2/165a/lib/site_perl/5.14.2/x86_64-linux/Moose/Meta/Class.pm line 278
	Moose::Meta::Class::new_object('Moose::Meta::Class=HASH(0xf368c0)', '__INSTANCE__', 'Test::WWW::Mechanize::Catalyst=HASH(0x272b4a0)', 'catalyst_app', 'TestApp') called at /home/src/perl/repoperls/installed-perls/perl/v5.14.2/165a/lib/site_perl/5.14.2/Test/WWW/Mechanize/Catalyst.pm line 51
	Test::WWW::Mechanize::Catalyst::new('Test::WWW::Mechanize::Catalyst', 'catalyst_app', 'TestApp') called at t/basic_app.t line 41
Compilation failed in require at /home/src/perl/repoperls/installed-perls/perl/v5.14.2/165a/lib/site_perl/5.14.2/x86_64-linux/Class/MOP.pm line 117.
 at /home/src/perl/repoperls/installed-perls/perl/v5.14.2/165a/lib/site_perl/5.14.2/x86_64-linux/Class/MOP.pm line 123
	Class::MOP::__ANON__('Can\'t locate Catalyst/Plugin/Session/PerUser.pm in @INC (@IN...') called at /home/src/perl/repoperls/installed-perls/perl/v5.14.2/165a/lib/site_perl/5.14.2/Try/Tiny.pm line 100
	Try::Tiny::try('CODE(0x27bc040)', 'Try::Tiny::Catch=REF(0x26da4e8)') called at /home/src/perl/repoperls/installed-perls/perl/v5.14.2/165a/lib/site_perl/5.14.2/x86_64-linux/Class/MOP.pm line 128
	Class::MOP::load_first_existing_class('TestApp') called at /home/src/perl/repoperls/installed-perls/perl/v5.14.2/165a/lib/site_perl/5.14.2/x86_64-linux/Class/MOP.pm line 140
	Class::MOP::load_class('TestApp') called at /home/src/perl/repoperls/installed-perls/perl/v5.14.2/165a/lib/site_perl/5.14.2/Test/WWW/Mechanize/Catalyst.pm line 69
	Test::WWW::Mechanize::Catalyst::BUILD('Test::WWW::Mechanize::Catalyst=HASH(0x272b4a0)', 'HASH(0x27b3710)') called at /home/src/perl/repoperls/installed-perls/perl/v5.14.2/165a/lib/site_perl/5.14.2/x86_64-linux/Class/MOP/Method.pm line 125
	Class::MOP::Method::execute('Moose::Meta::Method=HASH(0x27c6b58)', 'Test::WWW::Mechanize::Catalyst=HASH(0x272b4a0)', 'HASH(0x27b3710)') called at /home/src/perl/repoperls/installed-perls/perl/v5.14.2/165a/lib/site_perl/5.14.2/x86_64-linux/Moose/Object.pm line 59
	Moose::Object::BUILDALL('Test::WWW::Mechanize::Catalyst=HASH(0x272b4a0)', 'HASH(0x27b3710)') called at /home/src/perl/repoperls/installed-perls/perl/v5.14.2/165a/lib/site_perl/5.14.2/x86_64-linux/Moose/Meta/Class.pm line 278
	Moose::Meta::Class::new_object('Moose::Meta::Class=HASH(0xf368c0)', '__INSTANCE__', 'Test::WWW::Mechanize::Catalyst=HASH(0x272b4a0)', 'catalyst_app', 'TestApp') called at /home/src/perl/repoperls/installed-perls/perl/v5.14.2/165a/lib/site_perl/5.14.2/Test/WWW/Mechanize/Catalyst.pm line 51
	Test::WWW::Mechanize::Catalyst::new('Test::WWW::Mechanize::Catalyst', 'catalyst_app', 'TestApp') called at t/basic_app.t line 41
t/basic_app.t ............ 
Dubious, test returned 2 (wstat 512, 0x200)
No subtests run 
t/no_per_user.t .......... ok

Test Summary Report
-------------------
t/basic_app.t          (Wstat: 512 Tests: 0 Failed: 0)
  Non-zero exit status: 2
  Parse errors: No plan found in TAP output
Files=4, Tests=16,  3 wallclock secs ( 0.04 usr  0.00 sys +  1.76 cusr  0.23 csys =  2.03 CPU)
Result: FAIL
Failed 1/4 test programs. 0/16 subtests failed.

------------------------------
PREREQUISITES
------------------------------

Prerequisite modules loaded:

requires:

    Module                Need   Have    
    --------------------- ------ --------
    base                  0      2.15    
    Catalyst::Exception   0      0       
    Class::Accessor::Fast 0      0.34    
    Data::Dumper          0      2.131   
    Net::Twitter          0      3.18001 
    strict                0      1.04    
    warnings              0      1.12    

build_requires:

    Module                Need   Have    
    --------------------- ------ --------
    Carp                  0      1.20    
    Catalyst              0      5.90006 
    Catalyst::Controller  0      0       
    Module::Build         0.3601 0.3800  
    parent                0      0.225   
    perl                  5.004  5.014002
    Scalar::Util          0      1.23    
    Test::More            0.94   0.98    

configure_requires:

    Module                Need   Have    
    --------------------- ------ --------
    Module::Build         0.3601 0.3800  


------------------------------
ENVIRONMENT AND OTHER CONTEXT
------------------------------

Environment variables:

    AUTOMATED_TESTING = 1
    LANG = en_US.UTF-8
    LANGUAGE = en_US:en
    PATH = /home/sand/bin:/usr/local/bin:/usr/bin:/bin:/usr/bin/X11:/usr/games:/usr/local/perl/bin:/usr/X11/bin:/sbin:/usr/sbin
    PERL5LIB = 
    PERL5OPT = 
    PERL5_CPANPLUS_IS_RUNNING = 10073
    PERL5_CPAN_IS_RUNNING = 10073
    PERL_MM_USE_DEFAULT = 1
    SHELL = /usr/bin/zsh
    TERM = screen

Perl special variables (and OS-specific diagnostics, for MSWin32):

    $^X = /home/sand/src/perl/repoperls/installed-perls/perl/v5.14.2/165a/bin/perl
    $UID/$EUID = 1005 / 1005
    $GID = 1005 1005
    $EGID = 1005 1005

Perl module toolchain versions installed:

    Module              Have    
    ------------------- --------
    CPAN                1.9800  
    Cwd                 3.36    
    ExtUtils::CBuilder  0.280203
    ExtUtils::Command   1.17    
    ExtUtils::Install   1.56    
    ExtUtils::MakeMaker 6.63_02 
    ExtUtils::Manifest  1.58    
    ExtUtils::ParseXS   3.05    
    File::Spec          3.33    
    Module::Build       0.3800  
    Module::Signature   0.68    
    Test::Harness       3.23    
    Test::More          0.98    
    YAML                0.77    
    YAML::Syck          1.19    
    version             0.88    


--

Summary of my perl5 (revision 5 version 14 subversion 2) configuration:
  Commit id: dc281e6088d189558b79a5121119b7196c8b3db0
  Platform:
    osname=linux, osvers=2.6.32-5-amd64, archname=x86_64-linux
    uname='linux k83 2.6.32-5-amd64 #1 smp mon oct 3 03:59:20 utc 2011 x86_64 gnulinux '
    config_args='-Dprefix=/home/src/perl/repoperls/installed-perls/perl/v5.14.2/165a -Dmyhostname=k83 -Dinstallusrbinperl=n -Uversiononly -Dusedevel -des -Ui_db -Uuseithreads -Uuselongdouble -DDEBUGGING=-g'
    hint=recommended, useposix=true, d_sigaction=define
    useithreads=undef, usemultiplicity=undef
    useperlio=define, d_sfio=undef, uselargefiles=define, usesocks=undef
    use64bitint=define, use64bitall=define, uselongdouble=undef
    usemymalloc=n, bincompat5005=undef
  Compiler:
    cc='cc', ccflags ='-fno-strict-aliasing -pipe -fstack-protector -I/usr/local/include -D_LARGEFILE_SOURCE -D_FILE_OFFSET_BITS=64',
    optimize='-O2 -g',
    cppflags='-fno-strict-aliasing -pipe -fstack-protector -I/usr/local/include'
    ccversion='', gccversion='4.4.5', gccosandvers=''
    intsize=4, longsize=8, ptrsize=8, doublesize=8, byteorder=12345678
    d_longlong=define, longlongsize=8, d_longdbl=define, longdblsize=16
    ivtype='long', ivsize=8, nvtype='double', nvsize=8, Off_t='off_t', lseeksize=8
    alignbytes=8, prototype=define
  Linker and Libraries:
    ld='cc', ldflags =' -fstack-protector -L/usr/local/lib'
    libpth=/usr/local/lib /lib/../lib /usr/lib/../lib /lib /usr/lib /lib64 /usr/lib64
    libs=-lnsl -ldb -ldl -lm -lcrypt -lutil -lc
    perllibs=-lnsl -ldl -lm -lcrypt -lutil -lc
    libc=/lib/libc-2.11.2.so, so=so, useshrplib=false, libperl=libperl.a
    gnulibc_version='2.11.2'
  Dynamic Linking:
    dlsrc=dl_dlopen.xs, dlext=so, d_dlsymun=undef, ccdlflags='-Wl,-E'
    cccdlflags='-fPIC', lddlflags='-shared -O2 -g -L/usr/local/lib -fstack-protector'


Characteristics of this binary (from libperl): 
  Compile-time options: PERL_DONT_CREATE_GVSV PERL_MALLOC_WRAP
                        PERL_PRESERVE_IVUV PERL_USE_DEVEL USE_64_BIT_ALL
                        USE_64_BIT_INT USE_LARGE_FILES USE_PERLIO
                        USE_PERL_ATOF
  Built under linux
  Compiled at Oct 23 2011 13:30:05
  %ENV:
    PERL5LIB=""
    PERL5OPT=""
    PERL5_CPANPLUS_IS_RUNNING="10073"
    PERL5_CPAN_IS_RUNNING="10073"
    PERL_MM_USE_DEFAULT="1"
  @INC:
    /home/src/perl/repoperls/installed-perls/perl/v5.14.2/165a/lib/site_perl/5.14.2/x86_64-linux
    /home/src/perl/repoperls/installed-perls/perl/v5.14.2/165a/lib/site_perl/5.14.2
    /home/src/perl/repoperls/installed-perls/perl/v5.14.2/165a/lib/5.14.2/x86_64-linux
    /home/src/perl/repoperls/installed-perls/perl/v5.14.2/165a/lib/5.14.2
    .