Back
From: metabase:user:314402c4-2aae-11df-837a-5e0a49663a4f
Subject: FAIL LMDB_File-0.07 v5.20.1 GNU/Linux
Date: 2015-01-22T19:45:01Z
This distribution has been tested as part of the CPAN Testers
project, supporting the Perl programming language. See
http://wiki.cpantesters.org/ for more information or email
questions to cpan-testers-discuss@perl.org
--
Dear Salvador Ortiz,
This is a computer-generated report for LMDB_File-0.07
on perl 5.20.1, created by CPAN-Reporter-1.2011.
Thank you for uploading your work to CPAN. However, there was a problem
testing your distribution.
If you think this report is invalid, please consult the CPAN Testers Wiki
for suggestions on how to avoid getting FAIL reports for missing library
or binary dependencies, unsupported operating systems, and so on:
http://wiki.cpantesters.org/wiki/CPANAuthorNotes
Sections of this report:
* Tester comments
* Program output
* Prerequisites
* Environment and other context
------------------------------
TESTER COMMENTS
------------------------------
Additional comments from tester:
none provided
------------------------------
PROGRAM OUTPUT
------------------------------
Output from '/usr/bin/make test':
Running Mkbootstrap for LMDB_File ()
chmod 644 "LMDB_File.bs"
PERL_DL_NONLAZY=1 "/opt/perl-5.20.1/bin/perl" "-MExtUtils::Command::MM" "-MTest::Harness" "-e" "undef *Test::Harness::Switches; test_harness(0, 'blib/lib', 'blib/arch')" t/*.t
t/00-basic.t ........ ok
# Failed test 'Directory must exists'
# at t/01-environment.t line 18.
# expecting: Regexp ((?^:No such|cannot find))
# found: Datei oder Verzeichnis nicht gefunden at /home/cpansand/.cpan/build/LMDB_File-0.07-piULT2/blib/lib/LMDB_File.pm line 95.
# Failed test 'RO must exists'
# at t/01-environment.t line 26.
# expecting: Regexp ((?^:No such|cannot find))
# found: Datei oder Verzeichnis nicht gefunden at /home/cpansand/.cpan/build/LMDB_File-0.07-piULT2/blib/lib/LMDB_File.pm line 95.
# Failed test 'Copy needs a directory'
# at t/01-environment.t line 244.
# expecting: Regexp ((?^:No such))
# found: Datei oder Verzeichnis nicht gefunden at t/01-environment.t line 243.
# Failed test 'An empty one, not myself'
# at t/01-environment.t line 247.
# expecting: Regexp ((?^i:file exists|error))
# found: Die Datei existiert bereits at t/01-environment.t line 246.
# Failed test 'Read only transaction'
# at t/01-environment.t line 268.
# expecting: Regexp ((?^:Permission denied))
# found: Keine Berechtigung at /home/cpansand/.cpan/build/LMDB_File-0.07-piULT2/blib/lib/LMDB_File.pm line 371.
# Looks like you failed 5 tests of 175.
t/01-environment.t ..
Dubious, test returned 5 (wstat 1280, 0x500)
Failed 5/175 subtests
t/02-named.t ........ ok
# Normal mode in 33.9894 wallclock secs (18.87 usr + 0.09 sys = 18.96 CPU) @ 2.64/s (n=50)
# Fast mode in 0.998084 wallclock secs ( 0.49 usr + 0.00 sys = 0.49 CPU) @ 102.04/s (n=50)
# ZZZZZZZZZ90ABC4E6789pqrstuvwx9
t/03-fastmode.t ..... ok
# Writen 2000000 in 10.8263 seconds
# Readed 2000000 in 13.5612 seconds
t/04-bigone.t ....... ok
Test Summary Report
-------------------
t/01-environment.t (Wstat: 1280 Tests: 175 Failed: 5)
Failed tests: 1, 3, 123-124, 129
Non-zero exit status: 5
Files=5, Tests=295, 81 wallclock secs ( 0.20 usr 0.03 sys + 34.79 cusr 0.54 csys = 35.56 CPU)
Result: FAIL
Failed 1/5 test programs. 5/295 subtests failed.
Makefile:1036: recipe for target 'test_dynamic' failed
make: *** [test_dynamic] Error 255
------------------------------
PREREQUISITES
------------------------------
Prerequisite modules loaded:
requires:
Module Need Have
------------------- -------- --------
perl 5.010000 5.020001
build_requires:
Module Need Have
------------------- -------- --------
ExtUtils::MakeMaker 0 7.04
Test::Exception 0 0.36
Test::More 0 1.001014
------------------------------
ENVIRONMENT AND OTHER CONTEXT
------------------------------
Environment variables:
DBIC_NO_WARN_BAD_PERL = 1
LANG = en_US.UTF-8
LANGUAGE = de_DE:de
LC_ALL = de_DE.UTF-8
PATH = /usr/local/bin:/usr/bin:/bin:/usr/local/sbin:/usr/sbin:/sbin:/home/cpansand/bin/linux-gnu:/home/cpansand/bin/sh:/home/cpansand/bin:/usr/games:/home/cpansand/devel:/home/eserte/src/srezic-misc/scripts
PERL5LIB =
PERL5OPT =
PERL5_CPANPLUS_IS_RUNNING = 27496
PERL5_CPAN_IS_RUNNING = 27496
PERL5_CPAN_IS_RUNNING_IN_RECURSION = 26816,27496
PERLDOC = -MPod::Perldoc::ToTextOverstrike
PERL_BATCH = yes
PERL_CPAN_REPORTER_CONFIG = /var/tmp/cpansmoker-1023/0mwRjw3vtf_config.ini
PERL_EXTUTILS_AUTOINSTALL = --defaultdeps
PERL_HTML_DISPLAY_CLASS = HTML::Display::Mozilla
SHELL = /bin/zsh
TERM = screen
TMPDIR = /var/tmp/cpansmoker-1023
Perl special variables (and OS-specific diagnostics, for MSWin32):
$^X = /opt/perl-5.20.1/bin/perl
$UID/$EUID = 1023 / 1023
$GID = 1023 1023
$EGID = 1023 1023
Perl module toolchain versions installed:
Module Have
------------------- --------
CPAN 2.05
CPAN::Meta 2.143240
Cwd 3.48
ExtUtils::CBuilder 0.280217
ExtUtils::Command 1.20
ExtUtils::Install 1.67
ExtUtils::MakeMaker 7.04
ExtUtils::Manifest 1.70
ExtUtils::ParseXS 3.24
File::Spec 3.48
JSON 2.90
JSON::PP 2.27203
Module::Build 0.4211
Module::Signature n/a
Parse::CPAN::Meta 1.4414
Test::Harness 3.35
Test::More 1.001014
YAML 1.14
YAML::Syck 1.29
version 0.9912
--
Summary of my perl5 (revision 5 version 20 subversion 1) configuration:
Platform:
osname=linux, osvers=3.12-1-amd64, archname=x86_64-linux
uname='linux cvrsnica-jessie 3.12-1-amd64 #1 smp debian 3.12.9-1 (2014-02-01) x86_64 gnulinux '
config_args='-ds -e -Dprefix=/opt/perl-5.20.1'
hint=recommended, useposix=true, d_sigaction=define
useithreads=undef, usemultiplicity=undef
use64bitint=define, use64bitall=define, uselongdouble=undef
usemymalloc=n, bincompat5005=undef
Compiler:
cc='cc', ccflags ='-fwrapv -fno-strict-aliasing -pipe -fstack-protector -I/usr/local/include -D_LARGEFILE_SOURCE -D_FILE_OFFSET_BITS=64',
optimize='-O2',
cppflags='-fwrapv -fno-strict-aliasing -pipe -fstack-protector -I/usr/local/include'
ccversion='', gccversion='4.9.1', gccosandvers=''
intsize=4, longsize=8, ptrsize=8, doublesize=8, byteorder=12345678
d_longlong=define, longlongsize=8, d_longdbl=define, longdblsize=16
ivtype='long', ivsize=8, nvtype='double', nvsize=8, Off_t='off_t', lseeksize=8
alignbytes=8, prototype=define
Linker and Libraries:
ld='cc', ldflags =' -fstack-protector -L/usr/local/lib'
libpth=/usr/local/lib /usr/lib/gcc/x86_64-linux-gnu/4.9/include-fixed /usr/include/x86_64-linux-gnu /usr/lib /lib/x86_64-linux-gnu /lib/../lib /usr/lib/x86_64-linux-gnu /usr/lib/../lib /lib
libs=-lnsl -lgdbm -ldb -ldl -lm -lcrypt -lutil -lc -lgdbm_compat
perllibs=-lnsl -ldl -lm -lcrypt -lutil -lc
libc=libc-2.19.so, so=so, useshrplib=false, libperl=libperl.a
gnulibc_version='2.19'
Dynamic Linking:
dlsrc=dl_dlopen.xs, dlext=so, d_dlsymun=undef, ccdlflags='-Wl,-E'
cccdlflags='-fPIC', lddlflags='-shared -O2 -L/usr/local/lib -fstack-protector'
Characteristics of this binary (from libperl):
Compile-time options: HAS_TIMES PERLIO_LAYERS PERL_DONT_CREATE_GVSV
PERL_HASH_FUNC_ONE_AT_A_TIME_HARD PERL_MALLOC_WRAP
PERL_NEW_COPY_ON_WRITE PERL_PRESERVE_IVUV
USE_64_BIT_ALL USE_64_BIT_INT USE_LARGE_FILES
USE_LOCALE USE_LOCALE_COLLATE USE_LOCALE_CTYPE
USE_LOCALE_NUMERIC USE_PERLIO USE_PERL_ATOF
Built under linux
Compiled at Dec 7 2014 11:35:08
%ENV:
PERL5LIB=""
PERL5OPT=""
PERL5_CPANPLUS_IS_RUNNING="27496"
PERL5_CPAN_IS_RUNNING="27496"
PERL5_CPAN_IS_RUNNING_IN_RECURSION="26816,27496"
PERLDOC="-MPod::Perldoc::ToTextOverstrike"
PERL_BATCH="yes"
PERL_CPAN_REPORTER_CONFIG="/var/tmp/cpansmoker-1023/0mwRjw3vtf_config.ini"
PERL_EXTUTILS_AUTOINSTALL="--defaultdeps"
PERL_HTML_DISPLAY_CLASS="HTML::Display::Mozilla"
@INC:
/opt/perl-5.20.1/lib/site_perl/5.20.1/x86_64-linux
/opt/perl-5.20.1/lib/site_perl/5.20.1
/opt/perl-5.20.1/lib/5.20.1/x86_64-linux
/opt/perl-5.20.1/lib/5.20.1
.