Report for Data-Token-v0.0.3

Back
From: metabase:user:30f0bd62-2aae-11df-837a-5e0a49663a4f
Subject: FAIL Data-Token-v0.0.3 v5.14.2 OpenBSD
Date: 2011-10-30T09:18:40Z

This distribution has been tested as part of the CPAN Testers
project, supporting the Perl programming language.  See
http://wiki.cpantesters.org/ for more information or email
questions to cpan-testers-discuss@perl.org


--
Dear Scott Penrose,

This is a computer-generated report for Data-Token-v0.0.3
on perl 5.14.2, created by CPAN-Reporter-1.2002.

Thank you for uploading your work to CPAN.  However, there was a problem
testing your distribution.

If you think this report is invalid, please consult the CPAN Testers Wiki
for suggestions on how to avoid getting FAIL reports for missing library
or binary dependencies, unsupported operating systems, and so on:

http://wiki.cpantesters.org/wiki/CPANAuthorNotes

Sections of this report:

    * Tester comments
    * Program output
    * Prerequisites
    * Environment and other context

------------------------------
TESTER COMMENTS
------------------------------

Additional comments from tester:

this report is from an automated smoke testing program
and was not reviewed by a human for accuracy

------------------------------
PROGRAM OUTPUT
------------------------------

Output from './Build test':


#   Failed test 'use Data::Token;'
#   at t/00.load.t line 4.
#     Tried to use 'Data::Token'.
#     Error:  Can't locate Crypt/Random.pm in @INC (@INC contains: /home/sts/cpansmoke/perl-5.14.2/cpan/build/Data-Token-v0.0.3-c8uLfO/blib/lib /home/sts/cpansmoke/perl-5.14.2/cpan/build/Data-Token-v0.0.3-c8uLfO/blib/arch /home/sts/cpansmoke/perl-5.14.2/cpan/build/Data-UUID-1.217-GI3mwk/blib/arch /home/sts/cpansmoke/perl-5.14.2/cpan/build/Data-UUID-1.217-GI3mwk/blib/lib /home/sts/cpansmoke/perl-5.14.2/cpan/build/Data-UUID-1.217-GI3mwk/blib/arch /home/sts/cpansmoke/perl-5.14.2/cpan/build/Data-UUID-1.217-GI3mwk/blib/lib /home/sts/cpansmoke/perl-5.14.2/lib/site_perl/5.14.2/OpenBSD.i386-openbsd-thread-multi /home/sts/cpansmoke/perl-5.14.2/lib/site_perl/5.14.2 /home/sts/cpansmoke/perl-5.14.2/lib/5.14.2/OpenBSD.i386-openbsd-thread-multi /home/sts/cpansmoke/perl-5.14.2/lib/5.14.2 .) at /home/sts/cpansmoke/perl-5.14.2/cpan/build/Data-Token-v0.0.3-c8uLfO/blib/lib/Data/Token.pm line 8.
# BEGIN failed--compilation aborted at /home/sts/cpansmoke/perl-5.14.2/cpan/build/Data-Token-v0.0.3-c8uLfO/blib/lib/Data/Token.pm line 8.
# Compilation failed in require at (eval 4) line 2.
# BEGIN failed--compilation aborted at (eval 4) line 2.
Use of uninitialized value $Data::Token::VERSION in concatenation (.) or string at t/00.load.t line 7.
# Testing Data::Token 
# Looks like you failed 1 test of 1.
t/00.load.t ....... 
Dubious, test returned 1 (wstat 256, 0x100)
Failed 1/1 subtests 

#   Failed test 'use Data::Token;'
#   at t/basic.t line 4.
#     Tried to use 'Data::Token'.
#     Error:  Can't locate Crypt/Random.pm in @INC (@INC contains: /home/sts/cpansmoke/perl-5.14.2/cpan/build/Data-Token-v0.0.3-c8uLfO/blib/lib /home/sts/cpansmoke/perl-5.14.2/cpan/build/Data-Token-v0.0.3-c8uLfO/blib/arch /home/sts/cpansmoke/perl-5.14.2/cpan/build/Data-UUID-1.217-GI3mwk/blib/arch /home/sts/cpansmoke/perl-5.14.2/cpan/build/Data-UUID-1.217-GI3mwk/blib/lib /home/sts/cpansmoke/perl-5.14.2/cpan/build/Data-UUID-1.217-GI3mwk/blib/arch /home/sts/cpansmoke/perl-5.14.2/cpan/build/Data-UUID-1.217-GI3mwk/blib/lib /home/sts/cpansmoke/perl-5.14.2/lib/site_perl/5.14.2/OpenBSD.i386-openbsd-thread-multi /home/sts/cpansmoke/perl-5.14.2/lib/site_perl/5.14.2 /home/sts/cpansmoke/perl-5.14.2/lib/5.14.2/OpenBSD.i386-openbsd-thread-multi /home/sts/cpansmoke/perl-5.14.2/lib/5.14.2 .) at /home/sts/cpansmoke/perl-5.14.2/cpan/build/Data-Token-v0.0.3-c8uLfO/blib/lib/Data/Token.pm line 8.
# BEGIN failed--compilation aborted at /home/sts/cpansmoke/perl-5.14.2/cpan/build/Data-Token-v0.0.3-c8uLfO/blib/lib/Data/Token.pm line 8.
# Compilation failed in require at (eval 4) line 2.
# BEGIN failed--compilation aborted at (eval 4) line 2.
Undefined subroutine &main::token called at t/basic.t line 6.
# Looks like you planned 2 tests but ran 1.
# Looks like you failed 1 test of 1 run.
# Looks like your test exited with 255 just after 1.
t/basic.t ......... 
Dubious, test returned 255 (wstat 65280, 0xff00)
Failed 2/2 subtests 
Can't locate Test/Perl/Critic.pm in @INC (@INC contains: /home/sts/cpansmoke/perl-5.14.2/cpan/build/Data-Token-v0.0.3-c8uLfO/blib/lib /home/sts/cpansmoke/perl-5.14.2/cpan/build/Data-Token-v0.0.3-c8uLfO/blib/arch /home/sts/cpansmoke/perl-5.14.2/cpan/build/Data-UUID-1.217-GI3mwk/blib/arch /home/sts/cpansmoke/perl-5.14.2/cpan/build/Data-UUID-1.217-GI3mwk/blib/lib /home/sts/cpansmoke/perl-5.14.2/cpan/build/Data-UUID-1.217-GI3mwk/blib/arch /home/sts/cpansmoke/perl-5.14.2/cpan/build/Data-UUID-1.217-GI3mwk/blib/lib /home/sts/cpansmoke/perl-5.14.2/lib/site_perl/5.14.2/OpenBSD.i386-openbsd-thread-multi /home/sts/cpansmoke/perl-5.14.2/lib/site_perl/5.14.2 /home/sts/cpansmoke/perl-5.14.2/lib/5.14.2/OpenBSD.i386-openbsd-thread-multi /home/sts/cpansmoke/perl-5.14.2/lib/5.14.2 .) at t/perlcritic.t line 3.
t/perlcritic.t .... 
Dubious, test returned 2 (wstat 512, 0x200)
No subtests run 
t/pod-coverage.t .. skipped: Test::Pod::Coverage 1.04 required for testing POD coverage
t/pod.t ........... skipped: Test::Pod 1.14 required for testing POD

#   Failed test 'use Data::Token;'
#   at t/token.t line 7.
#     Tried to use 'Data::Token'.
#     Error:  Can't locate Crypt/Random.pm in @INC (@INC contains: /home/sts/cpansmoke/perl-5.14.2/cpan/build/Data-Token-v0.0.3-c8uLfO/blib/lib /home/sts/cpansmoke/perl-5.14.2/cpan/build/Data-Token-v0.0.3-c8uLfO/blib/arch /home/sts/cpansmoke/perl-5.14.2/cpan/build/Data-UUID-1.217-GI3mwk/blib/arch /home/sts/cpansmoke/perl-5.14.2/cpan/build/Data-UUID-1.217-GI3mwk/blib/lib /home/sts/cpansmoke/perl-5.14.2/cpan/build/Data-UUID-1.217-GI3mwk/blib/arch /home/sts/cpansmoke/perl-5.14.2/cpan/build/Data-UUID-1.217-GI3mwk/blib/lib /home/sts/cpansmoke/perl-5.14.2/lib/site_perl/5.14.2/OpenBSD.i386-openbsd-thread-multi /home/sts/cpansmoke/perl-5.14.2/lib/site_perl/5.14.2 /home/sts/cpansmoke/perl-5.14.2/lib/5.14.2/OpenBSD.i386-openbsd-thread-multi /home/sts/cpansmoke/perl-5.14.2/lib/5.14.2 .) at /home/sts/cpansmoke/perl-5.14.2/cpan/build/Data-Token-v0.0.3-c8uLfO/blib/lib/Data/Token.pm line 8.
# BEGIN failed--compilation aborted at /home/sts/cpansmoke/perl-5.14.2/cpan/build/Data-Token-v0.0.3-c8uLfO/blib/lib/Data/Token.pm line 8.
# Compilation failed in require at (eval 4) line 2.
# BEGIN failed--compilation aborted at (eval 4) line 2.
Unquoted string "token" may clash with future reserved word at t/token.t line 13.

#   Failed test 'Invalid number of generated tokens (1 of 10000)'
#   at t/token.t line 18.
#          got: 1
#     expected: 10000

#   Failed test 'Valid only once !'
#   at t/token.t line 20.
#          got: 10000
#     expected: 1

#   Failed test at t/token.t line 21.
# Looks like you planned 30002 tests but ran 5.
# Looks like you failed 4 tests of 5 run.
t/token.t ......... 
Dubious, test returned 4 (wstat 1024, 0x400)
Failed 30001/30002 subtests 

Test Summary Report
-------------------
t/00.load.t     (Wstat: 256 Tests: 1 Failed: 1)
  Failed test:  1
  Non-zero exit status: 1
t/basic.t       (Wstat: 65280 Tests: 1 Failed: 1)
  Failed test:  1
  Non-zero exit status: 255
  Parse errors: Bad plan.  You planned 2 tests but ran 1.
t/perlcritic.t  (Wstat: 512 Tests: 0 Failed: 0)
  Non-zero exit status: 2
  Parse errors: No plan found in TAP output
t/token.t       (Wstat: 1024 Tests: 5 Failed: 4)
  Failed tests:  1-4
  Non-zero exit status: 4
  Parse errors: Bad plan.  You planned 30002 tests but ran 5.
Files=6, Tests=7,  1 wallclock secs ( 0.22 usr  0.05 sys +  0.56 cusr  0.19 csys =  1.02 CPU)
Result: FAIL
Failed 4/6 test programs. 6/7 subtests failed.

------------------------------
PREREQUISITES
------------------------------

Prerequisite modules loaded:

requires:

    Module      Need Have 
    ----------- ---- -----
    Data::UUID  0    1.217
    Digest::SHA 0    5.61 
    Test::More  0    0.98 
    version     0    0.88 


------------------------------
ENVIRONMENT AND OTHER CONTEXT
------------------------------

Environment variables:

    AUTOMATED_TESTING = 1
    PATH = /home/sts/bin:/bin:/sbin:/usr/bin:/usr/sbin:/usr/X11R6/bin:/usr/local/bin:/usr/local/sbin:/usr/games:.
    PERL5LIB = /home/sts/cpansmoke/perl-5.14.2/cpan/build/Data-UUID-1.217-GI3mwk/blib/arch:/home/sts/cpansmoke/perl-5.14.2/cpan/build/Data-UUID-1.217-GI3mwk/blib/lib
    PERL5OPT = 
    PERL5_CPANPLUS_IS_RUNNING = 18689
    PERL5_CPAN_IS_RUNNING = 18689
    PERL5_CPAN_IS_RUNNING_IN_RECURSION = 10478,18689
    PERL_CR_SMOKER_CURRENT = Data-Token-v0.0.3
    PERL_EXTUTILS_AUTOINSTALL = --defaultdeps
    PERL_MM_USE_DEFAULT = 1
    SHELL = /usr/local/bin/bash
    TERM = screen
    TMPDIR = /home/sts/cpansmoke/tmp

Perl special variables (and OS-specific diagnostics, for MSWin32):

    $^X = /home/sts/cpansmoke/perl-5.14.2/bin/perl
    $UID/$EUID = 1000 / 1000
    $GID = 10 10 0
    $EGID = 10 10 0

Perl module toolchain versions installed:

    Module              Have    
    ------------------- --------
    CPAN                1.9800  
    CPAN::Meta          2.110440
    Cwd                 3.36    
    ExtUtils::CBuilder  0.280203
    ExtUtils::Command   1.17    
    ExtUtils::Install   1.56    
    ExtUtils::MakeMaker 6.57_05 
    ExtUtils::Manifest  1.58    
    ExtUtils::ParseXS   2.2210  
    File::Spec          3.33    
    JSON                n/a     
    JSON::PP            2.27105 
    Module::Build       0.3800  
    Module::Signature   n/a     
    Parse::CPAN::Meta   1.4401  
    Test::Harness       3.23    
    Test::More          0.98    
    YAML                n/a     
    YAML::Syck          n/a     
    version             0.88    


--

Summary of my perl5 (revision 5 version 14 subversion 2) configuration:
   
  Platform:
    osname=openbsd, osvers=4.9, archname=OpenBSD.i386-openbsd-thread-multi
    uname='openbsd cpansmoke5 4.9 generic.mp#794 i386 '
    config_args='-des -Dusethreads -Dprefix=/home/sts/cpansmoke/perl-5.14.2'
    hint=recommended, useposix=true, d_sigaction=define
    useithreads=define, usemultiplicity=define
    useperlio=define, d_sfio=undef, uselargefiles=define, usesocks=undef
    use64bitint=undef, use64bitall=undef, uselongdouble=undef
    usemymalloc=y, bincompat5005=undef
  Compiler:
    cc='cc', ccflags ='-pthread -fno-strict-aliasing -pipe -fstack-protector -I/usr/local/include',
    optimize='-O2',
    cppflags='-pthread -fno-strict-aliasing -pipe -fstack-protector -I/usr/local/include'
    ccversion='', gccversion='4.2.1 20070719 ', gccosandvers='openbsd4.9'
    intsize=4, longsize=4, ptrsize=4, doublesize=8, byteorder=1234
    d_longlong=define, longlongsize=8, d_longdbl=define, longdblsize=12
    ivtype='long', ivsize=4, nvtype='double', nvsize=8, Off_t='off_t', lseeksize=8
    alignbytes=4, prototype=define
  Linker and Libraries:
    ld='cc', ldflags ='-pthread -Wl,-E  -fstack-protector -L/usr/local/lib'
    libpth=/usr/local/lib /usr/lib
    libs=-lgdbm -lm -lutil -lc
    perllibs=-lm -lutil -lc
    libc=/usr/lib/libc.so.58.0, so=so, useshrplib=false, libperl=libperl.a
    gnulibc_version=''
  Dynamic Linking:
    dlsrc=dl_dlopen.xs, dlext=so, d_dlsymun=undef, ccdlflags=' '
    cccdlflags='-DPIC -fPIC ', lddlflags='-shared -fPIC  -L/usr/local/lib -fstack-protector'


Characteristics of this binary (from libperl): 
  Compile-time options: MULTIPLICITY MYMALLOC PERL_DONT_CREATE_GVSV
                        PERL_IMPLICIT_CONTEXT PERL_MALLOC_WRAP
                        PERL_PRESERVE_IVUV USE_ITHREADS USE_LARGE_FILES
                        USE_PERLIO USE_PERL_ATOF USE_REENTRANT_API
  Built under openbsd
  Compiled at Sep 26 2011 17:50:57
  %ENV:
    PERL5LIB="/home/sts/cpansmoke/perl-5.14.2/cpan/build/Data-UUID-1.217-GI3mwk/blib/arch:/home/sts/cpansmoke/perl-5.14.2/cpan/build/Data-UUID-1.217-GI3mwk/blib/lib"
    PERL5OPT=""
    PERL5_CPANPLUS_IS_RUNNING="18689"
    PERL5_CPAN_IS_RUNNING="18689"
    PERL5_CPAN_IS_RUNNING_IN_RECURSION="10478,18689"
    PERL_CR_SMOKER_CURRENT="Data-Token-v0.0.3"
    PERL_EXTUTILS_AUTOINSTALL="--defaultdeps"
    PERL_MM_USE_DEFAULT="1"
  @INC:
    /home/sts/cpansmoke/perl-5.14.2/cpan/build/Data-UUID-1.217-GI3mwk/blib/arch
    /home/sts/cpansmoke/perl-5.14.2/cpan/build/Data-UUID-1.217-GI3mwk/blib/lib
    /home/sts/cpansmoke/perl-5.14.2/lib/site_perl/5.14.2/OpenBSD.i386-openbsd-thread-multi
    /home/sts/cpansmoke/perl-5.14.2/lib/site_perl/5.14.2
    /home/sts/cpansmoke/perl-5.14.2/lib/5.14.2/OpenBSD.i386-openbsd-thread-multi
    /home/sts/cpansmoke/perl-5.14.2/lib/5.14.2
    .