Back
From: metabase:user:3260881c-2aae-11df-837a-5e0a49663a4f
Subject: FAIL WebService-NotifyMyAndroid-0.0.5_03 v5.16.2
Date: 2013-01-05T13:47:22Z
This distribution has been tested as part of the CPAN Testers
project, supporting the Perl programming language. See
http://wiki.cpantesters.org/ for more information or email
questions to cpan-testers-discuss@perl.org
--
Dear Chisel,
This is a computer-generated report for WebService-NotifyMyAndroid-0.0.5_03
on perl 5.16.2, created by CPAN-Reporter-1.2009.
Thank you for uploading your work to CPAN. However, there was a problem
testing your distribution.
If you think this report is invalid, please consult the CPAN Testers Wiki
for suggestions on how to avoid getting FAIL reports for missing library
or binary dependencies, unsupported operating systems, and so on:
http://wiki.cpantesters.org/wiki/CPANAuthorNotes
Sections of this report:
* Tester comments
* Program output
* Prerequisites
* Environment and other context
------------------------------
TESTER COMMENTS
------------------------------
Additional comments from tester:
this report is from an automated smoke testing program
and was not reviewed by a human for accuracy
------------------------------
PROGRAM OUTPUT
------------------------------
Output from 'C:\strawberry_5_16_2_1\c\bin\dmake.exe test':
C:\strawberry_5_16_2_1\perl\bin\perl.exe "-MExtUtils::Command::MM" "-e" "test_harness(0, 'blib\lib', 'blib\arch')" t/*.t
t/00-load.t ............... ok
# Testing WebService::NotifyMyAndroid 0.0.5_03
t/00.load.t ............... ok
t/01.verify.t ............. ok
t/02.notify.t ............. ok
# Failed test 'Test::Perl::Critic for "blib\lib\WebService\NotifyMyAndroid.pm"'
# at C:/strawberry_5_16_2_1/perl/site/lib/Test/Perl/Critic.pm line 110.
#
# Perl::Critic found these violations in "blib\lib\WebService\NotifyMyAndroid.pm":
# Use of bitwise operator at line 79, column 24. Use of bitwise operator "|". (Severity: 5)
# Looks like you failed 1 test of 1.
t/perlcritic.t ............
Dubious, test returned 1 (wstat 256, 0x100)
Failed 1/1 subtests
t/pod-coverage.t .......... ok
t/pod.t ................... ok
t/release-kwalitee.t ...... skipped: these tests are for release candidate testing
t/release-no-tabs.t ....... skipped: these tests are for release candidate testing
t/release-pod-coverage.t .. skipped: these tests are for release candidate testing
t/release-pod-syntax.t .... skipped: these tests are for release candidate testing
Test Summary Report
-------------------
t/perlcritic.t (Wstat: 256 Tests: 1 Failed: 1)
Failed test: 1
Non-zero exit status: 1
Files=11, Tests=9, 25 wallclock secs ( 0.06 usr + 0.13 sys = 0.19 CPU)
Result: FAIL
Failed 1/11 test programs. 1/9 subtests failed.
dmake.exe: Error code 255, while making 'test_dynamic'
------------------------------
PREREQUISITES
------------------------------
Prerequisite modules loaded:
requires:
Module Need Have
-------------------- ---- ----------
base 0 2.18
Carp 0 1.26
LWP::Protocol::https 0 6.03
Params::Validate 0 1.07
Readonly 0 1.03
Regexp::Common 0 2011121001
strictures 1 1.004004
WebService::Simple 0 0.18
build_requires:
Module Need Have
-------------------- ---- ----------
Data::Dumper 0 2.139
strict 0 1.07
Test::More 0 0.98
Test::UseAllModules 0 0.14
warnings 0 1.13
configure_requires:
Module Need Have
-------------------- ---- ----------
ExtUtils::MakeMaker 6.30 6.64
------------------------------
ENVIRONMENT AND OTHER CONTEXT
------------------------------
Environment variables:
AUTOMATED_TESTING = 1
COMSPEC = C:\WINDOWS\system32\cmd.exe
NUMBER_OF_PROCESSORS = 1
PATH = C:\strawberry_5_16_2_1\c\bin;C:\strawberry_5_16_2_1\perl\site\bin;C:\strawberry_5_16_2_1\perl\bin;C:\WINDOWS\system32;C:\WINDOWS;C:\WINDOWS\System32\Wbem;C:\Program Files\SlikSvn\bin\;C:\Program Files\Git\bin
PERL5LIB =
PERL5OPT =
PERL5_CPANPLUS_IS_RUNNING = 1788
PERL5_CPAN_IS_RUNNING = 1788
PERL5_CPAN_IS_RUNNING_IN_RECURSION = 1912,1788
PERL_CR_SMOKER_CURRENT = WebService-NotifyMyAndroid-0.0.5_03
PERL_EXTUTILS_AUTOINSTALL = --defaultdeps
PERL_JSON_BACKEND = JSON::XS
PERL_MM_USE_DEFAULT = 1
PERL_YAML_BACKEND = YAML
PROCESSOR_IDENTIFIER = x86 Family 6 Model 23 Stepping 10, GenuineIntel
TEMP = C:\DOCUME~1\GABORS~1\LOCALS~1\Temp
TERM = dumb
Perl special variables (and OS-specific diagnostics, for MSWin32):
$^X = C:\strawberry_5_16_2_1\perl\bin\perl.exe
$UID/$EUID = 0 / 0
$GID = 0
$EGID = 0
Win32::GetOSName = WinXP/.Net
Win32::GetOSVersion = Service Pack 3, 5, 1, 2600, 2, 3, 0, 768, 1
Win32::FsType = NTFS
Win32::IsAdminUser = 1
Perl module toolchain versions installed:
Module Have
------------------- --------
CPAN 1.9800
CPAN::Meta 2.120921
Cwd 3.39_02
ExtUtils::CBuilder 0.280206
ExtUtils::Command 1.17
ExtUtils::Install 1.58
ExtUtils::MakeMaker 6.64
ExtUtils::Manifest 1.61
ExtUtils::ParseXS 3.18
File::Spec 3.39_02
JSON 2.53
JSON::PP 2.27200
Module::Build 0.4003
Module::Signature 0.68
Parse::CPAN::Meta 1.4404
Test::Harness 3.25
Test::More 0.98
YAML 0.84
YAML::Syck 1.22
version 0.9901
--
Summary of my perl5 (revision 5 version 16 subversion 2) configuration:
Platform:
osname=MSWin32, osvers=4.0, archname=MSWin32-x86-multi-thread
uname='Win32 strawberry-perl 5.16.2.1 #1 Fri Nov 2 00:33:54 2012 i386'
config_args='undef'
hint=recommended, useposix=true, d_sigaction=undef
useithreads=define, usemultiplicity=define
useperlio=define, d_sfio=undef, uselargefiles=define, usesocks=undef
use64bitint=undef, use64bitall=undef, uselongdouble=undef
usemymalloc=n, bincompat5005=undef
Compiler:
cc='gcc', ccflags =' -s -O2 -DWIN32 -DPERL_TEXTMODE_SCRIPTS -DPERL_IMPLICIT_CONTEXT -DPERL_IMPLICIT_SYS -fno-strict-aliasing -mms-bitfields',
optimize='-s -O2',
cppflags='-DWIN32'
ccversion='', gccversion='4.6.3', gccosandvers=''
intsize=4, longsize=4, ptrsize=4, doublesize=8, byteorder=1234
d_longlong=undef, longlongsize=8, d_longdbl=define, longdblsize=12
ivtype='long', ivsize=4, nvtype='double', nvsize=8, Off_t='long long', lseeksize=8
alignbytes=8, prototype=define
Linker and Libraries:
ld='g++', ldflags ='-s -L"C:\strawberry_5_16_2_1\perl\lib\CORE" -L"C:\strawberry_5_16_2_1\c\lib"'
libpth=C:\strawberry_5_16_2_1\c\lib C:\strawberry_5_16_2_1\c\i686-w64-mingw32\lib
libs=-lmoldname -lkernel32 -luser32 -lgdi32 -lwinspool -lcomdlg32 -ladvapi32 -lshell32 -lole32 -loleaut32 -lnetapi32 -luuid -lws2_32 -lmpr -lwinmm -lversion -lodbc32 -lodbccp32 -lcomctl32
perllibs=-lmoldname -lkernel32 -luser32 -lgdi32 -lwinspool -lcomdlg32 -ladvapi32 -lshell32 -lole32 -loleaut32 -lnetapi32 -luuid -lws2_32 -lmpr -lwinmm -lversion -lodbc32 -lodbccp32 -lcomctl32
libc=, so=dll, useshrplib=true, libperl=libperl516.a
gnulibc_version=''
Dynamic Linking:
dlsrc=dl_win32.xs, dlext=dll, d_dlsymun=undef, ccdlflags=' '
cccdlflags=' ', lddlflags='-mdll -s -L"C:\strawberry_5_16_2_1\perl\lib\CORE" -L"C:\strawberry_5_16_2_1\c\lib"'
Characteristics of this binary (from libperl):
Compile-time options: HAS_TIMES HAVE_INTERP_INTERN MULTIPLICITY
PERLIO_LAYERS PERL_DONT_CREATE_GVSV
PERL_IMPLICIT_CONTEXT PERL_IMPLICIT_SYS
PERL_MALLOC_WRAP PERL_PRESERVE_IVUV PL_OP_SLAB_ALLOC
USE_ITHREADS USE_LARGE_FILES USE_LOCALE
USE_LOCALE_COLLATE USE_LOCALE_CTYPE
USE_LOCALE_NUMERIC USE_PERLIO USE_PERL_ATOF
Built under MSWin32
Compiled at Nov 2 2012 00:44:17
%ENV:
PERL5_CPANPLUS_IS_RUNNING="1788"
PERL5_CPAN_IS_RUNNING="1788"
PERL5_CPAN_IS_RUNNING_IN_RECURSION="1912,1788"
PERL_CR_SMOKER_CURRENT="WebService-NotifyMyAndroid-0.0.5_03"
PERL_EXTUTILS_AUTOINSTALL="--defaultdeps"
PERL_JSON_BACKEND="JSON::XS"
PERL_MM_USE_DEFAULT="1"
PERL_YAML_BACKEND="YAML"
@INC:
C:/strawberry_5_16_2_1/perl/site/lib
C:/strawberry_5_16_2_1/perl/vendor/lib
C:/strawberry_5_16_2_1/perl/lib
.