Mojo-Transaction-HTTP-Role-Mechanize v0.05 Perl 5 v5.31.10 x86_64-linux
- Status
- Fail
- From
- Slaven Rezić (SREZIC)
- Dist
-
Mojo-Transaction-HTTP-Role-Mechanize v0.05
- Platform
- Perl 5 v5.31.10 x86_64-linux
- Date
- 2020-05-31 20:41:51
- ID
- 27f08a44-a37f-11ea-bfa7-c11f1f24ea8f
This distribution has been tested as part of the CPAN Testers
project, supporting the Perl programming language. See
http://wiki.cpantesters.org/ for more information or email
questions to cpan-testers-discuss@perl.org
--
Dear Roy Storey,
This is a computer-generated report for Mojo-Transaction-HTTP-Role-Mechanize-0.05
on perl 5.31.10, created by CPAN-Reporter-1.2018.
Thank you for uploading your work to CPAN. However, there was a problem
testing your distribution.
If you think this report is invalid, please consult the CPAN Testers Wiki
for suggestions on how to avoid getting FAIL reports for missing library
or binary dependencies, unsupported operating systems, and so on:
http://wiki.cpantesters.org/wiki/CPANAuthorNotes
Sections of this report:
* Tester comments
* Program output
* Prerequisites
* Environment and other context
------------------------------
TESTER COMMENTS
------------------------------
Additional comments from tester:
none provided
------------------------------
PROGRAM OUTPUT
------------------------------
Output from '/usr/bin/make test':
PERL_DL_NONLAZY=1 "/opt/perl-5.31.10/bin/perl5.31.10" "-MExtUtils::Command::MM" "-MTest::Harness" "-e" "undef *Test::Harness::Switches; test_harness(0, 'blib/lib', 'blib/arch')" t/*.t
t/00-basic.t ... ok
# Failed test 'all the forms'
# at t/forms.t line 90.
# Structures begin differing at:
# $got->[0]{p} = 'P'
# $expected->[0]{p} = Does not exist
# Failed test 'not clicked, not included'
# at t/forms.t line 124.
# Structures begin differing at:
# $got->{x} = 'y'
# $expected->{x} = Does not exist
# Failed test 'not clicked, not included'
# at t/forms.t line 128.
# Structures begin differing at:
# $got->{x} = 'y'
# $expected->{x} = Does not exist
# Failed test 'correct default first submit item'
# at t/forms.t line 150.
# Structures begin differing at:
# $got->{sub3} = 'Submit'
# $expected->{sub3} = Does not exist
# Failed test 'disabled buttons cannot be enabled'
# at t/forms.t line 152.
# Structures begin differing at:
# $got->{sub1} = 'Submit'
# $expected->{sub1} = Does not exist
# Failed test 'no clicks - no form?'
# at t/forms.t line 154.
# Structures begin differing at:
# $got->{sub3} = 'Submit'
# $expected->{sub3} = Does not exist
# Looks like you failed 6 tests of 57.
t/forms.t ......
Dubious, test returned 6 (wstat 1536, 0x600)
Failed 6/57 subtests
# Failed test 'val'
# at t/mechanize.t line 46.
# Structures begin differing at:
# $got->{p} = ARRAY(0x3ac5ec0)
# $expected->{p} = 'P0'
# Failed test 'expected response, no button'
# at t/mechanize.t line 59.
# Structures begin differing at:
# $got->{p} = ARRAY(0x3ab36d0)
# $expected->{p} = 'P0'
# Failed test 'expected response, button 1'
# at t/mechanize.t line 64.
# Structures begin differing at:
# $got->{p}[2] = 'P2'
# $expected->{p}[2] = Does not exist
# Failed test 'expected response, button 2'
# at t/mechanize.t line 69.
# Structures begin differing at:
# $got->{p}[1] = 'P1'
# $expected->{p}[1] = 'P2'
# Failed test 'expected response - foo not included'
# at t/mechanize.t line 74.
# Structures begin differing at:
# $got->{p}[2] = 'P2'
# $expected->{p}[2] = Does not exist
# Failed test 'expected response - foo not included'
# at t/mechanize.t line 79.
# Structures begin differing at:
# $got->{p}[2] = 'P2'
# $expected->{p}[2] = Does not exist
# Failed test 'expected response'
# at t/mechanize.t line 86.
# Structures begin differing at:
# $got->{p} = ARRAY(0x3ad8c50)
# $expected->{p} = 'P0'
# Failed test 'expected response'
# at t/mechanize.t line 92.
# Structures begin differing at:
# $got->{p} = ARRAY(0x3ac6b38)
# $expected->{p} = 'P0'
# Failed test 'expected response'
# at t/mechanize.t line 108.
# Structures begin differing at:
# $got->{p} = ARRAY(0x3adafd8)
# $expected->{p} = 'P0'
# Looks like you failed 9 tests of 24.
t/mechanize.t ..
Dubious, test returned 9 (wstat 2304, 0x900)
Failed 9/24 subtests
Test Summary Report
-------------------
t/forms.t (Wstat: 1536 Tests: 57 Failed: 6)
Failed tests: 27, 39, 41, 43-45
Non-zero exit status: 6
t/mechanize.t (Wstat: 2304 Tests: 24 Failed: 9)
Failed tests: 7, 14-18, 20, 22-23
Non-zero exit status: 9
Files=3, Tests=91, 1 wallclock secs ( 0.02 usr 0.00 sys + 0.72 cusr 0.07 csys = 0.81 CPU)
Result: FAIL
Failed 2/3 test programs. 15/91 subtests failed.
make: *** [test_dynamic] Error 9
------------------------------
PREREQUISITES
------------------------------
Prerequisite modules loaded:
requires:
Module Need Have
------------------------ -------- --------
Class::Method::Modifiers 2.00 2.13
Mojolicious 8.10 8.51
perl v5.10.0 5.031010
Role::Tiny 2.000001 2.001004
build_requires:
Module Need Have
------------------------ -------- --------
Test::More 0.80 1.302171
configure_requires:
Module Need Have
------------------------ -------- --------
ExtUtils::MakeMaker 0 7.44
------------------------------
ENVIRONMENT AND OTHER CONTEXT
------------------------------
Environment variables:
LANG = en_US.UTF-8
PATH = /usr/local/bin:/usr/bin:/bin:/usr/local/sbin:/usr/sbin:/sbin:/home/cpansand/bin/linux-gnu:/home/cpansand/bin/sh:/home/cpansand/bin:/usr/games:/home/cpansand/devel:/home/eserte/src/srezic-misc/scripts
PERL5LIB = /home/cpansand/.cpan/build/2020053121/Role-Tiny-2.001004-3/blib/arch:/home/cpansand/.cpan/build/2020053121/Role-Tiny-2.001004-3/blib/lib:/home/cpansand/.cpan/build/2020053121/Class-Method-Modifiers-2.13-0/blib/arch:/home/cpansand/.cpan/build/2020053121/Class-Method-Modifiers-2.13-0/blib/lib:/home/cpansand/.cpan/build/2020053121/Test-Needs-0.002006-0/blib/arch:/home/cpansand/.cpan/build/2020053121/Test-Needs-0.002006-0/blib/lib:/home/cpansand/.cpan/build/2020053121/Mojolicious-8.51-0/blib/arch:/home/cpansand/.cpan/build/2020053121/Mojolicious-8.51-0/blib/lib
PERL5OPT =
PERL5_CPANPLUS_IS_RUNNING = 1845
PERL5_CPAN_IS_RUNNING = 1845
PERL5_CPAN_IS_RUNNING_IN_RECURSION = 1805,1845
PERLDOC = -MPod::Perldoc::ToTextOverstrike
PERL_BATCH = yes
PERL_CANARY_STABILITY_NOPROMPT = 1
PERL_CPAN_REPORTER_CONFIG = /var/tmp/cpansmoker-1023/2020053121/cpanreporter_002_config.ini
PERL_EXTUTILS_AUTOINSTALL = --defaultdeps
PERL_USE_UNSAFE_INC = 1
SHELL = /usr/bin/zsh
TERM = screen
TMPDIR = /var/tmp/cpansmoker-1023/2020053121
Perl special variables (and OS-specific diagnostics, for MSWin32):
$^X = /opt/perl-5.31.10/bin/perl5.31.10
$UID/$EUID = 1023 / 1023
$GID = 1023 1023
$EGID = 1023 1023
Perl module toolchain versions installed:
Module Have
------------------- --------
CPAN 2.27
CPAN::Meta 2.150010
Cwd 3.78
ExtUtils::CBuilder 0.280234
ExtUtils::Command 7.44
ExtUtils::Install 2.14
ExtUtils::MakeMaker 7.44
ExtUtils::Manifest 1.72
ExtUtils::ParseXS 3.40
File::Spec 3.78
JSON n/a
JSON::PP 4.04
Module::Build n/a
Module::Signature n/a
Parse::CPAN::Meta 2.150010
Test::Harness 3.42
Test::More 1.302171
YAML 1.30
YAML::Syck 1.32
version 0.9924
--
Summary of my perl5 (revision 5 version 31 subversion 10) configuration:
Platform:
osname=linux
osvers=3.10.0-1062.12.1.el7.x86_64
archname=x86_64-linux
uname='linux cloud3.bbbike.org 3.10.0-1062.12.1.el7.x86_64 #1 smp tue feb 4 23:02:59 utc 2020 x86_64 x86_64 x86_64 gnulinux '
config_args='-ds -e -Dprefix=/opt/perl-5.31.10 -Dusedevel -Dusemallocwrap=no -Dcf_email=srezic@cpan.org'
hint=recommended
useposix=true
d_sigaction=define
useithreads=undef
usemultiplicity=undef
use64bitint=define
use64bitall=define
uselongdouble=undef
usemymalloc=n
default_inc_excludes_dot=define
bincompat5005=undef
Compiler:
cc='cc'
ccflags ='-fwrapv -fno-strict-aliasing -pipe -fstack-protector-strong -I/usr/local/include -D_LARGEFILE_SOURCE -D_FILE_OFFSET_BITS=64 -D_FORTIFY_SOURCE=2'
optimize='-O2'
cppflags='-fwrapv -fno-strict-aliasing -pipe -fstack-protector-strong -I/usr/local/include'
ccversion=''
gccversion='4.8.5 20150623 (Red Hat 4.8.5-39)'
gccosandvers=''
intsize=4
longsize=8
ptrsize=8
doublesize=8
byteorder=12345678
doublekind=3
d_longlong=define
longlongsize=8
d_longdbl=define
longdblsize=16
longdblkind=3
ivtype='long'
ivsize=8
nvtype='double'
nvsize=8
Off_t='off_t'
lseeksize=8
alignbytes=8
prototype=define
Linker and Libraries:
ld='cc'
ldflags =' -fstack-protector-strong -L/usr/local/lib'
libpth=/usr/local/lib /usr/lib /lib/../lib64 /usr/lib/../lib64 /lib /lib64 /usr/lib64 /usr/local/lib64
libs=-lpthread -lnsl -lgdbm -ldb -ldl -lm -lcrypt -lutil -lc -lgdbm_compat
perllibs=-lpthread -lnsl -ldl -lm -lcrypt -lutil -lc
libc=libc-2.17.so
so=so
useshrplib=false
libperl=libperl.a
gnulibc_version='2.17'
Dynamic Linking:
dlsrc=dl_dlopen.xs
dlext=so
d_dlsymun=undef
ccdlflags='-Wl,-E'
cccdlflags='-fPIC'
lddlflags='-shared -O2 -L/usr/local/lib -fstack-protector-strong'
Characteristics of this binary (from libperl):
Compile-time options:
HAS_TIMES
PERLIO_LAYERS
PERL_COPY_ON_WRITE
PERL_DONT_CREATE_GVSV
PERL_OP_PARENT
PERL_PRESERVE_IVUV
PERL_USE_DEVEL
USE_64_BIT_ALL
USE_64_BIT_INT
USE_LARGE_FILES
USE_LOCALE
USE_LOCALE_COLLATE
USE_LOCALE_CTYPE
USE_LOCALE_NUMERIC
USE_LOCALE_TIME
USE_PERLIO
USE_PERL_ATOF
Built under linux
Compiled at Mar 21 2020 08:38:23
%ENV:
PERL5LIB="/home/cpansand/.cpan/build/2020053121/Role-Tiny-2.001004-3/blib/arch:/home/cpansand/.cpan/build/2020053121/Role-Tiny-2.001004-3/blib/lib:/home/cpansand/.cpan/build/2020053121/Class-Method-Modifiers-2.13-0/blib/arch:/home/cpansand/.cpan/build/2020053121/Class-Method-Modifiers-2.13-0/blib/lib:/home/cpansand/.cpan/build/2020053121/Test-Needs-0.002006-0/blib/arch:/home/cpansand/.cpan/build/2020053121/Test-Needs-0.002006-0/blib/lib:/home/cpansand/.cpan/build/2020053121/Mojolicious-8.51-0/blib/arch:/home/cpansand/.cpan/build/2020053121/Mojolicious-8.51-0/blib/lib"
PERL5OPT=""
PERL5_CPANPLUS_IS_RUNNING="1845"
PERL5_CPAN_IS_RUNNING="1845"
PERL5_CPAN_IS_RUNNING_IN_RECURSION="1805,1845"
PERLDOC="-MPod::Perldoc::ToTextOverstrike"
PERL_BATCH="yes"
PERL_CANARY_STABILITY_NOPROMPT="1"
PERL_CPAN_REPORTER_CONFIG="/var/tmp/cpansmoker-1023/2020053121/cpanreporter_002_config.ini"
PERL_EXTUTILS_AUTOINSTALL="--defaultdeps"
PERL_USE_UNSAFE_INC="1"
@INC:
/home/cpansand/.cpan/build/2020053121/Role-Tiny-2.001004-3/blib/arch
/home/cpansand/.cpan/build/2020053121/Role-Tiny-2.001004-3/blib/lib
/home/cpansand/.cpan/build/2020053121/Class-Method-Modifiers-2.13-0/blib/arch
/home/cpansand/.cpan/build/2020053121/Class-Method-Modifiers-2.13-0/blib/lib
/home/cpansand/.cpan/build/2020053121/Test-Needs-0.002006-0/blib/arch
/home/cpansand/.cpan/build/2020053121/Test-Needs-0.002006-0/blib/lib
/home/cpansand/.cpan/build/2020053121/Mojolicious-8.51-0/blib/arch
/home/cpansand/.cpan/build/2020053121/Mojolicious-8.51-0/blib/lib
/opt/perl-5.31.10/lib/site_perl/5.31.10/x86_64-linux
/opt/perl-5.31.10/lib/site_perl/5.31.10
/opt/perl-5.31.10/lib/5.31.10/x86_64-linux
/opt/perl-5.31.10/lib/5.31.10
.