Report for Business-OnlinePayment-IPayment-0.05

Back
From: metabase:user:3198cbe2-2aae-11df-837a-5e0a49663a4f
Subject: FAIL Business-OnlinePayment-IPayment-0.05 v5.16.2 GNU/Linux
Date: 2013-12-11T23:15:42Z

This distribution has been tested as part of the CPAN Testers
project, supporting the Perl programming language.  See
http://wiki.cpantesters.org/ for more information or email
questions to cpan-testers-discuss@perl.org


--
Dear Marco Pessotto,

This is a computer-generated report for Business-OnlinePayment-IPayment-0.05
on perl 5.16.2, created by CPAN-Reporter-1.2010.

Thank you for uploading your work to CPAN.  However, there was a problem
testing your distribution.

If you think this report is invalid, please consult the CPAN Testers Wiki
for suggestions on how to avoid getting FAIL reports for missing library
or binary dependencies, unsupported operating systems, and so on:

http://wiki.cpantesters.org/wiki/CPANAuthorNotes

Sections of this report:

    * Tester comments
    * Program output
    * Prerequisites
    * Environment and other context

------------------------------
TESTER COMMENTS
------------------------------

Additional comments from tester:

this report is from an automated smoke testing program
and was not reviewed by a human for accuracy

------------------------------
PROGRAM OUTPUT
------------------------------

Output from '/usr/bin/make test':

PERL_DL_NONLAZY=1 /home/graham/perls/perl5.16.2/bin/perl "-MExtUtils::Command::MM" "-MTest::Harness" "-e" "undef *Test::Harness::Switches; test_harness(0, 'blib/lib', 'blib/arch')" t/*.t
# Testing Business::OnlinePayment::IPayment 0.05, Perl 5.016002, /home/graham/perls/perl5.16.2/bin/perl
t/00-load.t .......... ok
t/boilerplate.t ...... ok
# $VAR1 = {
#           'retTransDate' => '12.12.13',
#           'retTrxNumber' => '1-93179412',
#           'retTransTime' => '00:14:55',
#           'retAuthCode' => ''
#         };
# $VAR1 = undef;
An error without an error string?
# Testing the reverse
# Testing the reverse after a partial capture (should fail)
t/capture-reverse.t .. ok
t/manifest.t ......... skipped: Author tests not required for installation
# Testing the options
# Checking the options: <?xml version="1.0" encoding="UTF-8"?>
# <SOAP-ENV:Envelope xmlns:SOAP-ENV="http://schemas.xmlsoap.org/soap/envelope/"><SOAP-ENV:Body><call:createSession xmlns:call="https://ipayment.de/service_v3/binding"><accountData><accountId>99999</accountId><trxuserId>99998</trxuserId><trxpassword>0</trxpassword><adminactionpassword>5cfgRT34xsdedtFLdfHxj7tfwx24fe</adminactionpassword></accountData><transactionData><trxAmount>84</trxAmount><trxCurrency>EUR</trxCurrency><invoiceText>Thanks!</invoiceText><trxUserComment>Hello!</trxUserComment><shopperId>716</shopperId></transactionData><transactionType>auth</transactionType><paymentType>cc</paymentType><options><fromIp>99.99.99.99</fromIp><checkDoubleTrx>1</checkDoubleTrx><errorLang>en</errorLang></options><processorUrls><redirectUrl>http://linuxia.de/ipayment/success</redirectUrl><silentErrorUrl>http://linuxia.de/ipayment/failure</silentErrorUrl></processorUrls></call:createSession></SOAP-ENV:Body></SOAP-ENV:Envelope>
t/options.t .......... ok
# Create the object and store the fixed values
# Testing secured app
t/payment.t .......... ok
t/pod-coverage.t ..... ok

#   Failed test 'POD test for blib/lib/Business/OnlinePayment/IPayment/Transaction.pm'
#   at /home/graham/perls/perl5.16.2/lib/site_perl/5.16.2/Test/Pod.pm line 186.
Wide character in print at /home/graham/perls/perl5.16.2/lib/5.16.2/Test/Builder.pm line 1821.
# blib/lib/Business/OnlinePayment/IPayment/Transaction.pm (17): Non-ASCII character seen before =encoding in '€'. Assuming UTF-8
# Looks like you failed 1 test of 4.
t/pod.t .............. 
Dubious, test returned 1 (wstat 256, 0x100)
Failed 1/4 subtests 
# Testing full refund without arguments
t/refund_cap.t ....... ok
# Trying the storage in CGI silent mode
# Using storage id: 23863187
# Using storage id: 23863187
# Testing datastorage expiring
t/storage.t .......... ok
t/url-validation.t ... ok

Test Summary Report
-------------------
t/boilerplate.t    (Wstat: 0 Tests: 3 Failed: 0)
  TODO passed:   1-3
t/pod.t            (Wstat: 256 Tests: 4 Failed: 1)
  Failed test:  4
  Non-zero exit status: 1
Files=11, Tests=194, 53 wallclock secs ( 0.09 usr  0.02 sys +  5.76 cusr  0.41 csys =  6.28 CPU)
Result: FAIL
Failed 1/11 test programs. 1/194 subtests failed.
Makefile:863: recipe for target 'test_dynamic' failed
make: *** [test_dynamic] Error 255

------------------------------
PREREQUISITES
------------------------------

Prerequisite modules loaded:

requires:

    Module                  Need     Have    
    ----------------------- -------- --------
    Business::OnlinePayment 3        3.02    
    Crypt::SSLeay           0        0.64    
    Moo                     1        1.003001
    perl                    5.010001 5.016002
    URI                     1        1.60    
    XML::Compile::SOAP      0        2.38    

build_requires:

    Module                  Need     Have    
    ----------------------- -------- --------
    Test::More              0        1.001002

configure_requires:

    Module                  Need     Have    
    ----------------------- -------- --------
    ExtUtils::MakeMaker     0        6.84    


------------------------------
ENVIRONMENT AND OTHER CONTEXT
------------------------------

Environment variables:

    AUTOMATED_TESTING = 1
    LANG = en_GB.UTF-8
    LC_ADDRESS = en_GB.UTF-8
    LC_COLLATE = en_GB.UTF-8
    LC_CTYPE = en_GB.UTF-8
    LC_IDENTIFICATION = en_GB.UTF-8
    LC_MEASUREMENT = en_GB.UTF-8
    LC_MESSAGES = en_GB.UTF-8
    LC_MONETARY = en_GB.UTF-8
    LC_NAME = en_GB.UTF-8
    LC_NUMERIC = en_GB.UTF-8
    LC_PAPER = en_GB.UTF-8
    LC_TELEPHONE = en_GB.UTF-8
    LC_TIME = en_GB.UTF-8
    PATH = /home/graham/perls/perl5.16.2/bin:/usr/local/sbin:/usr/local/bin:/usr/bin:/usr/bin/core_perl
    PERL5LIB = 
    PERL5OPT = 
    PERL5_CPANPLUS_IS_RUNNING = 6757
    PERL5_CPAN_IS_RUNNING = 6757
    PERL5_CPAN_IS_RUNNING_IN_RECURSION = 490,6757
    PERL_CR_SMOKER_CURRENT = Business-OnlinePayment-IPayment-0.05
    PERL_EXTUTILS_AUTOINSTALL = --defaultdeps
    PERL_MM_USE_DEFAULT = 1
    SHELL = /bin/bash
    TERM = xterm

Perl special variables (and OS-specific diagnostics, for MSWin32):

    $^X = /home/graham/perls/perl5.16.2/bin/perl
    $UID/$EUID = 1000 / 1000
    $GID = 100 10 100
    $EGID = 100 10 100

Perl module toolchain versions installed:

    Module              Have    
    ------------------- --------
    CPAN                2.00    
    CPAN::Meta          2.133380
    Cwd                 3.40    
    ExtUtils::CBuilder  0.280212
    ExtUtils::Command   1.18    
    ExtUtils::Install   1.58    
    ExtUtils::MakeMaker 6.84    
    ExtUtils::Manifest  1.63    
    ExtUtils::ParseXS   3.22    
    File::Spec          3.40    
    JSON                2.90    
    JSON::PP            2.27203 
    Module::Build       0.39_01 
    Module::Signature   n/a     
    Parse::CPAN::Meta   1.4409  
    Test::Harness       3.30    
    Test::More          1.001002
    YAML                0.88    
    YAML::Syck          1.27    
    version             0.9904  


--

Summary of my perl5 (revision 5 version 16 subversion 2) configuration:
   
  Platform:
    osname=linux, osvers=3.11.6-1-arch, archname=x86_64-linux
    uname='linux arch003 3.11.6-1-arch #1 smp preempt fri oct 18 23:22:36 cest 2013 x86_64 gnulinux '
    config_args=''
    hint=recommended, useposix=true, d_sigaction=define
    useithreads=undef, usemultiplicity=undef
    useperlio=define, d_sfio=undef, uselargefiles=define, usesocks=undef
    use64bitint=define, use64bitall=define, uselongdouble=undef
    usemymalloc=n, bincompat5005=undef
  Compiler:
    cc='cc', ccflags ='-fno-strict-aliasing -pipe -fstack-protector -I/usr/local/include -D_LARGEFILE_SOURCE -D_FILE_OFFSET_BITS=64',
    optimize='-O2',
    cppflags='-fno-strict-aliasing -pipe -fstack-protector -I/usr/local/include'
    ccversion='', gccversion='4.8.2', gccosandvers=''
    intsize=4, longsize=8, ptrsize=8, doublesize=8, byteorder=12345678
    d_longlong=define, longlongsize=8, d_longdbl=define, longdblsize=16
    ivtype='long', ivsize=8, nvtype='double', nvsize=8, Off_t='off_t', lseeksize=8
    alignbytes=8, prototype=define
  Linker and Libraries:
    ld='cc', ldflags =' -fstack-protector -L/usr/local/lib'
    libpth=/usr/local/lib /lib/../lib /usr/lib/../lib /lib /usr/lib /lib64 /usr/lib64
    libs=-lnsl -lgdbm -ldb -ldl -lm -lcrypt -lutil -lc -lgdbm_compat
    perllibs=-lnsl -ldl -lm -lcrypt -lutil -lc
    libc=/lib/libc-2.18.so, so=so, useshrplib=false, libperl=libperl.a
    gnulibc_version='2.18'
  Dynamic Linking:
    dlsrc=dl_dlopen.xs, dlext=so, d_dlsymun=undef, ccdlflags='-Wl,-E'
    cccdlflags='-fPIC', lddlflags='-shared -O2 -L/usr/local/lib -fstack-protector'


Characteristics of this binary (from libperl): 
  Compile-time options: HAS_TIMES PERLIO_LAYERS PERL_DONT_CREATE_GVSV
                        PERL_MALLOC_WRAP PERL_PRESERVE_IVUV USE_64_BIT_ALL
                        USE_64_BIT_INT USE_LARGE_FILES USE_LOCALE
                        USE_LOCALE_COLLATE USE_LOCALE_CTYPE
                        USE_LOCALE_NUMERIC USE_PERLIO USE_PERL_ATOF
  Built under linux
  Compiled at Dec  9 2013 10:49:46
  %ENV:
    PERL5LIB=""
    PERL5OPT=""
    PERL5_CPANPLUS_IS_RUNNING="6757"
    PERL5_CPAN_IS_RUNNING="6757"
    PERL5_CPAN_IS_RUNNING_IN_RECURSION="490,6757"
    PERL_CR_SMOKER_CURRENT="Business-OnlinePayment-IPayment-0.05"
    PERL_EXTUTILS_AUTOINSTALL="--defaultdeps"
    PERL_MM_USE_DEFAULT="1"
  @INC:
    /home/graham/perls/perl5.16.2/lib/site_perl/5.16.2/x86_64-linux
    /home/graham/perls/perl5.16.2/lib/site_perl/5.16.2
    /home/graham/perls/perl5.16.2/lib/5.16.2/x86_64-linux
    /home/graham/perls/perl5.16.2/lib/5.16.2
    .