Net-Ident v1.20 Perl 5 v5.12.0 i386-freebsd

Status
Fail
From
Chris Williams (BINGOS)
Dist
Net-Ident v1.20
Platform
Perl 5 v5.12.0 i386-freebsd
Date
2010-04-30 06:32:32
ID
281b27b6-5422-11df-b9fc-021a90befd91
This distribution has been tested as part of the CPAN Testers
project, supporting the Perl programming language.  See
http://wiki.cpantesters.org/ for more information or email
questions to cpan-testers-discuss@perl.org


--

Dear JPC,
    
This is a computer-generated error report created automatically by
CPANPLUS, version 0.9003. Testers personal comments may appear 
at the end of this report.


Thank you for uploading your work to CPAN.  However, it appears that
there were some problems testing your distribution.

TEST RESULTS:

Below is the error stack from stage 'make test':

[MSG] [Fri Apr 30 07:30:27 2010] Trying to get 'http://cpan.hexten.net/authors/id/J/JP/JPC/CHECKSUMS'
[MSG] [Fri Apr 30 07:30:27 2010] Checksum matches for 'Net-Ident-1.20.tar.gz'
[MSG] [Fri Apr 30 07:30:28 2010] Extracted 'Net::Ident' to '/usr/home/cpan/pit/bare/conf/perl-5.12.0/.cpanplus/5.12.0/build/Net-Ident-1.20'
[MSG] [Fri Apr 30 07:30:28 2010] CPANPLUS is prefering Build.PL
[MSG] [Fri Apr 30 07:30:28 2010] Loading YACSmoke database "/usr/home/cpan/pit/bare/conf/perl-5.12.0/.cpanplus/cpansmoke.dat"
[MSG] [Fri Apr 30 07:30:29 2010] Checking if your kit is complete...
Looks good
Do not worry if any of the following items are not found
Checking for previous Net::Ident... Not found.

You could force installing the backwards-compatible Net::Ident, for
example because you want to use scripts that rely on the backwards
compatible calling syntax [not that that's very likely; I'm not aware
of any existing scripts that use it -- JohnPC].

To enable this, re-run this Makefile.PL using:

	perl Makefile.PL --force-compat


Checking for Apache.pm... not found
Writing Makefile for Net::Ident

[MSG] [Fri Apr 30 07:30:29 2010] DEFAULT 'filter_prereqs' HANDLER RETURNING 'sub return value'
[MSG] [Fri Apr 30 07:30:29 2010] Checking for previous PASS result for "Net-Ident-1.20"
[MSG] [Fri Apr 30 07:30:30 2010] cp Ident.pm blib/lib/Net/Ident.pm
Manifying blib/man3/Net::Ident.3

[ERROR] [Fri Apr 30 07:32:32 2010] MAKE TEST failed: No such file or directory PERL_DL_NONLAZY=1 /usr/home/cpan/pit/bare/perl-5.12.0/bin/perl "-MExtUtils::Command::MM" "-e" "test_harness(0, 'blib/lib', 'blib/arch')" t/*.t
Net::Ident::_export_hooks() called too early to check prototype at /usr/home/cpan/pit/bare/conf/perl-5.12.0/.cpanplus/5.12.0/build/Net-Ident-1.20/blib/lib/Net/Ident.pm line 29.
t/0use.t .... ok
Net::Ident::_export_hooks() called too early to check prototype at /usr/home/cpan/pit/bare/conf/perl-5.12.0/.cpanplus/5.12.0/build/Net-Ident-1.20/blib/lib/Net/Ident.pm line 29.
t/apache.t .. skipped: (no reason given)
Net::Ident::_export_hooks() called too early to check prototype at /usr/home/cpan/pit/bare/conf/perl-5.12.0/.cpanplus/5.12.0/build/Net-Ident-1.20/blib/lib/Net/Ident.pm line 29.
t/compat.t .. skipped: (no reason given)
Net::Ident::_export_hooks() called too early to check prototype at /usr/home/cpan/pit/bare/conf/perl-5.12.0/.cpanplus/5.12.0/build/Net-Ident-1.20/blib/lib/Net/Ident.pm line 29.
t/Ident.t ... 
Failed 3/7 subtests 

Test Summary Report
-------------------
t/Ident.t (Wstat: 0 Tests: 7 Failed: 3)
  Failed tests:  1-3
Files=4, Tests=8, 122 wallclock secs ( 0.08 usr  0.03 sys +  0.95 cusr  2.09 csys =  3.15 CPU)
Result: FAIL
Failed 1/4 test programs. 3/8 subtests failed.
*** Error code 255

Stop in /usr/home/cpan/pit/bare/conf/perl-5.12.0/.cpanplus/5.12.0/build/Net-Ident-1.20.

[MSG] [Fri Apr 30 07:32:32 2010] DEFAULT 'proceed_on_test_failure' HANDLER RETURNING 'sub return value'


Perl module toolchain versions installed:
	Module Name                        Have
	CPANPLUS                         0.9003
	CPANPLUS::Dist::Build              0.46
	Cwd                                3.31
	ExtUtils::CBuilder               0.2703
	ExtUtils::Command                  1.16
	ExtUtils::Install                  1.55
	ExtUtils::MakeMaker                6.56
	ExtUtils::Manifest                 1.58
	ExtUtils::ParseXS                2.2205
	File::Spec                         3.31
	Module::Build                    0.3607
	Test::Harness                      3.21
	Test::More                         0.94
	version                            0.82

******************************** NOTE ********************************
The comments above are created mechanically, possibly without manual
checking by the sender.  As there are many people performing automatic
tests on each upload to CPAN, it is likely that you will receive 
identical messages about the same problem.

If you believe that the message is mistaken, please reply to the first
one with correction and/or additional informations, and do not take
it personally.  We appreciate your patience. :)
**********************************************************************

Additional comments:
 

This report was machine-generated by CPANPLUS::Dist::YACSmoke 0.56.
Powered by minismokebox version 0.26

------------------------------
ENVIRONMENT AND OTHER CONTEXT
------------------------------

Environment variables:

    AUTOMATED_TESTING = 1
    PATH = /sbin:/bin:/usr/sbin:/usr/bin:/usr/games:/usr/local/sbin:/usr/local/bin:/home/cpan/bin
    PERL5LIB = :/usr/home/cpan/pit/bare/conf/perl-5.12.0/.cpanplus/5.12.0/build/Net-Ident-1.20/blib/lib:/usr/home/cpan/pit/bare/conf/perl-5.12.0/.cpanplus/5.12.0/build/Net-Ident-1.20/blib/arch
    PERL5_CPANPLUS_IS_RUNNING = 75845
    PERL5_CPANPLUS_IS_VERSION = 0.9003
    PERL5_MINISMOKEBOX = 0.26
    PERL5_YACSMOKE_BASE = /usr/home/cpan/pit/bare/conf/perl-5.12.0/
    PERL_EXTUTILS_AUTOINSTALL = --defaultdeps
    PERL_MM_USE_DEFAULT = 1
    SHELL = /usr/local/bin/bash
    TERM = screen

Perl special variables (and OS-specific diagnostics, for MSWin32):

    Perl: $^X = /usr/home/cpan/pit/bare/perl-5.12.0/bin/perl
    UID:  $<  = 1003
    EUID: $>  = 1003
    GID:  $(  = 1003 1003 1003
    EGID: $)  = 1003 1003 1003


-------------------------------


--

Summary of my perl5 (revision 5 version 12 subversion 0) configuration:
   
  Platform:
    osname=freebsd, osvers=7.2-release, archname=i386-freebsd
    uname='freebsd wintermute.staffordshire.gov.uk 7.2-release freebsd 7.2-release #0: fri may 1 08:49:13 utc 2009 root@walker.cse.buffalo.edu:usrobjusrsrcsysgeneric i386 '
    config_args='-de -Dprefix=/usr/home/cpan/pit/bare/perl-5.12.0'
    hint=recommended, useposix=true, d_sigaction=define
    useithreads=undef, usemultiplicity=undef
    useperlio=define, d_sfio=undef, uselargefiles=define, usesocks=undef
    use64bitint=undef, use64bitall=undef, uselongdouble=undef
    usemymalloc=n, bincompat5005=undef
  Compiler:
    cc='cc', ccflags ='-DHAS_FPSETMASK -DHAS_FLOATINGPOINT_H -fno-strict-aliasing -pipe -fstack-protector -I/usr/local/include',
    optimize='-O',
    cppflags='-DHAS_FPSETMASK -DHAS_FLOATINGPOINT_H -fno-strict-aliasing -pipe -fstack-protector -I/usr/local/include'
    ccversion='', gccversion='4.2.1 20070719  [FreeBSD]', gccosandvers=''
    intsize=4, longsize=4, ptrsize=4, doublesize=8, byteorder=1234
    d_longlong=define, longlongsize=8, d_longdbl=define, longdblsize=12
    ivtype='long', ivsize=4, nvtype='double', nvsize=8, Off_t='off_t', lseeksize=8
    alignbytes=4, prototype=define
  Linker and Libraries:
    ld='cc', ldflags ='-Wl,-E  -fstack-protector -L/usr/local/lib'
    libpth=/usr/lib /usr/local/lib
    libs=-lgdbm -lm -lcrypt -lutil -lc
    perllibs=-lm -lcrypt -lutil -lc
    libc=, so=so, useshrplib=false, libperl=libperl.a
    gnulibc_version=''
  Dynamic Linking:
    dlsrc=dl_dlopen.xs, dlext=so, d_dlsymun=undef, ccdlflags=' '
    cccdlflags='-DPIC -fPIC', lddlflags='-shared  -L/usr/local/lib -fstack-protector'


Characteristics of this binary (from libperl): 
  Compile-time options: PERL_DONT_CREATE_GVSV PERL_MALLOC_WRAP
                        USE_LARGE_FILES USE_PERLIO USE_PERL_ATOF
  Built under freebsd
  Compiled at Apr 25 2010 21:18:12
  %ENV:
    PERL5LIB=":/usr/home/cpan/pit/bare/conf/perl-5.12.0/.cpanplus/5.12.0/build/Net-Ident-1.20/blib/lib:/usr/home/cpan/pit/bare/conf/perl-5.12.0/.cpanplus/5.12.0/build/Net-Ident-1.20/blib/arch"
    PERL5_CPANPLUS_IS_RUNNING="75845"
    PERL5_CPANPLUS_IS_VERSION="0.9003"
    PERL5_MINISMOKEBOX="0.26"
    PERL5_YACSMOKE_BASE="/usr/home/cpan/pit/bare/conf/perl-5.12.0/"
    PERL_EXTUTILS_AUTOINSTALL="--defaultdeps"
    PERL_MM_USE_DEFAULT="1"
  @INC:
    /usr/home/cpan/pit/bare/conf/perl-5.12.0/.cpanplus/5.12.0/build/Net-Ident-1.20/blib/lib
    /usr/home/cpan/pit/bare/conf/perl-5.12.0/.cpanplus/5.12.0/build/Net-Ident-1.20/blib/arch
    /usr/home/cpan/pit/bare/perl-5.12.0/lib/site_perl/5.12.0/i386-freebsd
    /usr/home/cpan/pit/bare/perl-5.12.0/lib/site_perl/5.12.0
    /usr/home/cpan/pit/bare/perl-5.12.0/lib/5.12.0/i386-freebsd
    /usr/home/cpan/pit/bare/perl-5.12.0/lib/5.12.0
    .