Report for AWS-S3-0.040

Back
From: metabase:user:320bfe00-2aae-11df-837a-5e0a49663a4f
Subject: FAIL AWS-S3-0.040 v5.14.4 GNU/Linux
Date: 2014-10-23T08:47:01Z

This distribution has been tested as part of the CPAN Testers
project, supporting the Perl programming language.  See
http://wiki.cpantesters.org/ for more information or email
questions to cpan-testers-discuss@perl.org


--
Dear John Drago,

This is a computer-generated report for AWS-S3-0.040
on perl 5.14.4, created by CPAN-Reporter-1.2011.

Thank you for uploading your work to CPAN.  However, there was a problem
testing your distribution.

If you think this report is invalid, please consult the CPAN Testers Wiki
for suggestions on how to avoid getting FAIL reports for missing library
or binary dependencies, unsupported operating systems, and so on:

http://wiki.cpantesters.org/wiki/CPANAuthorNotes

Sections of this report:

    * Tester comments
    * Program output
    * Prerequisites
    * Environment and other context

------------------------------
TESTER COMMENTS
------------------------------

Additional comments from tester:

this report is from an automated smoke testing program
and was not reviewed by a human for accuracy

------------------------------
PROGRAM OUTPUT
------------------------------

Output from '/usr/bin/make test':

PERL_DL_NONLAZY=1 "/home/sand/src/perl/repoperls/installed-perls/perl/v5.14.4/127e/bin/perl" "-MExtUtils::Command::MM" "-MTest::Harness" "-e" "undef *Test::Harness::Switches; test_harness(0, 'inc', 'blib/lib', 'blib/arch')" t/*.t t/010-basic/*.t
$ENV{AWS_ACCESS_KEY_ID} && $ENV{AWS_SECRET_ACCESS_KEY} must both be defined to run these tests.
t/010-basic/010-basic.t .. ok
t/020_endpoint.t ......... ok
Can't locate AWS/S3/Request/GetPreSignedUrl.pm in @INC (@INC contains: /tmp/loop_over_bdir-24195-HLykB7/AWS-S3-0.040-2bKuoI/inc /tmp/loop_over_bdir-24195-HLykB7/AWS-S3-0.040-2bKuoI/blib/lib /tmp/loop_over_bdir-24195-HLykB7/AWS-S3-0.040-2bKuoI/blib/arch /home/sand/src/perl/repoperls/installed-perls/perl/v5.14.4/127e/lib/site_perl/5.14.4/x86_64-linux-ld /home/sand/src/perl/repoperls/installed-perls/perl/v5.14.4/127e/lib/site_perl/5.14.4 /home/sand/src/perl/repoperls/installed-perls/perl/v5.14.4/127e/lib/5.14.4/x86_64-linux-ld /home/sand/src/perl/repoperls/installed-perls/perl/v5.14.4/127e/lib/5.14.4 .) at t/040_file.t line 73.
 at /tmp/loop_over_bdir-24195-HLykB7/AWS-S3-0.040-2bKuoI/blib/lib/AWS/S3.pm line 44.
	AWS::S3::request(AWS::S3=HASH(0x1cc7038), "GetPreSignedUrl", "bucket", "maibucket", "key", "040_file.t", "expires", 1406712744) called at /tmp/loop_over_bdir-24195-HLykB7/AWS-S3-0.040-2bKuoI/blib/lib/AWS/S3/File.pm line 167
	AWS::S3::File::signed_url(AWS::S3::File=HASH(0x33049d8), 1406712744) called at t/040_file.t line 73
# Tests were run but no plan was declared and done_testing() was not seen.
# Looks like your test exited with 2 just after 18.
t/040_file.t ............. 
Dubious, test returned 2 (wstat 512, 0x200)
All 18 subtests passed 

Test Summary Report
-------------------
t/040_file.t           (Wstat: 512 Tests: 18 Failed: 0)
  Non-zero exit status: 2
  Parse errors: No plan found in TAP output
Files=3, Tests=21, 32 wallclock secs ( 0.02 usr  0.00 sys +  1.24 cusr  0.12 csys =  1.38 CPU)
Result: FAIL
Failed 1/3 test programs. 0/21 subtests failed.
Makefile:854: recipe for target 'test_dynamic' failed
make: *** [test_dynamic] Error 2

------------------------------
PREREQUISITES
------------------------------

Prerequisite modules loaded:

requires:

    Module                     Need Have        
    -------------------------- ---- ------------
    Carp                       0    1.3301      
    Class::Load                0    0.22        
    Digest::HMAC_SHA1          0    1.03        
    ExtUtils::MakeMaker        0    7.00        
    HTTP::Date                 0    6.02        
    Iterator::Paged            0    1.001       
    LWP::UserAgent::Determined 0    1.07        
    MIME::Base64               0    3.14        
    Moose                      2.0  2.1305      
    MooseX::Types              0    0.45        
    MooseX::Types::URI         0    0.07        
    Test::Deep                 0    0.113       
    Test::More                 0    1.301001_062
    URI::Escape                0    3.31        
    XML::LibXML                0    2.0116      
    XML::LibXML::XPathContext  0    2.0116      

build_requires:

    Module                     Need Have        
    -------------------------- ---- ------------
    ExtUtils::MakeMaker        0    7.00        


------------------------------
ENVIRONMENT AND OTHER CONTEXT
------------------------------

Environment variables:

    AUTOMATED_TESTING = 1
    LANG = en_US.UTF-8
    LANGUAGE = en_US:en
    PATH = /home/sand/bin:/usr/local/bin:/usr/bin:/bin:/usr/games:/usr/local/perl/bin:/usr/X11/bin:/sbin:/usr/sbin
    PERL5LIB = 
    PERL5OPT = 
    PERL5_CPANPLUS_IS_RUNNING = 24196
    PERL5_CPAN_IS_RUNNING = 24196
    PERL_MM_USE_DEFAULT = 1
    SHELL = /usr/bin/zsh
    TERM = screen

Perl special variables (and OS-specific diagnostics, for MSWin32):

    $^X = /home/sand/src/perl/repoperls/installed-perls/perl/v5.14.4/127e/bin/perl
    $UID/$EUID = 1005 / 1005
    $GID = 1005 1005
    $EGID = 1005 1005

Perl module toolchain versions installed:

    Module              Have        
    ------------------- ------------
    CPAN                2.05        
    CPAN::Meta          2.142690    
    Cwd                 3.47        
    ExtUtils::CBuilder  0.280220    
    ExtUtils::Command   1.17        
    ExtUtils::Install   1.56        
    ExtUtils::MakeMaker 7.00        
    ExtUtils::Manifest  1.68        
    ExtUtils::ParseXS   3.24        
    File::Spec          3.47        
    JSON                2.90        
    JSON::PP            2.27203     
    Module::Build       0.4210      
    Module::Signature   0.73        
    Parse::CPAN::Meta   1.4414      
    Test::Harness       3.33        
    Test::More          1.301001_062
    YAML                1.13        
    YAML::Syck          1.27        
    version             0.9909      


--

Summary of my perl5 (revision 5 version 14 subversion 4) configuration:
  Commit id: 26c5c13a4ece9084f310610bb17fb2f24c72a73e
  Platform:
    osname=linux, osvers=3.16-2-amd64, archname=x86_64-linux-ld
    uname='linux k83 3.16-2-amd64 #1 smp debian 3.16.3-2 (2014-09-20) x86_64 gnulinux '
    config_args='-Dprefix=/home/sand/src/perl/repoperls/installed-perls/perl/v5.14.4/127e -Dmyhostname=k83 -Dinstallusrbinperl=n -Uversiononly -Dusedevel -des -Ui_db -Uuseithreads -Duselongdouble -DDEBUGGING=-g'
    hint=recommended, useposix=true, d_sigaction=define
    useithreads=undef, usemultiplicity=undef
    useperlio=define, d_sfio=undef, uselargefiles=define, usesocks=undef
    use64bitint=define, use64bitall=define, uselongdouble=define
    usemymalloc=n, bincompat5005=undef
  Compiler:
    cc='cc', ccflags ='-fno-strict-aliasing -pipe -fstack-protector -I/usr/local/include -D_LARGEFILE_SOURCE -D_FILE_OFFSET_BITS=64',
    optimize='-O2 -g',
    cppflags='-fno-strict-aliasing -pipe -fstack-protector -I/usr/local/include'
    ccversion='', gccversion='4.9.1', gccosandvers=''
    intsize=4, longsize=8, ptrsize=8, doublesize=8, byteorder=12345678
    d_longlong=define, longlongsize=8, d_longdbl=define, longdblsize=16
    ivtype='long', ivsize=8, nvtype='long double', nvsize=16, Off_t='off_t', lseeksize=8
    alignbytes=16, prototype=define
  Linker and Libraries:
    ld='cc', ldflags =' -fstack-protector -L/usr/local/lib'
    libpth=/usr/local/lib /lib/x86_64-linux-gnu /lib/../lib /usr/lib/x86_64-linux-gnu /usr/lib/../lib /lib /usr/lib
    libs=-lnsl -lgdbm -ldb -ldl -lm -lcrypt -lutil -lc -lgdbm_compat
    perllibs=-lnsl -ldl -lm -lcrypt -lutil -lc
    libc=, so=so, useshrplib=false, libperl=libperl.a
    gnulibc_version='2.19'
  Dynamic Linking:
    dlsrc=dl_dlopen.xs, dlext=so, d_dlsymun=undef, ccdlflags='-Wl,-E'
    cccdlflags='-fPIC', lddlflags='-shared -O2 -g -L/usr/local/lib -fstack-protector'


Characteristics of this binary (from libperl): 
  Compile-time options: PERL_DONT_CREATE_GVSV PERL_MALLOC_WRAP
                        PERL_PRESERVE_IVUV PERL_USE_DEVEL USE_64_BIT_ALL
                        USE_64_BIT_INT USE_LARGE_FILES USE_LONG_DOUBLE
                        USE_PERLIO USE_PERL_ATOF
  Built under linux
  Compiled at Oct 17 2014 04:27:06
  %ENV:
    PERL5LIB=""
    PERL5OPT=""
    PERL5_CPANPLUS_IS_RUNNING="24196"
    PERL5_CPAN_IS_RUNNING="24196"
    PERL_MM_USE_DEFAULT="1"
  @INC:
    /home/sand/src/perl/repoperls/installed-perls/perl/v5.14.4/127e/lib/site_perl/5.14.4/x86_64-linux-ld
    /home/sand/src/perl/repoperls/installed-perls/perl/v5.14.4/127e/lib/site_perl/5.14.4
    /home/sand/src/perl/repoperls/installed-perls/perl/v5.14.4/127e/lib/5.14.4/x86_64-linux-ld
    /home/sand/src/perl/repoperls/installed-perls/perl/v5.14.4/127e/lib/5.14.4
    .