Carp-Diagnostics v0.05.3 Perl 5 v5.24.4 RC1 x86_64-linux

Status
Fail
From
Slaven Rezić (SREZIC)
Dist
Carp-Diagnostics v0.05.3
Platform
Perl 5 v5.24.4 RC1 x86_64-linux
Date
2018-11-20 22:25:18
ID
28f204c8-ed13-11e8-85fe-b2749eeca507
This distribution has been tested as part of the CPAN Testers
project, supporting the Perl programming language.  See
http://wiki.cpantesters.org/ for more information or email
questions to cpan-testers-discuss@perl.org


--
Dear Nadim Ibn Hamouda El Khemir,

This is a computer-generated report for Carp-Diagnostics-0.05.3
on perl 5.24.4, created by CPAN-Reporter-1.2018.

Thank you for uploading your work to CPAN.  However, there was a problem
testing your distribution.

If you think this report is invalid, please consult the CPAN Testers Wiki
for suggestions on how to avoid getting FAIL reports for missing library
or binary dependencies, unsupported operating systems, and so on:

http://wiki.cpantesters.org/wiki/CPANAuthorNotes

Sections of this report:

    * Tester comments
    * Program output
    * Prerequisites
    * Environment and other context

------------------------------
TESTER COMMENTS
------------------------------

Additional comments from tester:

none provided

------------------------------
PROGRAM OUTPUT
------------------------------

Output from './Build test':

t/001_load.t ......... ok

#   Failed test 'no warnings'
#   at /opt/perl-5.24.4-RC1/lib/site_perl/5.24.4/Test/Builder.pm line 158.
# There were 1 warning(s)
# 	Previous test 8 'short confess'
# 	Use of uninitialized value $columns in string eq at /home/cpansand/.cpan/build/2018112022/Carp-Diagnostics-0.05.3-10/blib/lib/Carp/Diagnostics.pm line 430.
#  at /home/cpansand/.cpan/build/2018112022/Carp-Diagnostics-0.05.3-10/blib/lib/Carp/Diagnostics.pm line 430.
# 	Carp::Diagnostics::GetTerminalWidth() called at /home/cpansand/.cpan/build/2018112022/Carp-Diagnostics-0.05.3-10/blib/lib/Carp/Diagnostics.pm line 391
# 	Carp::Diagnostics::Podify() called at /home/cpansand/.cpan/build/2018112022/Carp-Diagnostics-0.05.3-10/blib/lib/Carp/Diagnostics.pm line 245
# 	Carp::Diagnostics::croak() called at t/004_diagnostics.t line 71
# 	Test::Exception::throws_ok() called at t/004_diagnostics.t line 81
# 
# Looks like you failed 1 test of 11.
t/004_diagnostics.t .. 
Dubious, test returned 1 (wstat 256, 0x100)
Failed 1/11 subtests 

#   Failed test 'no warnings'
#   at /opt/perl-5.24.4-RC1/lib/site_perl/5.24.4/Test/Builder.pm line 158.
# There were 1 warning(s)
# 	Previous test 8 'confess'
# 	Use of uninitialized value $columns in string eq at /home/cpansand/.cpan/build/2018112022/Carp-Diagnostics-0.05.3-10/blib/lib/Carp/Diagnostics.pm line 430.
#  at /home/cpansand/.cpan/build/2018112022/Carp-Diagnostics-0.05.3-10/blib/lib/Carp/Diagnostics.pm line 430.
# 	Carp::Diagnostics::GetTerminalWidth() called at /home/cpansand/.cpan/build/2018112022/Carp-Diagnostics-0.05.3-10/blib/lib/Carp/Diagnostics.pm line 391
# 	Carp::Diagnostics::Podify() called at /home/cpansand/.cpan/build/2018112022/Carp-Diagnostics-0.05.3-10/blib/lib/Carp/Diagnostics.pm line 245
# 	Carp::Diagnostics::croak() called at t/005_arguments.t line 69
# 	Test::Exception::throws_ok() called at t/005_arguments.t line 78
# 
# Looks like you failed 1 test of 11.
t/005_arguments.t .... 
Dubious, test returned 1 (wstat 256, 0x100)
Failed 1/11 subtests 

Test Summary Report
-------------------
t/004_diagnostics.t (Wstat: 256 Tests: 11 Failed: 1)
  Failed test:  11
  Non-zero exit status: 1
t/005_arguments.t  (Wstat: 256 Tests: 11 Failed: 1)
  Failed test:  11
  Non-zero exit status: 1
Files=3, Tests=24,  0 wallclock secs ( 0.02 usr  0.03 sys +  0.40 cusr  0.09 csys =  0.54 CPU)
Result: FAIL
Failed 2/3 test programs. 2/24 subtests failed.

------------------------------
PREREQUISITES
------------------------------

Prerequisite modules loaded:

requires:

    Module           Need Have 
    ---------------- ---- -----
    IO::String       0    1.08 
    Pod::Text        0    4.10 
    Readonly         0    2.05 
    Sub::Exporter    0    0.987
    Term::Size       0.2  0.209
    Test::Block      0    0.13 
    Test::Exception  0    0.43 
    Test::NoWarnings 0    1.04 
    Test::Warn       0    0.32 


------------------------------
ENVIRONMENT AND OTHER CONTEXT
------------------------------

Environment variables:

    LANG = en_US.UTF-8
    PATH = /usr/local/bin:/usr/bin:/bin:/usr/local/sbin:/usr/sbin:/sbin:/home/cpansand/bin/linux-gnu:/home/cpansand/bin/sh:/home/cpansand/bin:/usr/games:/home/cpansand/devel:/home/eserte/src/srezic-misc/scripts
    PERL5LIB = /home/cpansand/.cpan/build/2018112022/Term-Size-0.209-5/blib/arch:/home/cpansand/.cpan/build/2018112022/Term-Size-0.209-5/blib/lib
    PERL5OPT = 
    PERL5_CPANPLUS_IS_RUNNING = 26836
    PERL5_CPAN_IS_RUNNING = 26836
    PERL5_CPAN_IS_RUNNING_IN_RECURSION = 24881,26836
    PERLDOC = -MPod::Perldoc::ToTextOverstrike
    PERL_BATCH = yes
    PERL_CANARY_STABILITY_NOPROMPT = 1
    PERL_CPAN_REPORTER_CONFIG = /var/tmp/cpansmoker-1023/2018112022/cpanreporter_002_config.ini
    PERL_EXTUTILS_AUTOINSTALL = --defaultdeps
    SHELL = /usr/bin/zsh
    TERM = screen
    TMPDIR = /var/tmp/cpansmoker-1023/2018112022

Perl special variables (and OS-specific diagnostics, for MSWin32):

    $^X = /opt/perl-5.24.4-RC1/bin/perl
    $UID/$EUID = 1023 / 1023
    $GID = 1023 1023
    $EGID = 1023 1023

Perl module toolchain versions installed:

    Module              Have    
    ------------------- --------
    CPAN                2.16    
    CPAN::Meta          2.150010
    Cwd                 3.74    
    ExtUtils::CBuilder  0.280230
    ExtUtils::Command   7.34    
    ExtUtils::Install   2.14    
    ExtUtils::MakeMaker 7.34    
    ExtUtils::Manifest  1.70    
    ExtUtils::ParseXS   3.35    
    File::Spec          3.74    
    JSON                2.97001 
    JSON::PP            2.97001 
    Module::Build       0.4224  
    Module::Signature   0.81    
    Parse::CPAN::Meta   2.150010
    Test::Harness       3.42    
    Test::More          1.302135
    YAML                1.24    
    YAML::Syck          1.30    
    version             0.9918  


--

Summary of my perl5 (revision 5 version 24 subversion 4) configuration:
   
  Platform:
    osname=linux, osvers=4.4.0-116-generic, archname=x86_64-linux
    uname='linux ubuntu16 4.4.0-116-generic #140-ubuntu smp mon feb 12 21:23:04 utc 2018 x86_64 x86_64 x86_64 gnulinux '
    config_args='-ds -e -Dprefix=/opt/perl-5.24.4-RC1 -Dcf_email=srezic@cpan.org'
    hint=recommended, useposix=true, d_sigaction=define
    useithreads=undef, usemultiplicity=undef
    use64bitint=define, use64bitall=define, uselongdouble=undef
    usemymalloc=n, bincompat5005=undef
  Compiler:
    cc='cc', ccflags ='-fwrapv -fno-strict-aliasing -pipe -fstack-protector-strong -I/usr/local/include -D_LARGEFILE_SOURCE -D_FILE_OFFSET_BITS=64',
    optimize='-O2',
    cppflags='-fwrapv -fno-strict-aliasing -pipe -fstack-protector-strong -I/usr/local/include'
    ccversion='', gccversion='5.4.0 20160609', gccosandvers=''
    intsize=4, longsize=8, ptrsize=8, doublesize=8, byteorder=12345678, doublekind=3
    d_longlong=define, longlongsize=8, d_longdbl=define, longdblsize=16, longdblkind=3
    ivtype='long', ivsize=8, nvtype='double', nvsize=8, Off_t='off_t', lseeksize=8
    alignbytes=8, prototype=define
  Linker and Libraries:
    ld='cc', ldflags =' -fstack-protector-strong -L/usr/local/lib'
    libpth=/usr/local/lib /usr/lib/gcc/x86_64-linux-gnu/5/include-fixed /usr/include/x86_64-linux-gnu /usr/lib /lib/x86_64-linux-gnu /lib/../lib /usr/lib/x86_64-linux-gnu /usr/lib/../lib /lib
    libs=-lpthread -lnsl -lgdbm -ldb -ldl -lm -lcrypt -lutil -lc -lgdbm_compat
    perllibs=-lpthread -lnsl -ldl -lm -lcrypt -lutil -lc
    libc=libc-2.23.so, so=so, useshrplib=false, libperl=libperl.a
    gnulibc_version='2.23'
  Dynamic Linking:
    dlsrc=dl_dlopen.xs, dlext=so, d_dlsymun=undef, ccdlflags='-Wl,-E'
    cccdlflags='-fPIC', lddlflags='-shared -O2 -L/usr/local/lib -fstack-protector-strong'


Characteristics of this binary (from libperl): 
  Compile-time options: HAS_TIMES PERLIO_LAYERS PERL_COPY_ON_WRITE
                        PERL_DONT_CREATE_GVSV
                        PERL_HASH_FUNC_ONE_AT_A_TIME_HARD PERL_MALLOC_WRAP
                        PERL_PRESERVE_IVUV USE_64_BIT_ALL USE_64_BIT_INT
                        USE_LARGE_FILES USE_LOCALE USE_LOCALE_COLLATE
                        USE_LOCALE_CTYPE USE_LOCALE_NUMERIC USE_LOCALE_TIME
                        USE_PERLIO USE_PERL_ATOF
  Locally applied patches:
	RC1
  Built under linux
  Compiled at Mar 24 2018 19:56:23
  %ENV:
    PERL5LIB="/home/cpansand/.cpan/build/2018112022/Term-Size-0.209-5/blib/arch:/home/cpansand/.cpan/build/2018112022/Term-Size-0.209-5/blib/lib"
    PERL5OPT=""
    PERL5_CPANPLUS_IS_RUNNING="26836"
    PERL5_CPAN_IS_RUNNING="26836"
    PERL5_CPAN_IS_RUNNING_IN_RECURSION="24881,26836"
    PERLDOC="-MPod::Perldoc::ToTextOverstrike"
    PERL_BATCH="yes"
    PERL_CANARY_STABILITY_NOPROMPT="1"
    PERL_CPAN_REPORTER_CONFIG="/var/tmp/cpansmoker-1023/2018112022/cpanreporter_002_config.ini"
    PERL_EXTUTILS_AUTOINSTALL="--defaultdeps"
  @INC:
    /home/cpansand/.cpan/build/2018112022/Term-Size-0.209-5/blib/arch
    /home/cpansand/.cpan/build/2018112022/Term-Size-0.209-5/blib/lib
    /opt/perl-5.24.4-RC1/lib/site_perl/5.24.4/x86_64-linux
    /opt/perl-5.24.4-RC1/lib/site_perl/5.24.4
    /opt/perl-5.24.4-RC1/lib/5.24.4/x86_64-linux
    /opt/perl-5.24.4-RC1/lib/5.24.4
    .