Report for Data-Integer-0.005

Back
From: metabase:user:320bfe00-2aae-11df-837a-5e0a49663a4f
Subject: FAIL Data-Integer-0.005 v5.23.5 GNU/Linux
Date: 2016-01-07T08:39:27Z

This distribution has been tested as part of the CPAN Testers
project, supporting the Perl programming language.  See
http://wiki.cpantesters.org/ for more information or email
questions to cpan-testers-discuss@perl.org


--
Dear Andrew Main (Zefram),

This is a computer-generated report for Data-Integer-0.005
on perl 5.23.5, created by CPAN-Reporter-1.2015.

Thank you for uploading your work to CPAN.  However, there was a problem
testing your distribution.

If you think this report is invalid, please consult the CPAN Testers Wiki
for suggestions on how to avoid getting FAIL reports for missing library
or binary dependencies, unsupported operating systems, and so on:

http://wiki.cpantesters.org/wiki/CPANAuthorNotes

Sections of this report:

    * Tester comments
    * Program output
    * Prerequisites
    * Environment and other context

------------------------------
TESTER COMMENTS
------------------------------

Additional comments from tester:

this report is from an automated smoke testing program
and was not reviewed by a human for accuracy

------------------------------
PROGRAM OUTPUT
------------------------------

Output from './Build test':

not a native integer at t/arith.t line 49.
# Looks like you planned 3052 tests but ran 55.
# Looks like your test exited with 255 just after 55.
t/arith.t .... 
Dubious, test returned 255 (wstat 65280, 0xff00)
Failed 2997/3052 subtests 

#   Failed test '-1 match -1'
#   at t/bitwise.t line 26.

#   Failed test '-2 match -2'
#   at t/bitwise.t line 26.

#   Failed test '-292 match -292'
#   at t/bitwise.t line 26.

#   Failed test '-9223372036854775808 match -9223372036854775808'
#   at t/bitwise.t line 26.

#   Failed test '-9223372036854771664 match -9223372036854771664'
#   at t/bitwise.t line 26.

#   Failed test '-9223372036854771664 match -9223372036854771664'
#   at t/bitwise.t line 26.

#   Failed test '-1 match -1'
#   at t/bitwise.t line 26.

#   Failed test '-1 match -1'
#   at t/bitwise.t line 26.

#   Failed test '-1 match -1'
#   at t/bitwise.t line 26.

#   Failed test '-1 match -1'
#   at t/bitwise.t line 26.

#   Failed test '-4145 match -4145'
#   at t/bitwise.t line 26.

#   Failed test '-4145 match -4145'
#   at t/bitwise.t line 26.

#   Failed test '-517 match -517'
#   at t/bitwise.t line 26.

#   Failed test '-517 match -517'
#   at t/bitwise.t line 26.

#   Failed test '-1 match -1'
#   at t/bitwise.t line 26.

#   Failed test '-1 match -1'
#   at t/bitwise.t line 26.

#   Failed test '-4661 match -4661'
#   at t/bitwise.t line 26.

#   Failed test '-4661 match -4661'
#   at t/bitwise.t line 26.

#   Failed test '-4609 match -4609'
#   at t/bitwise.t line 26.

#   Failed test '-4609 match -4609'
#   at t/bitwise.t line 26.

#   Failed test '-9223372036854775808 match -9223372036854775808'
#   at t/bitwise.t line 26.

#   Failed test '-9223372036854775808 match -9223372036854775808'
#   at t/bitwise.t line 26.

#   Failed test '-4864 match -4864'
#   at t/bitwise.t line 26.

#   Failed test '-1 match -1'
#   at t/bitwise.t line 26.

#   Failed test '-1 match -1'
#   at t/bitwise.t line 26.

#   Failed test '-9223372036854767809 match -9223372036854767809'
#   at t/bitwise.t line 26.

#   Failed test '-9223372036854767809 match -9223372036854767809'
#   at t/bitwise.t line 26.

#   Failed test '-9223372036854713612 match -9223372036854713612'
#   at t/bitwise.t line 26.

#   Failed test '-9223372036854713612 match -9223372036854713612'
#   at t/bitwise.t line 26.

#   Failed test '-204 match -204'
#   at t/bitwise.t line 26.

#   Failed test '-204 match -204'
#   at t/bitwise.t line 26.

#   Failed test '-1 match -1'
#   at t/bitwise.t line 26.

#   Failed test '-1 match -1'
#   at t/bitwise.t line 26.

#   Failed test '-4661 match -4661'
#   at t/bitwise.t line 26.

#   Failed test '-4661 match -4661'
#   at t/bitwise.t line 26.

#   Failed test '-62197 match -62197'
#   at t/bitwise.t line 26.

#   Failed test '-62197 match -62197'
#   at t/bitwise.t line 26.

#   Failed test '-8000 match -8000'
#   at t/bitwise.t line 26.

#   Failed test '-8000 match -8000'
#   at t/bitwise.t line 26.

#   Failed test '-1 match -1'
#   at t/bitwise.t line 26.

#   Failed test '-1 match -1'
#   at t/bitwise.t line 26.

#   Failed test '-57537 match -57537'
#   at t/bitwise.t line 26.

#   Failed test '-3340 match -3340'
#   at t/bitwise.t line 26.

#   Failed test '-9223372036854775808 match -9223372036854775808'
#   at t/bitwise.t line 26.

#   Failed test '-3340 match -3340'
#   at t/bitwise.t line 26.

#   Failed test '-57537 match -57537'
#   at t/bitwise.t line 26.

#   Failed test '-53 match -53'
#   at t/bitwise.t line 26.

#   Failed test '-1 match -1'
#   at t/bitwise.t line 26.

#   Failed test '-1 match -1'
#   at t/bitwise.t line 26.

#   Failed test '-9223372036854768325 match -9223372036854768325'
#   at t/bitwise.t line 26.

#   Failed test '-9223372036854768325 match -9223372036854768325'
#   at t/bitwise.t line 26.

#   Failed test '-4812 match -4812'
#   at t/bitwise.t line 26.

#   Failed test '-4812 match -4812'
#   at t/bitwise.t line 26.

#   Failed test '-1 match -1'
#   at t/bitwise.t line 26.

#   Failed test '-1 match -1'
#   at t/bitwise.t line 26.

#   Failed test '-4661 match -4661'
#   at t/bitwise.t line 26.

#   Failed test '-4661 match -4661'
#   at t/bitwise.t line 26.

#   Failed test '-58053 match -58053'
#   at t/bitwise.t line 26.

#   Failed test '-58053 match -58053'
#   at t/bitwise.t line 26.

#   Failed test '-7484 match -7484'
#   at t/bitwise.t line 26.

#   Failed test '-7484 match -7484'
#   at t/bitwise.t line 26.

#   Failed test '-58053 match -58053'
#   at t/bitwise.t line 26.

#   Failed test '-58053 match -58053'
#   at t/bitwise.t line 26.

#   Failed test '-9223372036854771148 match -9223372036854771148'
#   at t/bitwise.t line 26.

#   Failed test '-9223372036854771148 match -9223372036854771148'
#   at t/bitwise.t line 26.

#   Failed test '-9223372036854742428 match -9223372036854742428'
#   at t/bitwise.t line 26.

#   Failed test '-9223372036854742428 match -9223372036854742428'
#   at t/bitwise.t line 26.
# Looks like you failed 67 tests of 261.
t/bitwise.t .. 
Dubious, test returned 67 (wstat 17152, 0x4300)
Failed 67/261 subtests 
t/canon.t .... ok
t/const.t .... ok
not a native integer at t/fmt.t line 37.
# Looks like you planned 45 tests but ran 23.
# Looks like your test exited with 255 just after 23.
t/fmt.t ...... 
Dubious, test returned 255 (wstat 65280, 0xff00)
Failed 22/45 subtests 

#   Failed test '-4611686018427387907 match -4611686018427387907'
#   at t/hex.t line 24.

#   Failed test '-9223372036854775807 match -9223372036854775807'
#   at t/hex.t line 24.

#   Failed test '-9223372036854775808 match -9223372036854775808'
#   at t/hex.t line 24.
# Looks like you failed 3 tests of 116.
t/hex.t ...... 
Dubious, test returned 3 (wstat 768, 0x300)
Failed 3/116 subtests 

#   Failed test '-9223372036854775808 match -9223372036854775808'
#   at t/marith.t line 23.

#   Failed test '-9223372036854775808 match -9223372036854775808'
#   at t/marith.t line 23.

#   Failed test '-9223372036854775808 match -9223372036854775808'
#   at t/marith.t line 23.

#   Failed test '-9223372036854775807 match -9223372036854775807'
#   at t/marith.t line 23.

#   Failed test '-9223372036854775807 match -9223372036854775807'
#   at t/marith.t line 23.

#   Failed test '-9223372036854775807 match -9223372036854775807'
#   at t/marith.t line 23.

#   Failed test '-291 match -291'
#   at t/marith.t line 23.

#   Failed test '-291 match -291'
#   at t/marith.t line 23.

#   Failed test '-291 match -291'
#   at t/marith.t line 23.

#   Failed test '-2 match -2'
#   at t/marith.t line 23.

#   Failed test '-2 match -2'
#   at t/marith.t line 23.

#   Failed test '-2 match -2'
#   at t/marith.t line 23.

#   Failed test '-1 match -1'
#   at t/marith.t line 23.

#   Failed test '-1 match -1'
#   at t/marith.t line 23.

#   Failed test '-1 match -1'
#   at t/marith.t line 23.

#   Failed test '-9223372036854775808 match -9223372036854775808'
#   at t/marith.t line 23.

#   Failed test '-9223372036854775808 match -9223372036854775808'
#   at t/marith.t line 23.

#   Failed test '-9223372036854775807 match -9223372036854775807'
#   at t/marith.t line 23.

#   Failed test '-9223372036854775807 match -9223372036854775807'
#   at t/marith.t line 23.

#   Failed test '-9223372036854775808 match -9223372036854775808'
#   at t/marith.t line 23.

#   Failed test '-9223372036854775806 match -9223372036854775806'
#   at t/marith.t line 23.

#   Failed test '-9223372036854775806 match -9223372036854775806'
#   at t/marith.t line 23.

#   Failed test '-9223372036854775807 match -9223372036854775807'
#   at t/marith.t line 23.

#   Failed test '-290 match -290'
#   at t/marith.t line 23.

#   Failed test '-290 match -290'
#   at t/marith.t line 23.

#   Failed test '-291 match -291'
#   at t/marith.t line 23.

#   Failed test '-1 match -1'
#   at t/marith.t line 23.

#   Failed test '-1 match -1'
#   at t/marith.t line 23.

#   Failed test '-2 match -2'
#   at t/marith.t line 23.

#   Failed test '-1 match -1'
#   at t/marith.t line 23.

#   Failed test '-9223372036854775808 match -9223372036854775808'
#   at t/marith.t line 23.

#   Failed test '-9223372036854775808 match -9223372036854775808'
#   at t/marith.t line 23.

#   Failed test '-9223372036854775807 match -9223372036854775807'
#   at t/marith.t line 23.

#   Failed test '-9223372036854775807 match -9223372036854775807'
#   at t/marith.t line 23.

#   Failed test '-9223372036854775806 match -9223372036854775806'
#   at t/marith.t line 23.

#   Failed test '-9223372036854775806 match -9223372036854775806'
#   at t/marith.t line 23.

#   Failed test '-9223372036854775808 match -9223372036854775808'
#   at t/marith.t line 23.

#   Failed test '-1 match -1'
#   at t/marith.t line 23.

#   Failed test '-9223372036854775807 match -9223372036854775807'
#   at t/marith.t line 23.

#   Failed test '-9223372036854775807 match -9223372036854775807'
#   at t/marith.t line 23.

#   Failed test '-2 match -2'
#   at t/marith.t line 23.

#   Failed test '-2 match -2'
#   at t/marith.t line 23.

#   Failed test '-291 match -291'
#   at t/marith.t line 23.

#   Failed test '-1 match -1'
#   at t/marith.t line 23.

#   Failed test '-1 match -1'
#   at t/marith.t line 23.

#   Failed test '-291 match -291'
#   at t/marith.t line 23.

#   Failed test '-9223372036854775808 match -9223372036854775808'
#   at t/marith.t line 23.

#   Failed test '-9223372036854775808 match -9223372036854775808'
#   at t/marith.t line 23.

#   Failed test '-9223372036854775519 match -9223372036854775519'
#   at t/marith.t line 23.

#   Failed test '-9223372036854775519 match -9223372036854775519'
#   at t/marith.t line 23.

#   Failed test '-9223372036854775518 match -9223372036854775518'
#   at t/marith.t line 23.

#   Failed test '-9223372036854775518 match -9223372036854775518'
#   at t/marith.t line 23.

#   Failed test '-9223372036854775517 match -9223372036854775517'
#   at t/marith.t line 23.

#   Failed test '-9223372036854775517 match -9223372036854775517'
#   at t/marith.t line 23.

#   Failed test '-9223372036854775808 match -9223372036854775808'
#   at t/marith.t line 23.

#   Failed test '-2 match -2'
#   at t/marith.t line 23.

#   Failed test '-2 match -2'
#   at t/marith.t line 23.

#   Failed test '-293 match -293'
#   at t/marith.t line 23.

#   Failed test '-1 match -1'
#   at t/marith.t line 23.

#   Failed test '-1 match -1'
#   at t/marith.t line 23.

#   Failed test '-292 match -292'
#   at t/marith.t line 23.

#   Failed test '-291 match -291'
#   at t/marith.t line 23.

#   Failed test '-2 match -2'
#   at t/marith.t line 23.

#   Failed test '-1 match -1'
#   at t/marith.t line 23.

#   Failed test '-291 match -291'
#   at t/marith.t line 23.

#   Failed test '-9223372036854775808 match -9223372036854775808'
#   at t/marith.t line 23.

#   Failed test '-9223372036854775808 match -9223372036854775808'
#   at t/marith.t line 23.

#   Failed test '-2 match -2'
#   at t/marith.t line 23.

#   Failed test '-1 match -1'
#   at t/marith.t line 23.

#   Failed test '-9223372036854775808 match -9223372036854775808'
#   at t/marith.t line 23.

#   Failed test '-9223372036854775808 match -9223372036854775808'
#   at t/marith.t line 23.

#   Failed test '-9223372036854775807 match -9223372036854775807'
#   at t/marith.t line 23.

#   Failed test '-9223372036854775807 match -9223372036854775807'
#   at t/marith.t line 23.

#   Failed test '-2 match -2'
#   at t/marith.t line 23.

#   Failed test '-1 match -1'
#   at t/marith.t line 23.

#   Failed test '-2 match -2'
#   at t/marith.t line 23.

#   Failed test '-2 match -2'
#   at t/marith.t line 23.

#   Failed test '-9223372036854775807 match -9223372036854775807'
#   at t/marith.t line 23.

#   Failed test '-4 match -4'
#   at t/marith.t line 23.

#   Failed test '-4 match -4'
#   at t/marith.t line 23.

#   Failed test '-3 match -3'
#   at t/marith.t line 23.

#   Failed test '-3 match -3'
#   at t/marith.t line 23.

#   Failed test '-2 match -2'
#   at t/marith.t line 23.

#   Failed test '-2 match -2'
#   at t/marith.t line 23.

#   Failed test '-9223372036854775808 match -9223372036854775808'
#   at t/marith.t line 23.

#   Failed test '-1 match -1'
#   at t/marith.t line 23.

#   Failed test '-1 match -1'
#   at t/marith.t line 23.

#   Failed test '-9223372036854775807 match -9223372036854775807'
#   at t/marith.t line 23.

#   Failed test '-9223372036854775806 match -9223372036854775806'
#   at t/marith.t line 23.

#   Failed test '-9223372036854775805 match -9223372036854775805'
#   at t/marith.t line 23.

#   Failed test '-291 match -291'
#   at t/marith.t line 23.

#   Failed test '-2 match -2'
#   at t/marith.t line 23.

#   Failed test '-1 match -1'
#   at t/marith.t line 23.

#   Failed test '-2 match -2'
#   at t/marith.t line 23.

#   Failed test '-2 match -2'
#   at t/marith.t line 23.

#   Failed test '-1 match -1'
#   at t/marith.t line 23.

#   Failed test '-1 match -1'
#   at t/marith.t line 23.

#   Failed test '-9223372036854775808 match -9223372036854775808'
#   at t/marith.t line 23.

#   Failed test '-9223372036854775807 match -9223372036854775807'
#   at t/marith.t line 23.

#   Failed test '-9223372036854775806 match -9223372036854775806'
#   at t/marith.t line 23.

#   Failed test '-291 match -291'
#   at t/marith.t line 23.

#   Failed test '-2 match -2'
#   at t/marith.t line 23.

#   Failed test '-1 match -1'
#   at t/marith.t line 23.

#   Failed test '-9223372036854775808 match -9223372036854775808'
#   at t/marith.t line 23.

#   Failed test '-9223372036854775808 match -9223372036854775808'
#   at t/marith.t line 23.

#   Failed test '-9223372036854775807 match -9223372036854775807'
#   at t/marith.t line 23.

#   Failed test '-9223372036854775808 match -9223372036854775808'
#   at t/marith.t line 23.

#   Failed test '-291 match -291'
#   at t/marith.t line 23.

#   Failed test '-9223372036854775808 match -9223372036854775808'
#   at t/marith.t line 23.

#   Failed test '-2 match -2'
#   at t/marith.t line 23.

#   Failed test '-9223372036854775808 match -9223372036854775808'
#   at t/marith.t line 23.

#   Failed test '-1 match -1'
#   at t/marith.t line 23.

#   Failed test '-9223372036854775808 match -9223372036854775808'
#   at t/marith.t line 23.

#   Failed test '-9223372036854775807 match -9223372036854775807'
#   at t/marith.t line 23.

#   Failed test '-9223372036854775807 match -9223372036854775807'
#   at t/marith.t line 23.

#   Failed test '-9223372036854775806 match -9223372036854775806'
#   at t/marith.t line 23.

#   Failed test '-9223372036854775807 match -9223372036854775807'
#   at t/marith.t line 23.

#   Failed test '-2 match -2'
#   at t/marith.t line 23.

#   Failed test '-9223372036854775807 match -9223372036854775807'
#   at t/marith.t line 23.

#   Failed test '-3 match -3'
#   at t/marith.t line 23.

#   Failed test '-9223372036854775807 match -9223372036854775807'
#   at t/marith.t line 23.

#   Failed test '-9223372036854775808 match -9223372036854775808'
#   at t/marith.t line 23.

#   Failed test '-9223372036854775808 match -9223372036854775808'
#   at t/marith.t line 23.

#   Failed test '-1 match -1'
#   at t/marith.t line 23.

#   Failed test '-9223372036854775807 match -9223372036854775807'
#   at t/marith.t line 23.

#   Failed test '-9223372036854775808 match -9223372036854775808'
#   at t/marith.t line 23.

#   Failed test '-9223372036854775808 match -9223372036854775808'
#   at t/marith.t line 23.

#   Failed test '-2 match -2'
#   at t/marith.t line 23.

#   Failed test '-9223372036854775806 match -9223372036854775806'
#   at t/marith.t line 23.

#   Failed test '-9223372036854775807 match -9223372036854775807'
#   at t/marith.t line 23.

#   Failed test '-9223372036854775807 match -9223372036854775807'
#   at t/marith.t line 23.

#   Failed test '-1 match -1'
#   at t/marith.t line 23.

#   Failed test '-9223372036854775806 match -9223372036854775806'
#   at t/marith.t line 23.

#   Failed test '-291 match -291'
#   at t/marith.t line 23.

#   Failed test '-9223372036854775519 match -9223372036854775519'
#   at t/marith.t line 23.

#   Failed test '-291 match -291'
#   at t/marith.t line 23.

#   Failed test '-9223372036854775518 match -9223372036854775518'
#   at t/marith.t line 23.

#   Failed test '-9223372036854775808 match -9223372036854775808'
#   at t/marith.t line 23.

#   Failed test '-9223372036854775808 match -9223372036854775808'
#   at t/marith.t line 23.

#   Failed test '-291 match -291'
#   at t/marith.t line 23.

#   Failed test '-9223372036854775517 match -9223372036854775517'
#   at t/marith.t line 23.

#   Failed test '-582 match -582'
#   at t/marith.t line 23.

#   Failed test '-582 match -582'
#   at t/marith.t line 23.

#   Failed test '-291 match -291'
#   at t/marith.t line 23.

#   Failed test '-291 match -291'
#   at t/marith.t line 23.

#   Failed test '-293 match -293'
#   at t/marith.t line 23.

#   Failed test '-293 match -293'
#   at t/marith.t line 23.

#   Failed test '-2 match -2'
#   at t/marith.t line 23.

#   Failed test '-291 match -291'
#   at t/marith.t line 23.

#   Failed test '-292 match -292'
#   at t/marith.t line 23.

#   Failed test '-292 match -292'
#   at t/marith.t line 23.

#   Failed test '-1 match -1'
#   at t/marith.t line 23.

#   Failed test '-291 match -291'
#   at t/marith.t line 23.

#   Failed test '-4 match -4'
#   at t/marith.t line 23.

#   Failed test '-4 match -4'
#   at t/marith.t line 23.

#   Failed test '-2 match -2'
#   at t/marith.t line 23.

#   Failed test '-2 match -2'
#   at t/marith.t line 23.

#   Failed test '-3 match -3'
#   at t/marith.t line 23.

#   Failed test '-3 match -3'
#   at t/marith.t line 23.

#   Failed test '-1 match -1'
#   at t/marith.t line 23.

#   Failed test '-2 match -2'
#   at t/marith.t line 23.

#   Failed test '-2 match -2'
#   at t/marith.t line 23.

#   Failed test '-2 match -2'
#   at t/marith.t line 23.

#   Failed test '-1 match -1'
#   at t/marith.t line 23.

#   Failed test '-1 match -1'
#   at t/marith.t line 23.

#   Failed test '-1 match -1'
#   at t/marith.t line 23.

#   Failed test '-1 match -1'
#   at t/marith.t line 23.

#   Failed test '-1 match -1'
#   at t/marith.t line 23.

#   Failed test '-9223372036854775808 match -9223372036854775808'
#   at t/marith.t line 23.

#   Failed test '-1 match -1'
#   at t/marith.t line 23.

#   Failed test '-9223372036854775808 match -9223372036854775808'
#   at t/marith.t line 23.

#   Failed test '-1 match -1'
#   at t/marith.t line 23.

#   Failed test '-1 match -1'
#   at t/marith.t line 23.

#   Failed test '-1 match -1'
#   at t/marith.t line 23.

#   Failed test '-9223372036854775808 match -9223372036854775808'
#   at t/marith.t line 23.

#   Failed test '-1 match -1'
#   at t/marith.t line 23.

#   Failed test '-9223372036854775808 match -9223372036854775808'
#   at t/marith.t line 23.

#   Failed test '-1 match -1'
#   at t/marith.t line 23.

#   Failed test '-1 match -1'
#   at t/marith.t line 23.

#   Failed test '-1 match -1'
#   at t/marith.t line 23.

#   Failed test '-9223372036854775807 match -9223372036854775807'
#   at t/marith.t line 23.

#   Failed test '-1 match -1'
#   at t/marith.t line 23.

#   Failed test '-9223372036854775808 match -9223372036854775808'
#   at t/marith.t line 23.

#   Failed test '-1 match -1'
#   at t/marith.t line 23.

#   Failed test '-1 match -1'
#   at t/marith.t line 23.

#   Failed test '-1 match -1'
#   at t/marith.t line 23.

#   Failed test '-9223372036854775807 match -9223372036854775807'
#   at t/marith.t line 23.

#   Failed test '-1 match -1'
#   at t/marith.t line 23.

#   Failed test '-9223372036854775808 match -9223372036854775808'
#   at t/marith.t line 23.

#   Failed test '-1 match -1'
#   at t/marith.t line 23.

#   Failed test '-1 match -1'
#   at t/marith.t line 23.

#   Failed test '-1 match -1'
#   at t/marith.t line 23.

#   Failed test '-2 match -2'
#   at t/marith.t line 23.

#   Failed test '-1 match -1'
#   at t/marith.t line 23.

#   Failed test '-9223372036854775808 match -9223372036854775808'
#   at t/marith.t line 23.

#   Failed test '-1 match -1'
#   at t/marith.t line 23.

#   Failed test '-1 match -1'
#   at t/marith.t line 23.

#   Failed test '-1 match -1'
#   at t/marith.t line 23.

#   Failed test '-2 match -2'
#   at t/marith.t line 23.

#   Failed test '-1 match -1'
#   at t/marith.t line 23.

#   Failed test '-9223372036854775808 match -9223372036854775808'
#   at t/marith.t line 23.

#   Failed test '-1 match -1'
#   at t/marith.t line 23.

#   Failed test '-1 match -1'
#   at t/marith.t line 23.

#   Failed test '-1 match -1'
#   at t/marith.t line 23.

#   Failed test '-1 match -1'
#   at t/marith.t line 23.

#   Failed test '-1 match -1'
#   at t/marith.t line 23.

#   Failed test '-9223372036854775808 match -9223372036854775808'
#   at t/marith.t line 23.

#   Failed test '-9223372036854775808 match -9223372036854775808'
#   at t/marith.t line 23.

#   Failed test '-9223372036854775808 match -9223372036854775808'
#   at t/marith.t line 23.

#   Failed test '-1 match -1'
#   at t/marith.t line 23.

#   Failed test '-9223372036854775808 match -9223372036854775808'
#   at t/marith.t line 23.

#   Failed test '-9223372036854775808 match -9223372036854775808'
#   at t/marith.t line 23.

#   Failed test '-9223372036854775808 match -9223372036854775808'
#   at t/marith.t line 23.

#   Failed test '-9223372036854775808 match -9223372036854775808'
#   at t/marith.t line 23.

#   Failed test '-9223372036854775807 match -9223372036854775807'
#   at t/marith.t line 23.

#   Failed test '-9223372036854775807 match -9223372036854775807'
#   at t/marith.t line 23.

#   Failed test '-9223372036854775808 match -9223372036854775808'
#   at t/marith.t line 23.

#   Failed test '-9223372036854775807 match -9223372036854775807'
#   at t/marith.t line 23.

#   Failed test '-9223372036854775807 match -9223372036854775807'
#   at t/marith.t line 23.

#   Failed test '-9223372036854775808 match -9223372036854775808'
#   at t/marith.t line 23.

#   Failed test '-9223372036854775806 match -9223372036854775806'
#   at t/marith.t line 23.

#   Failed test '-9223372036854775806 match -9223372036854775806'
#   at t/marith.t line 23.

#   Failed test '-9223372036854775808 match -9223372036854775808'
#   at t/marith.t line 23.

#   Failed test '-2 match -2'
#   at t/marith.t line 23.

#   Failed test '-2 match -2'
#   at t/marith.t line 23.

#   Failed test '-9223372036854775808 match -9223372036854775808'
#   at t/marith.t line 23.

#   Failed test '-1 match -1'
#   at t/marith.t line 23.

#   Failed test '-1 match -1'
#   at t/marith.t line 23.

#   Failed test '-9223372036854775808 match -9223372036854775808'
#   at t/marith.t line 23.

#   Failed test '-1 match -1'
#   at t/marith.t line 23.

#   Failed test '-1 match -1'
#   at t/marith.t line 23.

#   Failed test '-9223372036854775808 match -9223372036854775808'
#   at t/marith.t line 23.

#   Failed test '-9223372036854775808 match -9223372036854775808'
#   at t/marith.t line 23.

#   Failed test '-1 match -1'
#   at t/marith.t line 23.

#   Failed test '-1 match -1'
#   at t/marith.t line 23.

#   Failed test '-1 match -1'
#   at t/marith.t line 23.

#   Failed test '-9223372036854775807 match -9223372036854775807'
#   at t/marith.t line 23.

#   Failed test '-1 match -1'
#   at t/marith.t line 23.

#   Failed test '-9223372036854775807 match -9223372036854775807'
#   at t/marith.t line 23.

#   Failed test '-1 match -1'
#   at t/marith.t line 23.

#   Failed test '-1 match -1'
#   at t/marith.t line 23.

#   Failed test '-1 match -1'
#   at t/marith.t line 23.

#   Failed test '-9223372036854775807 match -9223372036854775807'
#   at t/marith.t line 23.

#   Failed test '-1 match -1'
#   at t/marith.t line 23.

#   Failed test '-9223372036854775807 match -9223372036854775807'
#   at t/marith.t line 23.

#   Failed test '-1 match -1'
#   at t/marith.t line 23.

#   Failed test '-1 match -1'
#   at t/marith.t line 23.

#   Failed test '-1 match -1'
#   at t/marith.t line 23.

#   Failed test '-2 match -2'
#   at t/marith.t line 23.

#   Failed test '-1 match -1'
#   at t/marith.t line 23.

#   Failed test '-9223372036854775807 match -9223372036854775807'
#   at t/marith.t line 23.

#   Failed test '-9223372036854775808 match -9223372036854775808'
#   at t/marith.t line 23.

#   Failed test '-9223372036854775808 match -9223372036854775808'
#   at t/marith.t line 23.

#   Failed test '-2 match -2'
#   at t/marith.t line 23.

#   Failed test '-9223372036854775807 match -9223372036854775807'
#   at t/marith.t line 23.

#   Failed test '-9223372036854775808 match -9223372036854775808'
#   at t/marith.t line 23.

#   Failed test '-9223372036854775808 match -9223372036854775808'
#   at t/marith.t line 23.

#   Failed test '-1 match -1'
#   at t/marith.t line 23.

#   Failed test '-9223372036854775807 match -9223372036854775807'
#   at t/marith.t line 23.

#   Failed test '-9223372036854775807 match -9223372036854775807'
#   at t/marith.t line 23.

#   Failed test '-9223372036854775807 match -9223372036854775807'
#   at t/marith.t line 23.

#   Failed test '-1 match -1'
#   at t/marith.t line 23.

#   Failed test '-9223372036854775807 match -9223372036854775807'
#   at t/marith.t line 23.

#   Failed test '-9223372036854775807 match -9223372036854775807'
#   at t/marith.t line 23.

#   Failed test '-9223372036854775807 match -9223372036854775807'
#   at t/marith.t line 23.

#   Failed test '-9223372036854775807 match -9223372036854775807'
#   at t/marith.t line 23.

#   Failed test '-9223372036854775806 match -9223372036854775806'
#   at t/marith.t line 23.

#   Failed test '-9223372036854775806 match -9223372036854775806'
#   at t/marith.t line 23.

#   Failed test '-9223372036854775807 match -9223372036854775807'
#   at t/marith.t line 23.

#   Failed test '-9223372036854775806 match -9223372036854775806'
#   at t/marith.t line 23.

#   Failed test '-9223372036854775806 match -9223372036854775806'
#   at t/marith.t line 23.

#   Failed test '-9223372036854775807 match -9223372036854775807'
#   at t/marith.t line 23.

#   Failed test '-9223372036854775805 match -9223372036854775805'
#   at t/marith.t line 23.

#   Failed test '-9223372036854775805 match -9223372036854775805'
#   at t/marith.t line 23.

#   Failed test '-9223372036854775807 match -9223372036854775807'
#   at t/marith.t line 23.

#   Failed test '-1 match -1'
#   at t/marith.t line 23.

#   Failed test '-1 match -1'
#   at t/marith.t line 23.

#   Failed test '-9223372036854775807 match -9223372036854775807'
#   at t/marith.t line 23.

#   Failed test '-9223372036854775807 match -9223372036854775807'
#   at t/marith.t line 23.

#   Failed test '-9223372036854775807 match -9223372036854775807'
#   at t/marith.t line 23.

#   Failed test '-9223372036854775807 match -9223372036854775807'
#   at t/marith.t line 23.

#   Failed test '-4 match -4'
#   at t/marith.t line 23.

#   Failed test '-4 match -4'
#   at t/marith.t line 23.

#   Failed test '-2 match -2'
#   at t/marith.t line 23.

#   Failed test '-2 match -2'
#   at t/marith.t line 23.

#   Failed test '-3 match -3'
#   at t/marith.t line 23.

#   Failed test '-3 match -3'
#   at t/marith.t line 23.

#   Failed test '-2 match -2'
#   at t/marith.t line 23.

#   Failed test '-2 match -2'
#   at t/marith.t line 23.

#   Failed test '-3 match -3'
#   at t/marith.t line 23.

#   Failed test '-3 match -3'
#   at t/marith.t line 23.

#   Failed test '-1 match -1'
#   at t/marith.t line 23.

#   Failed test '-2 match -2'
#   at t/marith.t line 23.

#   Failed test '-2 match -2'
#   at t/marith.t line 23.

#   Failed test '-2 match -2'
#   at t/marith.t line 23.

#   Failed test '-1 match -1'
#   at t/marith.t line 23.

#   Failed test '-2 match -2'
#   at t/marith.t line 23.

#   Failed test '-2 match -2'
#   at t/marith.t line 23.

#   Failed test '-2 match -2'
#   at t/marith.t line 23.

#   Failed test '-2 match -2'
#   at t/marith.t line 23.

#   Failed test '-1 match -1'
#   at t/marith.t line 23.

#   Failed test '-1 match -1'
#   at t/marith.t line 23.

#   Failed test '-2 match -2'
#   at t/marith.t line 23.

#   Failed test '-1 match -1'
#   at t/marith.t line 23.

#   Failed test '-1 match -1'
#   at t/marith.t line 23.

#   Failed test '-2 match -2'
#   at t/marith.t line 23.

#   Failed test '-2 match -2'
#   at t/marith.t line 23.

#   Failed test '-2 match -2'
#   at t/marith.t line 23.

#   Failed test '-2 match -2'
#   at t/marith.t line 23.

#   Failed test '-2 match -2'
#   at t/marith.t line 23.

#   Failed test '-2 match -2'
#   at t/marith.t line 23.

#   Failed test '-2 match -2'
#   at t/marith.t line 23.

#   Failed test '-2 match -2'
#   at t/marith.t line 23.

#   Failed test '-2 match -2'
#   at t/marith.t line 23.

#   Failed test '-2 match -2'
#   at t/marith.t line 23.

#   Failed test '-2 match -2'
#   at t/marith.t line 23.

#   Failed test '-2 match -2'
#   at t/marith.t line 23.

#   Failed test '-1 match -1'
#   at t/marith.t line 23.

#   Failed test '-1 match -1'
#   at t/marith.t line 23.

#   Failed test '-1 match -1'
#   at t/marith.t line 23.

#   Failed test '-1 match -1'
#   at t/marith.t line 23.

#   Failed test '-1 match -1'
#   at t/marith.t line 23.

#   Failed test '-1 match -1'
#   at t/marith.t line 23.

#   Failed test '-1 match -1'
#   at t/marith.t line 23.

#   Failed test '-1 match -1'
#   at t/marith.t line 23.

#   Failed test '-1 match -1'
#   at t/marith.t line 23.

#   Failed test '-1 match -1'
#   at t/marith.t line 23.

#   Failed test '-1 match -1'
#   at t/marith.t line 23.

#   Failed test '-1 match -1'
#   at t/marith.t line 23.

#   Failed test '-1 match -1'
#   at t/marith.t line 23.

#   Failed test '-1 match -1'
#   at t/marith.t line 23.

#   Failed test '-1 match -1'
#   at t/marith.t line 23.

#   Failed test '-1 match -1'
#   at t/marith.t line 23.

#   Failed test '-1 match -1'
#   at t/marith.t line 23.

#   Failed test '-1 match -1'
#   at t/marith.t line 23.

#   Failed test '-9223372036854775808 match -9223372036854775808'
#   at t/marith.t line 23.

#   Failed test '-9223372036854775808 match -9223372036854775808'
#   at t/marith.t line 23.

#   Failed test '-9223372036854775808 match -9223372036854775808'
#   at t/marith.t line 23.

#   Failed test '-9223372036854775808 match -9223372036854775808'
#   at t/marith.t line 23.

#   Failed test '-9223372036854775808 match -9223372036854775808'
#   at t/marith.t line 23.

#   Failed test '-9223372036854775808 match -9223372036854775808'
#   at t/marith.t line 23.

#   Failed test '-9223372036854775807 match -9223372036854775807'
#   at t/marith.t line 23.

#   Failed test '-9223372036854775807 match -9223372036854775807'
#   at t/marith.t line 23.

#   Failed test '-9223372036854775808 match -9223372036854775808'
#   at t/marith.t line 23.

#   Failed test '-9223372036854775808 match -9223372036854775808'
#   at t/marith.t line 23.

#   Failed test '-9223372036854775808 match -9223372036854775808'
#   at t/marith.t line 23.

#   Failed test '-9223372036854775808 match -9223372036854775808'
#   at t/marith.t line 23.

#   Failed test '-9223372036854775807 match -9223372036854775807'
#   at t/marith.t line 23.

#   Failed test '-9223372036854775807 match -9223372036854775807'
#   at t/marith.t line 23.

#   Failed test '-9223372036854775807 match -9223372036854775807'
#   at t/marith.t line 23.

#   Failed test '-9223372036854775807 match -9223372036854775807'
#   at t/marith.t line 23.

#   Failed test '-9223372036854775806 match -9223372036854775806'
#   at t/marith.t line 23.

#   Failed test '-9223372036854775806 match -9223372036854775806'
#   at t/marith.t line 23.

#   Failed test '-6 match -6'
#   at t/marith.t line 23.

#   Failed test '-6 match -6'
#   at t/marith.t line 23.

#   Failed test '-5 match -5'
#   at t/marith.t line 23.

#   Failed test '-5 match -5'
#   at t/marith.t line 23.

#   Failed test '-5 match -5'
#   at t/marith.t line 23.

#   Failed test '-5 match -5'
#   at t/marith.t line 23.

#   Failed test '-4 match -4'
#   at t/marith.t line 23.

#   Failed test '-4 match -4'
#   at t/marith.t line 23.

#   Failed test '-4 match -4'
#   at t/marith.t line 23.

#   Failed test '-4 match -4'
#   at t/marith.t line 23.

#   Failed test '-3 match -3'
#   at t/marith.t line 23.

#   Failed test '-3 match -3'
#   at t/marith.t line 23.

#   Failed test '-4 match -4'
#   at t/marith.t line 23.

#   Failed test '-4 match -4'
#   at t/marith.t line 23.

#   Failed test '-3 match -3'
#   at t/marith.t line 23.

#   Failed test '-3 match -3'
#   at t/marith.t line 23.

#   Failed test '-3 match -3'
#   at t/marith.t line 23.

#   Failed test '-3 match -3'
#   at t/marith.t line 23.

#   Failed test '-2 match -2'
#   at t/marith.t line 23.

#   Failed test '-2 match -2'
#   at t/marith.t line 23.

#   Failed test '-2 match -2'
#   at t/marith.t line 23.

#   Failed test '-2 match -2'
#   at t/marith.t line 23.

#   Failed test '-1 match -1'
#   at t/marith.t line 23.

#   Failed test '-1 match -1'
#   at t/marith.t line 23.

#   Failed test '-9223372036854775808 match -9223372036854775808'
#   at t/marith.t line 23.

#   Failed test '-9223372036854775808 match -9223372036854775808'
#   at t/marith.t line 23.

#   Failed test '-9223372036854775808 match -9223372036854775808'
#   at t/marith.t line 23.

#   Failed test '-9223372036854775808 match -9223372036854775808'
#   at t/marith.t line 23.

#   Failed test '-9223372036854775808 match -9223372036854775808'
#   at t/marith.t line 23.

#   Failed test '-9223372036854775808 match -9223372036854775808'
#   at t/marith.t line 23.

#   Failed test '-9223372036854775808 match -9223372036854775808'
#   at t/marith.t line 23.

#   Failed test '-9223372036854775808 match -9223372036854775808'
#   at t/marith.t line 23.

#   Failed test '-9223372036854775808 match -9223372036854775808'
#   at t/marith.t line 23.

#   Failed test '-9223372036854775808 match -9223372036854775808'
#   at t/marith.t line 23.

#   Failed test '-9223372036854775807 match -9223372036854775807'
#   at t/marith.t line 23.

#   Failed test '-9223372036854775807 match -9223372036854775807'
#   at t/marith.t line 23.

#   Failed test '-2 match -2'
#   at t/marith.t line 23.

#   Failed test '-2 match -2'
#   at t/marith.t line 23.

#   Failed test '-1 match -1'
#   at t/marith.t line 23.

#   Failed test '-1 match -1'
#   at t/marith.t line 23.

#   Failed test '-9223372036854775808 match -9223372036854775808'
#   at t/marith.t line 23.

#   Failed test '-9223372036854775808 match -9223372036854775808'
#   at t/marith.t line 23.

#   Failed test '-9223372036854775808 match -9223372036854775808'
#   at t/marith.t line 23.

#   Failed test '-9223372036854775808 match -9223372036854775808'
#   at t/marith.t line 23.

#   Failed test '-9223372036854775808 match -9223372036854775808'
#   at t/marith.t line 23.

#   Failed test '-9223372036854775808 match -9223372036854775808'
#   at t/marith.t line 23.

#   Failed test '-9223372036854775807 match -9223372036854775807'
#   at t/marith.t line 23.

#   Failed test '-9223372036854775807 match -9223372036854775807'
#   at t/marith.t line 23.

#   Failed test '-9223372036854775806 match -9223372036854775806'
#   at t/marith.t line 23.

#   Failed test '-9223372036854775806 match -9223372036854775806'
#   at t/marith.t line 23.

#   Failed test '-1 match -1'
#   at t/marith.t line 23.

#   Failed test '-1 match -1'
#   at t/marith.t line 23.

#   Failed test '-4 match -4'
#   at t/marith.t line 23.

#   Failed test '-4 match -4'
#   at t/marith.t line 23.

#   Failed test '-3 match -3'
#   at t/marith.t line 23.

#   Failed test '-3 match -3'
#   at t/marith.t line 23.

#   Failed test '-2 match -2'
#   at t/marith.t line 23.

#   Failed test '-2 match -2'
#   at t/marith.t line 23.

#   Failed test '-1 match -1'
#   at t/marith.t line 23.

#   Failed test '-1 match -1'
#   at t/marith.t line 23.

#   Failed test '-2 match -2'
#   at t/marith.t line 23.

#   Failed test '-2 match -2'
#   at t/marith.t line 23.

#   Failed test '-1 match -1'
#   at t/marith.t line 23.

#   Failed test '-1 match -1'
#   at t/marith.t line 23.

#   Failed test '-1 match -1'
#   at t/marith.t line 23.

#   Failed test '-4611686018427387904 match -4611686018427387904'
#   at t/marith.t line 23.

#   Failed test '-9223372036854775517 match -9223372036854775517'
#   at t/marith.t line 23.

#   Failed test '-9223372036854775807 match -9223372036854775807'
#   at t/marith.t line 23.

#   Failed test '-9223372036854775808 match -9223372036854775808'
#   at t/marith.t line 23.

#   Failed test '-9223372036854775808 match -9223372036854775808'
#   at t/marith.t line 23.

#   Failed test '-9223372036854775808 match -9223372036854775808'
#   at t/marith.t line 23.

#   Failed test '-9223372036854775808 match -9223372036854775808'
#   at t/marith.t line 23.

#   Failed test '-9223372036854775808 match -9223372036854775808'
#   at t/marith.t line 23.

#   Failed test '-1 match -1'
#   at t/marith.t line 23.

#   Failed test '-4611686018427387903 match -4611686018427387903'
#   at t/marith.t line 23.

#   Failed test '-9223372036854775516 match -9223372036854775516'
#   at t/marith.t line 23.

#   Failed test '-9223372036854775806 match -9223372036854775806'
#   at t/marith.t line 23.

#   Failed test '-9223372036854775807 match -9223372036854775807'
#   at t/marith.t line 23.

#   Failed test '-9223372036854775808 match -9223372036854775808'
#   at t/marith.t line 23.

#   Failed test '-9223372036854775808 match -9223372036854775808'
#   at t/marith.t line 23.

#   Failed test '-9223372036854775808 match -9223372036854775808'
#   at t/marith.t line 23.

#   Failed test '-9223372036854775808 match -9223372036854775808'
#   at t/marith.t line 23.

#   Failed test '-9223372036854775808 match -9223372036854775808'
#   at t/marith.t line 23.

#   Failed test '-1 match -1'
#   at t/marith.t line 23.

#   Failed test '-2 match -2'
#   at t/marith.t line 23.

#   Failed test '-3 match -3'
#   at t/marith.t line 23.

#   Failed test '-293 match -293'
#   at t/marith.t line 23.

#   Failed test '-9223372036854775807 match -9223372036854775807'
#   at t/marith.t line 23.

#   Failed test '-9223372036854775808 match -9223372036854775808'
#   at t/marith.t line 23.

#   Failed test '-9223372036854775808 match -9223372036854775808'
#   at t/marith.t line 23.

#   Failed test '-1 match -1'
#   at t/marith.t line 23.

#   Failed test '-2 match -2'
#   at t/marith.t line 23.

#   Failed test '-292 match -292'
#   at t/marith.t line 23.

#   Failed test '-9223372036854775806 match -9223372036854775806'
#   at t/marith.t line 23.

#   Failed test '-9223372036854775807 match -9223372036854775807'
#   at t/marith.t line 23.

#   Failed test '-9223372036854775808 match -9223372036854775808'
#   at t/marith.t line 23.

#   Failed test '-1 match -1'
#   at t/marith.t line 23.

#   Failed test '-291 match -291'
#   at t/marith.t line 23.

#   Failed test '-9223372036854775805 match -9223372036854775805'
#   at t/marith.t line 23.

#   Failed test '-9223372036854775806 match -9223372036854775806'
#   at t/marith.t line 23.

#   Failed test '-9223372036854775807 match -9223372036854775807'
#   at t/marith.t line 23.

#   Failed test '-290 match -290'
#   at t/marith.t line 23.

#   Failed test '-9223372036854775804 match -9223372036854775804'
#   at t/marith.t line 23.

#   Failed test '-9223372036854775805 match -9223372036854775805'
#   at t/marith.t line 23.

#   Failed test '-9223372036854775806 match -9223372036854775806'
#   at t/marith.t line 23.

#   Failed test '-289 match -289'
#   at t/marith.t line 23.

#   Failed test '-9223372036854775804 match -9223372036854775804'
#   at t/marith.t line 23.

#   Failed test '-9223372036854775805 match -9223372036854775805'
#   at t/marith.t line 23.

#   Failed test '-1 match -1'
#   at t/marith.t line 23.
# Looks like you failed 462 tests of 2526.
t/marith.t ... 
Dubious, test returned 254 (wstat 65024, 0xfe00)
Failed 462/2526 subtests 
t/pod_cvg.t .. skipped: Test::Pod::Coverage not available
t/pod_syn.t .. ok

#   Failed test '-9223372036854775808 match -9223372036854775808'
#   at t/shift.t line 20.

#   Failed test '-9223372036854775808 match -9223372036854775808'
#   at t/shift.t line 20.

#   Failed test '-9223372036854775808 match -9223372036854775808'
#   at t/shift.t line 20.

#   Failed test '-9223372036854775517 match -9223372036854775517'
#   at t/shift.t line 20.

#   Failed test '-4611686018427387904 match -4611686018427387904'
#   at t/shift.t line 20.

#   Failed test '-4611686018427387901 match -4611686018427387901'
#   at t/shift.t line 20.

#   Failed test '-2 match -2'
#   at t/shift.t line 20.

#   Failed test '-2 match -2'
#   at t/shift.t line 20.

#   Failed test '-1 match -1'
#   at t/shift.t line 20.

#   Failed test '-9223372036854775808 match -9223372036854775808'
#   at t/shift.t line 20.

#   Failed test '-9223372036854775808 match -9223372036854775808'
#   at t/shift.t line 20.

#   Failed test '-9223372036854775808 match -9223372036854775808'
#   at t/shift.t line 20.

#   Failed test '-9223372036854775808 match -9223372036854775808'
#   at t/shift.t line 20.

#   Failed test '-6917529027641081856 match -6917529027641081856'
#   at t/shift.t line 20.

#   Failed test '-6917529027641081856 match -6917529027641081856'
#   at t/shift.t line 20.

#   Failed test '-9223372036854775806 match -9223372036854775806'
#   at t/shift.t line 20.

#   Failed test '-9223372036854775806 match -9223372036854775806'
#   at t/shift.t line 20.
# Looks like you failed 17 tests of 161.
t/shift.t .... 
Dubious, test returned 17 (wstat 4352, 0x1100)
Failed 17/161 subtests 

Test Summary Report
-------------------
t/arith.t  (Wstat: 65280 Tests: 55 Failed: 0)
  Non-zero exit status: 255
  Parse errors: Bad plan.  You planned 3052 tests but ran 55.
t/bitwise.t (Wstat: 17152 Tests: 261 Failed: 67)
  Failed tests:  4, 8, 12, 16, 44-45, 52-53, 56-57, 60-61
                64-65, 68-69, 72-73, 80-81, 91, 93, 97
                116-117, 120-121, 124-125, 128-129, 132-133
                136-137, 140-141, 144-145, 163, 165, 167
                169, 171, 173, 175, 177, 196-197, 200-201
                208-209, 212-213, 216-217, 220-221, 224-225
                236-237, 252-253, 260-261
  Non-zero exit status: 67
t/fmt.t    (Wstat: 65280 Tests: 23 Failed: 0)
  Non-zero exit status: 255
  Parse errors: Bad plan.  You planned 45 tests but ran 23.
t/hex.t    (Wstat: 768 Tests: 116 Failed: 3)
  Failed tests:  98-100
  Non-zero exit status: 3
t/marith.t (Wstat: 65024 Tests: 2526 Failed: 462)
  Failed tests:  46-48, 54-56, 62-64, 70-72, 78-80, 110-111
                118-120, 126-128, 134-136, 142-144, 152
                158-159, 166-167, 174-176, 184, 190-191
                198-200, 206-208, 238-239, 246-247, 254-255
                262-264, 270-272, 278-280, 288, 296, 304
                312, 334-335, 344, 352, 358-359, 366-367
                376, 384, 390-392, 398-399, 406-407, 414-416
                422-424, 432, 440, 448, 456, 464, 470-471
                478-480, 488, 496, 504, 512, 520, 528-529
                536-537, 544-545, 552-553, 560-561, 568-569
                576-577, 584-585, 592-593, 598-601, 606-609
                614-617, 624-625, 632-633, 638-641, 646-649
                654-657, 662-665, 670-673, 678-681, 686-690
                692, 694-698, 700, 702-706, 708, 710-714
                716, 718-722, 724, 726-730, 732, 734-738
                740, 742-745, 747, 749, 751, 753, 755, 757
                761, 763, 765, 769, 771, 773, 777, 779
                781, 785, 787, 789, 793, 795, 797, 801
                803, 805, 809, 817-818, 820, 822-826, 828
                830-834, 836, 838-841, 843, 845, 847, 849
                851, 853, 855, 857, 859, 861, 863, 865
                867, 869, 873, 875, 877, 881, 883, 885
                889, 891, 893, 897, 899, 901, 905, 913
                921, 929, 931, 933, 935, 937, 939, 941
                943, 945, 947, 949, 951, 953, 955, 957
                959, 961, 963, 965, 969, 971, 973, 977
                979, 981, 985, 993, 1001, 1009, 1017, 1025
                1033, 1041, 1049, 1057, 1059, 1061, 1063
                1065, 1067, 1069, 1071, 1073, 1075, 1077
                1081, 1089, 1097, 1105, 1113, 1121, 1129
                1137, 1145, 1153, 1227, 1229, 1275, 1277
                1283, 1285, 1291, 1293, 1339, 1341, 1347
                1349, 1355, 1357, 1363, 1365, 1371, 1373
                1379, 1381, 1387, 1389, 1395, 1397, 1403
                1405, 1411, 1413, 1419, 1421, 1427, 1429
                1435, 1437, 1443, 1445, 1451, 1453, 1459
                1461, 1467, 1469, 2162-2189, 2192-2199
                2208-2211, 2347-2355, 2358-2367, 2371-2377
                2382-2387, 2394-2398, 2407-2410, 2417-2419
                2428
  Non-zero exit status: 254
t/shift.t  (Wstat: 4352 Tests: 161 Failed: 17)
  Failed tests:  17, 25, 35, 41, 73-77, 108-109, 128-129
                148-149, 156-157
  Non-zero exit status: 17
Files=10, Tests=3251,  2 wallclock secs ( 0.22 usr  0.20 sys +  0.77 cusr  0.09 csys =  1.28 CPU)
Result: FAIL
Failed 6/10 test programs. 549/3251 subtests failed.

------------------------------
PREREQUISITES
------------------------------

Prerequisite modules loaded:

requires:

    Module        Need  Have    
    ------------- ----- --------
    Carp          0     1.38    
    constant      0     1.33    
    Exporter      0     5.72    
    integer       0     1.01    
    parent        0     0.234   
    perl          5.006 5.023005
    strict        0     1.09    
    warnings      0     1.35    

build_requires:

    Module        Need  Have    
    ------------- ----- --------
    integer       0     1.01    
    Module::Build 0     0.4214  
    perl          5.006 5.023005
    strict        0     1.09    
    Test::More    0     1.001014
    warnings      0     1.35    

configure_requires:

    Module        Need  Have    
    ------------- ----- --------
    Module::Build 0     0.4214  
    perl          5.006 5.023005
    strict        0     1.09    
    warnings      0     1.35    


------------------------------
ENVIRONMENT AND OTHER CONTEXT
------------------------------

Environment variables:

    AUTOMATED_TESTING = 1
    LANG = en_US.UTF-8
    LANGUAGE = en_US:en
    PATH = /home/sand/bin:/usr/local/bin:/usr/bin:/bin:/usr/games:/usr/local/perl/bin:/usr/X11/bin:/sbin:/usr/sbin
    PERL5LIB = 
    PERL5OPT = 
    PERL5_CPANPLUS_IS_RUNNING = 8721
    PERL5_CPAN_IS_RUNNING = 8721
    PERL_MM_USE_DEFAULT = 1
    SHELL = /usr/bin/zsh
    TERM = screen

Perl special variables (and OS-specific diagnostics, for MSWin32):

    $^X = /home/sand/src/perl/repoperls/installed-perls/perl/v5.23.5/8d81/bin/perl
    $UID/$EUID = 1005 / 1005
    $GID = 1005 1005
    $EGID = 1005 1005

Perl module toolchain versions installed:

    Module              Have    
    ------------------- --------
    CPAN                2.11    
    CPAN::Meta          2.150005
    Cwd                 3.60    
    ExtUtils::CBuilder  0.280224
    ExtUtils::Command   7.10    
    ExtUtils::Install   2.04    
    ExtUtils::MakeMaker 7.10    
    ExtUtils::Manifest  1.70    
    ExtUtils::ParseXS   3.30    
    File::Spec          3.60    
    JSON                2.90    
    JSON::PP            2.27300 
    Module::Build       0.4214  
    Module::Signature   0.79    
    Parse::CPAN::Meta   1.4417  
    Test::Harness       3.36    
    Test::More          1.001014
    YAML                1.15    
    YAML::Syck          1.29    
    version             0.9909  


--

Summary of my perl5 (revision 5 version 23 subversion 5) configuration:
  Derived from: e1ad135da437c09f811d4667b8ae1c137ed192a2
  Platform:
    osname=linux, osvers=4.3.0-1-amd64, archname=x86_64-linux-ld
    uname='linux k83 4.3.0-1-amd64 #1 smp debian 4.3.3-2 (2015-12-17) x86_64 gnulinux '
    config_args='-Dprefix=/home/sand/src/perl/repoperls/installed-perls/perl/v5.23.5/8d81 -Dmyhostname=k83 -Dinstallusrbinperl=n -Uversiononly -Dusedevel -des -Ui_db -Dlibswanted=cl pthread socket inet nsl gdbm dbm malloc dl ld sun m crypt sec util c cposix posix ucb BSD gdbm_compat -Uuseithreads -Duselongdouble'
    hint=recommended, useposix=true, d_sigaction=define
    useithreads=undef, usemultiplicity=undef
    use64bitint=define, use64bitall=define, uselongdouble=define
    usemymalloc=n, bincompat5005=undef
  Compiler:
    cc='cc', ccflags ='-fwrapv -fno-strict-aliasing -pipe -fstack-protector-strong -I/usr/local/include -D_LARGEFILE_SOURCE -D_FILE_OFFSET_BITS=64 -D_FORTIFY_SOURCE=2',
    optimize='-O2',
    cppflags='-fwrapv -fno-strict-aliasing -pipe -fstack-protector-strong -I/usr/local/include'
    ccversion='', gccversion='5.3.1 20160101', gccosandvers=''
    intsize=4, longsize=8, ptrsize=8, doublesize=8, byteorder=12345678, doublekind=3
    d_longlong=define, longlongsize=8, d_longdbl=define, longdblsize=16, longdblkind=3
    ivtype='long', ivsize=8, nvtype='long double', nvsize=16, Off_t='off_t', lseeksize=8
    alignbytes=16, prototype=define
  Linker and Libraries:
    ld='cc', ldflags =' -fstack-protector-strong -L/usr/local/lib'
    libpth=/usr/local/lib /usr/lib/gcc/x86_64-linux-gnu/5/include-fixed /usr/include/x86_64-linux-gnu /usr/lib /lib/x86_64-linux-gnu /lib/../lib /usr/lib/x86_64-linux-gnu /usr/lib/../lib /lib
    libs=-lpthread -lnsl -lgdbm -ldl -lm -lcrypt -lutil -lc -lgdbm_compat
    perllibs=-lpthread -lnsl -ldl -lm -lcrypt -lutil -lc
    libc=libc-2.21.so, so=so, useshrplib=false, libperl=libperl.a
    gnulibc_version='2.21'
  Dynamic Linking:
    dlsrc=dl_dlopen.xs, dlext=so, d_dlsymun=undef, ccdlflags='-Wl,-E'
    cccdlflags='-fPIC', lddlflags='-shared -O2 -L/usr/local/lib -fstack-protector-strong'


Characteristics of this binary (from libperl): 
  Compile-time options: HAS_TIMES PERLIO_LAYERS PERL_COPY_ON_WRITE
                        PERL_DONT_CREATE_GVSV
                        PERL_HASH_FUNC_ONE_AT_A_TIME_HARD PERL_MALLOC_WRAP
                        PERL_PRESERVE_IVUV PERL_USE_DEVEL USE_64_BIT_ALL
                        USE_64_BIT_INT USE_LARGE_FILES USE_LOCALE
                        USE_LOCALE_COLLATE USE_LOCALE_CTYPE
                        USE_LOCALE_NUMERIC USE_LOCALE_TIME USE_LONG_DOUBLE
                        USE_PERLIO USE_PERL_ATOF
  Locally applied patches:
	uncommitted-changes
	Devel::PatchPerl 1.38
  Built under linux
  Compiled at Jan  3 2016 03:09:24
  %ENV:
    PERL5LIB=""
    PERL5OPT=""
    PERL5_CPANPLUS_IS_RUNNING="8721"
    PERL5_CPAN_IS_RUNNING="8721"
    PERL_MM_USE_DEFAULT="1"
  @INC:
    /home/sand/src/perl/repoperls/installed-perls/perl/v5.23.5/8d81/lib/site_perl/5.23.5/x86_64-linux-ld
    /home/sand/src/perl/repoperls/installed-perls/perl/v5.23.5/8d81/lib/site_perl/5.23.5
    /home/sand/src/perl/repoperls/installed-perls/perl/v5.23.5/8d81/lib/5.23.5/x86_64-linux-ld
    /home/sand/src/perl/repoperls/installed-perls/perl/v5.23.5/8d81/lib/5.23.5
    .