Report for Config-Hierarchical-0.13.9

Back
From: metabase:user:3198cbe2-2aae-11df-837a-5e0a49663a4f
Subject: FAIL Config-Hierarchical-0.13.9 v5.12.1 GNU/Linux
Date: 2010-09-03T10:51:10Z

This distribution has been tested as part of the CPAN Testers
project, supporting the Perl programming language.  See
http://wiki.cpantesters.org/ for more information or email
questions to cpan-testers-discuss@perl.org


--
Dear Nadim Ibn Hamouda El Khemir,

This is a computer-generated report for Config-Hierarchical-0.13.9
on perl 5.12.1, created by CPAN-Reporter-1.18.

Thank you for uploading your work to CPAN.  However, there was a problem
testing your distribution.

If you think this report is invalid, please consult the CPAN Testers Wiki
for suggestions on how to avoid getting FAIL reports for missing library
or binary dependencies, unsupported operating systems, and so on:

http://wiki.cpantesters.org/wiki/CPANAuthorNotes

Sections of this report:

    * Tester comments
    * Program output
    * Prerequisites
    * Environment and other context

------------------------------
TESTER COMMENTS
------------------------------

Additional comments from tester:

this report is from an automated smoke testing program
and was not reviewed by a human for accuracy

------------------------------
PROGRAM OUTPUT
------------------------------

Output from './Build test':

t/000_distribution.t .......... ok
t/001_load.t .................. ok
t/004_wantarray.t ............. ok
t/005_set_get_default.t ....... ok

#   Failed test 'category not listed in constructor'
#   at t/006_set_get_categories.t line 311.
# expecting: Regexp ((?-xism:Invalid category 'B'))
# found: panic: attempt to copy freed scalar 9756ab4 to 9214a3c at /home/graham/perltest/th_ld_perl5121/perl/lib/5.12.1/Carp.pm line 95.
# Looks like you failed 1 test of 68.
t/006_set_get_categories.t .... 
Dubious, test returned 1 (wstat 256, 0x100)
Failed 1/68 subtests 
t/007_custom_get.t ............ ok
t/008_protected_categories.t .. ok
t/010_lock.t .................. ok
t/011_interaction.t ........... ok
t/012_utilities.t ............. ok
t/013_history.t ............... ok
t/014_validator.t ............. ok
t/015_lock_categories.t ....... ok
t/016_keys.t .................. ok
t/017_aliased_categories.t .... ok
t/018_set_get_attribute.t ..... ok
t/019_category_order.t ........ ok

#   Failed test 'syntax error warnings'
#   at t/020_eval.t line 163.
# found warning: Bareword found where operator expected at 'Anonymous_called_at_t_020_eval.t:158' line 4, near "'B)
# found warning: 	(Missing operator before Anonymous_called_at_t_020_eval?)
# found warning: String found where operator expected at 'Anonymous_called_at_t_020_eval.t:158' line 4, at end of line
# found warning: 	(Missing semicolon on previous line?)
# expected to find warning: (?-xism:Bareword found where operator expected )
# expected to find warning: (?-xism:Missing operator before Anonymous_called_at_)
# expected to find warning: (?-xism:String found where operator expected)
# expected to find warning: (?-xism:Missing operator before ?)
# Looks like you failed 1 test of 18.
t/020_eval.t .................. 
Dubious, test returned 1 (wstat 256, 0x100)
Failed 1/18 subtests 
t/021_log_access.t ............ ok
t/051_tie_readonly.t .......... ok
t/061_delta.t ................. ok
Simple usage example config: Forcing locked variable 'CURRENT::CC' at ''t/099_Cookbook.t':0'.
 at /home/graham/perltest/th_ld_perl5121/cpan/build/Config-Hierarchical-0.13.9-5DIBqV/blib/lib/Config/Hierarchical.pm line 1749
Config initialized in constructor: Variable 'NON_EXISTING' doesn't exist in categories [CURRENT]at ''t/099_Cookbook.t':0'. Returning undef!
 at /home/graham/perltest/th_ld_perl5121/cpan/build/Config-Hierarchical-0.13.9-5DIBqV/blib/lib/Config/Hierarchical.pm line 2292
Config initialized in constructor: Forcing locked variable 'CURRENT::LD' at ''t/099_Cookbook.t':0'.
 at /home/graham/perltest/th_ld_perl5121/cpan/build/Config-Hierarchical-0.13.9-5DIBqV/blib/lib/Config/Hierarchical.pm line 1749
config with categories: Setting 'B::CC' at ''t/099_Cookbook.t':429':
	'A::CC' takes precedence .
 at /home/graham/perltest/th_ld_perl5121/cpan/build/Config-Hierarchical-0.13.9-5DIBqV/blib/lib/Config/Hierarchical.pm line 1381
config with categories: Setting 'B::LD' at ''t/099_Cookbook.t':429':
	'A::LD' takes precedence .
 at /home/graham/perltest/th_ld_perl5121/cpan/build/Config-Hierarchical-0.13.9-5DIBqV/blib/lib/Config/Hierarchical.pm line 1381
config with categories: Setting 'A::CC' at ''t/099_Cookbook.t':0':
	Takes Precedence over lower category 'B::CC'
 at /home/graham/perltest/th_ld_perl5121/cpan/build/Config-Hierarchical-0.13.9-5DIBqV/blib/lib/Config/Hierarchical.pm line 1381
config with categories: Setting 'B::CC' at ''t/099_Cookbook.t':0':
	Overriding 'A::CC'
 at /home/graham/perltest/th_ld_perl5121/cpan/build/Config-Hierarchical-0.13.9-5DIBqV/blib/lib/Config/Hierarchical.pm line 1381
config with aliases: Setting 'CURRENT::LD' at ''t/099_Cookbook.t':0':
	'PARENT::LD' takes precedence .
 at /home/graham/perltest/th_ld_perl5121/cpan/build/Config-Hierarchical-0.13.9-5DIBqV/blib/lib/Config/Hierarchical.pm line 1381
t/099_Cookbook.t .............. ok

Test Summary Report
-------------------
t/006_set_get_categories.t  (Wstat: 256 Tests: 68 Failed: 1)
  Failed test:  24
  Non-zero exit status: 1
t/020_eval.t                (Wstat: 256 Tests: 18 Failed: 1)
  Failed test:  14
  Non-zero exit status: 1
Files=22, Tests=533, 15 wallclock secs ( 0.60 usr  0.14 sys + 12.07 cusr  0.94 csys = 13.75 CPU)
Result: FAIL
Failed 2/22 test programs. 2/533 subtests failed.

------------------------------
PREREQUISITES
------------------------------

Prerequisite modules loaded:

requires:

    Module             Need Have 
    ------------------ ---- -----
    Data::Compare      0    1.22 
    Data::TreeDumper   0    0.37 
    Eval::Context      0.03 0.09 
    Readonly           0    1.03 
    Sub::Install       0    0.925
    Test::Block        0    0.11 
    Test::Cookbook     0.02 0.05 
    Test::Distribution 0    2.00 
    Test::Exception    0    0.29 
    Test::NoWarnings   0    1.01 
    Test::Strict       0    0.14 
    Test::Warn         0    0.21 


------------------------------
ENVIRONMENT AND OTHER CONTEXT
------------------------------

Environment variables:

    AUTOMATED_TESTING = 1
    LANG = C
    PATH = /home/graham/perltest/th_ld_perl5121/perl/bin:/bin:/usr/bin:/sbin:/usr/sbin:/opt/java/bin:/opt/java/jre/bin:/opt/kde/bin:/usr/bin/perlbin/site:/usr/bin/perlbin/vendor:/usr/bin/perlbin/core:/opt/qt/bin
    PERL5LIB = 
    PERL5OPT = 
    PERL5_CPANPLUS_IS_RUNNING = 1786
    PERL5_CPAN_IS_RUNNING = 1786
    PERL5_CPAN_IS_RUNNING_IN_RECURSION = 3697,1786
    PERL_CR_SMOKER_CURRENT = Config-Hierarchical-0.13.9
    PERL_EXTUTILS_AUTOINSTALL = --defaultdeps
    PERL_MM_USE_DEFAULT = 1
    SHELL = /bin/bash
    TERM = xterm

Perl special variables (and OS-specific diagnostics, for MSWin32):

    $^X = /home/graham/perltest/th_ld_perl5121/perl/bin/perl
    $UID/$EUID = 1000 / 1000
    $GID = 1000 7 10 91 92 93 95 98 100 108 1000 1001
    $EGID = 1000 7 10 91 92 93 95 98 100 108 1000 1001

Perl module toolchain versions installed:

    Module              Have   
    ------------------- -------
    CPAN                1.9304 
    Cwd                 3.31   
    ExtUtils::CBuilder  0.27_05
    ExtUtils::Command   1.16   
    ExtUtils::Install   1.54   
    ExtUtils::MakeMaker 6.56   
    ExtUtils::Manifest  1.58   
    ExtUtils::ParseXS   2.2206 
    File::Spec          3.31   
    Module::Build       0.36_16
    Module::Signature   0.64   
    Test::Harness       3.22   
    Test::More          0.97_01
    YAML                0.72   
    YAML::Syck          1.14   
    version             0.82   


--

Summary of my perl5 (revision 5 version 12 subversion 1) configuration:
   
  Platform:
    osname=linux, osvers=2.6.33-arch, archname=i686-linux-thread-multi-64int-ld
    uname='linux lorant 2.6.33-arch #1 smp preempt thu may 13 12:06:25 cest 2010 i686 intel(r) pentium(r) 4 cpu 2.80ghz genuineintel gnulinux '
    config_args=''
    hint=recommended, useposix=true, d_sigaction=define
    useithreads=define, usemultiplicity=define
    useperlio=define, d_sfio=undef, uselargefiles=define, usesocks=undef
    use64bitint=define, use64bitall=undef, uselongdouble=define
    usemymalloc=n, bincompat5005=undef
  Compiler:
    cc='cc', ccflags ='-D_REENTRANT -D_GNU_SOURCE -fno-strict-aliasing -pipe -fstack-protector -I/usr/local/include -D_LARGEFILE_SOURCE -D_FILE_OFFSET_BITS=64',
    optimize='-O2',
    cppflags='-D_REENTRANT -D_GNU_SOURCE -fno-strict-aliasing -pipe -fstack-protector -I/usr/local/include'
    ccversion='', gccversion='4.5.0 20100520 (prerelease)', gccosandvers=''
    intsize=4, longsize=4, ptrsize=4, doublesize=8, byteorder=12345678
    d_longlong=define, longlongsize=8, d_longdbl=define, longdblsize=12
    ivtype='long long', ivsize=8, nvtype='long double', nvsize=12, Off_t='off_t', lseeksize=8
    alignbytes=4, prototype=define
  Linker and Libraries:
    ld='cc', ldflags =' -fstack-protector -L/usr/local/lib'
    libpth=/usr/local/lib /lib /usr/lib
    libs=-lnsl -lgdbm -ldb -ldl -lm -lcrypt -lutil -lpthread -lc -lgdbm_compat
    perllibs=-lnsl -ldl -lm -lcrypt -lutil -lpthread -lc
    libc=/lib/libc-2.12.so, so=so, useshrplib=true, libperl=libperl.so
    gnulibc_version='2.12'
  Dynamic Linking:
    dlsrc=dl_dlopen.xs, dlext=so, d_dlsymun=undef, ccdlflags='-Wl,-E -Wl,-rpath,/home/graham/perltest/th_ld_perl5121/perl/lib/5.12.1/i686-linux-thread-multi-64int-ld/CORE'
    cccdlflags='-fPIC', lddlflags='-shared -O2 -L/usr/local/lib -fstack-protector'


Characteristics of this binary (from libperl): 
  Compile-time options: MULTIPLICITY PERL_DONT_CREATE_GVSV
                        PERL_IMPLICIT_CONTEXT PERL_MALLOC_WRAP USE_64_BIT_INT
                        USE_FAST_STDIO USE_ITHREADS USE_LARGE_FILES
                        USE_LONG_DOUBLE USE_PERLIO USE_PERL_ATOF
                        USE_REENTRANT_API
  Built under linux
  Compiled at Aug  7 2010 12:43:27
  %ENV:
    PERL5LIB=""
    PERL5OPT=""
    PERL5_CPANPLUS_IS_RUNNING="1786"
    PERL5_CPAN_IS_RUNNING="1786"
    PERL5_CPAN_IS_RUNNING_IN_RECURSION="3697,1786"
    PERL_CR_SMOKER_CURRENT="Config-Hierarchical-0.13.9"
    PERL_EXTUTILS_AUTOINSTALL="--defaultdeps"
    PERL_MM_USE_DEFAULT="1"
  @INC:
    /home/graham/perltest/th_ld_perl5121/perl/lib/site_perl/5.12.1/i686-linux-thread-multi-64int-ld
    /home/graham/perltest/th_ld_perl5121/perl/lib/site_perl/5.12.1
    /home/graham/perltest/th_ld_perl5121/perl/lib/5.12.1/i686-linux-thread-multi-64int-ld
    /home/graham/perltest/th_ld_perl5121/perl/lib/5.12.1
    .