Report for DBIx-Class-StorageReadOnly-0.05

Back
From: metabase:user:320bfe00-2aae-11df-837a-5e0a49663a4f
Subject: FAIL DBIx-Class-StorageReadOnly-0.05 v5.17.10 GNU/Linux
Date: 2013-06-08T03:47:38Z

This distribution has been tested as part of the CPAN Testers
project, supporting the Perl programming language.  See
http://wiki.cpantesters.org/ for more information or email
questions to cpan-testers-discuss@perl.org


--
Dear Atsushi Kobayashi,

This is a computer-generated report for DBIx-Class-StorageReadOnly-0.05
on perl 5.17.10, created by CPAN-Reporter-1.2009.

Thank you for uploading your work to CPAN.  However, there was a problem
testing your distribution.

If you think this report is invalid, please consult the CPAN Testers Wiki
for suggestions on how to avoid getting FAIL reports for missing library
or binary dependencies, unsupported operating systems, and so on:

http://wiki.cpantesters.org/wiki/CPANAuthorNotes

Sections of this report:

    * Tester comments
    * Program output
    * Prerequisites
    * Environment and other context

------------------------------
TESTER COMMENTS
------------------------------

Additional comments from tester:

this report is from an automated smoke testing program
and was not reviewed by a human for accuracy

------------------------------
PROGRAM OUTPUT
------------------------------

Output from '/usr/bin/make test':

PERL_DL_NONLAZY=1 /home/sand/src/perl/repoperls/installed-perls/perl/v5.17.10/127e/bin/perl "-MExtUtils::Command::MM" "-e" "test_harness(0, 'inc', 'blib/lib', 'blib/arch')" t/00.load.t t/01.base.t t/perlcritic.t t/pod-coverage.t t/pod.t t/spelling.t
# Testing DBIx::Class::StorageReadOnly 0.05
t/00.load.t ....... ok
t/01.base.t ....... ok

#   Failed test 'Test::Perl::Critic for "blib/lib/DBIx/Class/StorageReadOnly.pm"'
#   at /home/src/perl/repoperls/installed-perls/perl/v5.17.10/127e/lib/site_perl/5.17.10/Test/Perl/Critic.pm line 110.
# 
# Perl::Critic found these violations in "blib/lib/DBIx/Class/StorageReadOnly.pm":
# Variable, subroutine, and package names have to be in CamelCase at line 14, column 12.  (no explanation).  (Severity: 5)
# Variable, subroutine, and package names have to be in CamelCase at line 15, column 12.  (no explanation).  (Severity: 5)
# Variable, subroutine, and package names have to be in CamelCase at line 15, column 55.  (no explanation).  (Severity: 5)
# Variable, subroutine, and package names have to be in CamelCase at line 17, column 16.  (no explanation).  (Severity: 5)
# Variable, subroutine, and package names have to be in CamelCase at line 18, column 17.  (no explanation).  (Severity: 5)
# Method invokation should use "()" at line 18, column 22.  Use "->MethodName()" instead of "->MethodName".  (Severity: 5)
# Variable, subroutine, and package names have to be in CamelCase at line 21, column 20.  (no explanation).  (Severity: 5)
# Variable, subroutine, and package names have to be in CamelCase at line 21, column 27.  (no explanation).  (Severity: 5)
# Variable, subroutine, and package names have to be in CamelCase at line 25, column 5.  (no explanation).  (Severity: 5)
# Variable, subroutine, and package names have to be in CamelCase at line 26, column 12.  (no explanation).  (Severity: 5)
# Variable, subroutine, and package names have to be in CamelCase at line 27, column 16.  (no explanation).  (Severity: 5)
# Variable, subroutine, and package names have to be in CamelCase at line 27, column 26.  (no explanation).  (Severity: 5)
# Method invokation should use "()" at line 27, column 31.  Use "->MethodName()" instead of "->MethodName".  (Severity: 5)
# Variable, subroutine, and package names have to be in CamelCase at line 28, column 21.  (no explanation).  (Severity: 5)
# Variable, subroutine, and package names have to be in CamelCase at line 29, column 29.  (no explanation).  (Severity: 5)
# Private Member Data shouldn't be accessed directly at line 29, column 29.  Accessing an objects data directly breaks encapsulation and should be avoided.  Example: $object->{ some_key }.  (Severity: 5)

#   Failed test 'Test::Perl::Critic for "blib/lib/DBIx/Class/StorageReadOnly/TT.pm"'
#   at /home/src/perl/repoperls/installed-perls/perl/v5.17.10/127e/lib/site_perl/5.17.10/Test/Perl/Critic.pm line 110.
# 
# Perl::Critic found these violations in "blib/lib/DBIx/Class/StorageReadOnly/TT.pm":
# Variable, subroutine, and package names have to be in CamelCase at line 19, column 16.  (no explanation).  (Severity: 5)
# Variable, subroutine, and package names have to be in CamelCase at line 20, column 17.  (no explanation).  (Severity: 5)
# Method invokation should use "()" at line 20, column 22.  Use "->MethodName()" instead of "->MethodName".  (Severity: 5)
# Variable, subroutine, and package names have to be in CamelCase at line 23, column 20.  (no explanation).  (Severity: 5)
# Method invokation should use "()" at line 23, column 25.  Use "->MethodName()" instead of "->MethodName".  (Severity: 5)
# Variable, subroutine, and package names have to be in CamelCase at line 29, column 5.  (no explanation).  (Severity: 5)
# Variable, subroutine, and package names have to be in CamelCase at line 30, column 12.  (no explanation).  (Severity: 5)
# Variable, subroutine, and package names have to be in CamelCase at line 31, column 16.  (no explanation).  (Severity: 5)
# Variable, subroutine, and package names have to be in CamelCase at line 31, column 26.  (no explanation).  (Severity: 5)
# Method invokation should use "()" at line 31, column 31.  Use "->MethodName()" instead of "->MethodName".  (Severity: 5)
# Variable, subroutine, and package names have to be in CamelCase at line 32, column 21.  (no explanation).  (Severity: 5)
# Variable, subroutine, and package names have to be in CamelCase at line 33, column 29.  (no explanation).  (Severity: 5)
# Private Member Data shouldn't be accessed directly at line 33, column 29.  Accessing an objects data directly breaks encapsulation and should be avoided.  Example: $object->{ some_key }.  (Severity: 5)
# Looks like you failed 2 tests of 2.
t/perlcritic.t .... 
Dubious, test returned 2 (wstat 512, 0x200)
Failed 2/2 subtests 
t/pod-coverage.t .. skipped: Test::Pod::Coverage 1.04 required for testing POD coverage
t/pod.t ........... ok
t/spelling.t ...... ok

Test Summary Report
-------------------
t/perlcritic.t  (Wstat: 512 Tests: 2 Failed: 2)
  Failed tests:  1-2
  Non-zero exit status: 2
Files=6, Tests=8,  3 wallclock secs ( 0.03 usr  0.01 sys +  1.40 cusr  0.13 csys =  1.57 CPU)
Result: FAIL
Failed 1/6 test programs. 2/8 subtests failed.
make: *** [test_dynamic] Error 255

------------------------------
PREREQUISITES
------------------------------

Prerequisite modules loaded:

requires:

    Module              Need Have   
    ------------------- ---- -------
    Carp::Clan          0    6.04   
    DBIx::Class         0    0.08250
    Filter::Util::Call  0    1.48   

build_requires:

    Module              Need Have   
    ------------------- ---- -------
    ExtUtils::MakeMaker 6.36 6.67_03

configure_requires:

    Module              Need Have   
    ------------------- ---- -------
    ExtUtils::MakeMaker 6.36 6.67_03


------------------------------
ENVIRONMENT AND OTHER CONTEXT
------------------------------

Environment variables:

    AUTOMATED_TESTING = 1
    LANG = en_US.UTF-8
    LANGUAGE = en_US:en
    PATH = /usr/lib/ccache:/home/sand/bin:/usr/local/bin:/usr/bin:/bin:/usr/bin/X11:/usr/games:/usr/local/perl/bin:/usr/X11/bin:/sbin:/usr/sbin
    PERL5LIB = 
    PERL5OPT = 
    PERL5_CPANPLUS_IS_RUNNING = 31137
    PERL5_CPAN_IS_RUNNING = 31137
    PERL_MM_USE_DEFAULT = 1
    SHELL = /usr/bin/zsh
    TERM = screen

Perl special variables (and OS-specific diagnostics, for MSWin32):

    $^X = /home/sand/src/perl/repoperls/installed-perls/perl/v5.17.10/127e/bin/perl
    $UID/$EUID = 1005 / 1005
    $GID = 1005 1005
    $EGID = 1005 1005

Perl module toolchain versions installed:

    Module              Have    
    ------------------- --------
    CPAN                2.00    
    CPAN::Meta          2.131560
    Cwd                 3.40    
    ExtUtils::CBuilder  0.280209
    ExtUtils::Command   1.17    
    ExtUtils::Install   1.59    
    ExtUtils::MakeMaker 6.67_03 
    ExtUtils::Manifest  1.63    
    ExtUtils::ParseXS   3.18_03 
    File::Spec          3.40    
    JSON                2.58    
    JSON::PP            2.27202 
    Module::Build       0.4005  
    Module::Signature   0.71    
    Parse::CPAN::Meta   1.4404  
    Test::Harness       3.28    
    Test::More          0.98    
    YAML                0.84    
    YAML::Syck          1.27    
    version             0.9902  


--

Summary of my perl5 (revision 5 version 17 subversion 10) configuration:
  Commit id: 7517f59849785bff313ec053e695f990495f3ab1
  Platform:
    osname=linux, osvers=3.2.0-4-amd64, archname=x86_64-linux-ld
    uname='linux k83 3.2.0-4-amd64 #1 smp debian 3.2.39-2 x86_64 gnulinux '
    config_args='-Dprefix=/home/src/perl/repoperls/installed-perls/perl/v5.17.10/127e -Dmyhostname=k83 -Dinstallusrbinperl=n -Uversiononly -Dusedevel -des -Ui_db -Uuseithreads -Duselongdouble -DDEBUGGING=-g'
    hint=recommended, useposix=true, d_sigaction=define
    useithreads=undef, usemultiplicity=undef
    useperlio=define, d_sfio=undef, uselargefiles=define, usesocks=undef
    use64bitint=define, use64bitall=define, uselongdouble=define
    usemymalloc=n, bincompat5005=undef
  Compiler:
    cc='cc', ccflags ='-fno-strict-aliasing -pipe -fstack-protector -I/usr/local/include -D_LARGEFILE_SOURCE -D_FILE_OFFSET_BITS=64',
    optimize='-O2 -g',
    cppflags='-fno-strict-aliasing -pipe -fstack-protector -I/usr/local/include'
    ccversion='', gccversion='4.7.2', gccosandvers=''
    intsize=4, longsize=8, ptrsize=8, doublesize=8, byteorder=12345678
    d_longlong=define, longlongsize=8, d_longdbl=define, longdblsize=16
    ivtype='long', ivsize=8, nvtype='long double', nvsize=16, Off_t='off_t', lseeksize=8
    alignbytes=16, prototype=define
  Linker and Libraries:
    ld='cc', ldflags =' -fstack-protector -L/usr/local/lib'
    libpth=/usr/local/lib /lib/x86_64-linux-gnu /lib/../lib /usr/lib/x86_64-linux-gnu /usr/lib/../lib /lib /usr/lib
    libs=-lnsl -lgdbm -ldb -ldl -lm -lcrypt -lutil -lc -lgdbm_compat
    perllibs=-lnsl -ldl -lm -lcrypt -lutil -lc
    libc=, so=so, useshrplib=false, libperl=libperl.a
    gnulibc_version='2.13'
  Dynamic Linking:
    dlsrc=dl_dlopen.xs, dlext=so, d_dlsymun=undef, ccdlflags='-Wl,-E'
    cccdlflags='-fPIC', lddlflags='-shared -O2 -g -L/usr/local/lib -fstack-protector'


Characteristics of this binary (from libperl): 
  Compile-time options: HAS_TIMES PERLIO_LAYERS PERL_DONT_CREATE_GVSV
                        PERL_MALLOC_WRAP PERL_PRESERVE_IVUV PERL_SAWAMPERSAND
                        PERL_USE_DEVEL USE_64_BIT_ALL USE_64_BIT_INT
                        USE_LARGE_FILES USE_LOCALE USE_LOCALE_COLLATE
                        USE_LOCALE_CTYPE USE_LOCALE_NUMERIC USE_LONG_DOUBLE
                        USE_PERLIO USE_PERL_ATOF
  Built under linux
  Compiled at Mar 29 2013 22:36:32
  %ENV:
    PERL5LIB=""
    PERL5OPT=""
    PERL5_CPANPLUS_IS_RUNNING="31137"
    PERL5_CPAN_IS_RUNNING="31137"
    PERL_MM_USE_DEFAULT="1"
  @INC:
    /home/src/perl/repoperls/installed-perls/perl/v5.17.10/127e/lib/site_perl/5.17.10/x86_64-linux-ld
    /home/src/perl/repoperls/installed-perls/perl/v5.17.10/127e/lib/site_perl/5.17.10
    /home/src/perl/repoperls/installed-perls/perl/v5.17.10/127e/lib/5.17.10/x86_64-linux-ld
    /home/src/perl/repoperls/installed-perls/perl/v5.17.10/127e/lib/5.17.10
    .