Report for Text-Editor-Vip-0.08.1

Back
From: metabase:user:314402c4-2aae-11df-837a-5e0a49663a4f
Subject: FAIL Text-Editor-Vip-0.08.1 v5.14.4 GNU/Linux
Date: 2015-11-12T07:15:33Z

This distribution has been tested as part of the CPAN Testers
project, supporting the Perl programming language.  See
http://wiki.cpantesters.org/ for more information or email
questions to cpan-testers-discuss@perl.org


--
Dear Nadim Ibn Hamouda El Khemir,

This is a computer-generated report for Text-Editor-Vip-0.08.1
on perl 5.14.4, created by CPAN-Reporter-1.2015.

Thank you for uploading your work to CPAN.  However, there was a problem
testing your distribution.

If you think this report is invalid, please consult the CPAN Testers Wiki
for suggestions on how to avoid getting FAIL reports for missing library
or binary dependencies, unsupported operating systems, and so on:

http://wiki.cpantesters.org/wiki/CPANAuthorNotes

Sections of this report:

    * Tester comments
    * Program output
    * Prerequisites
    * Environment and other context

------------------------------
TESTER COMMENTS
------------------------------

Additional comments from tester:

none provided

------------------------------
PROGRAM OUTPUT
------------------------------

Output from './Build test':

t/001_Text_Editor_Vip.t ................................. ok
"our" variable $buffer masks earlier declaration in same scope at /tmpfs/.cpan-build/2015111121/Text-Editor-Vip-0.08.1-KNvRXV/blib/lib/Text/Editor/Vip/Buffer.pm line 374.
t/002_Text_Editor_Vip_Buffer.t .......................... ok
t/003_Text_Editor_Vip_Selection.t ....................... ok
t/004_Text_Editor_Vip_CommandBlock.t .................... ok
"our" variable $buffer masks earlier declaration in same scope at /tmpfs/.cpan-build/2015111121/Text-Editor-Vip-0.08.1-KNvRXV/blib/lib/Text/Editor/Vip/Buffer.pm line 374.
t/005_Text_Editor_Vip_Buffer_DoUndoRedo.t ............... ok
t/006_Text_Editor_Vip_View.t ............................ ok
t/007_Text_Editor_Vip_Buffer_List.t ..................... ok
"our" variable $buffer masks earlier declaration in same scope at /tmpfs/.cpan-build/2015111121/Text-Editor-Vip-0.08.1-KNvRXV/blib/lib/Text/Editor/Vip/Buffer.pm line 374.
t/008_Text_Editor_Vip_Buffer_Plugins_Display.t .......... ok
"our" variable $buffer masks earlier declaration in same scope at /tmpfs/.cpan-build/2015111121/Text-Editor-Vip-0.08.1-KNvRXV/blib/lib/Text/Editor/Vip/Buffer.pm line 374.
t/009_Text_Editor_Vip_Buffer_Plugins_File.t ............. ok
"our" variable $buffer masks earlier declaration in same scope at /tmpfs/.cpan-build/2015111121/Text-Editor-Vip-0.08.1-KNvRXV/blib/lib/Text/Editor/Vip/Buffer.pm line 374.
t/010_Text_Editor_Vip_Buffer_Plugins_Case.t ............. ok
"our" variable $buffer masks earlier declaration in same scope at /tmpfs/.cpan-build/2015111121/Text-Editor-Vip-0.08.1-KNvRXV/blib/lib/Text/Editor/Vip/Buffer.pm line 374.
t/011_Text_Editor_Vip_Buffer_Attribute.t ................ ok
"our" variable $buffer masks earlier declaration in same scope at /tmpfs/.cpan-build/2015111121/Text-Editor-Vip-0.08.1-KNvRXV/blib/lib/Text/Editor/Vip/Buffer.pm line 374.
t/012_Text_Editor_Vip_Buffer_Plugins_GetWord.t .......... ok
"our" variable $buffer masks earlier declaration in same scope at /tmpfs/.cpan-build/2015111121/Text-Editor-Vip-0.08.1-KNvRXV/blib/lib/Text/Editor/Vip/Buffer.pm line 374.
t/013_Text_Editor_Vip_Buffer_Selection.t ................ ok
"our" variable $buffer masks earlier declaration in same scope at /tmpfs/.cpan-build/2015111121/Text-Editor-Vip-0.08.1-KNvRXV/blib/lib/Text/Editor/Vip/Buffer.pm line 374.
t/014_Text_Editor_Vip_Buffer_Plugins_Tags.t ............. ok
"our" variable $buffer masks earlier declaration in same scope at /tmpfs/.cpan-build/2015111121/Text-Editor-Vip-0.08.1-KNvRXV/blib/lib/Text/Editor/Vip/Buffer.pm line 374.
t/015_Text_Editor_Vip_Buffer_Plugins_InsertConstruct.t .. ok
"our" variable $buffer masks earlier declaration in same scope at /tmpfs/.cpan-build/2015111121/Text-Editor-Vip-0.08.1-KNvRXV/blib/lib/Text/Editor/Vip/Buffer.pm line 374.
t/016_Text_Editor_Vip_Buffer_Plugins_InsertDelete.t ..... ok
"our" variable $buffer masks earlier declaration in same scope at /tmpfs/.cpan-build/2015111121/Text-Editor-Vip-0.08.1-KNvRXV/blib/lib/Text/Editor/Vip/Buffer.pm line 374.
t/017_Text_Editor_Vip_Buffer_Plugins_Selection.t ........ ok
"our" variable $buffer masks earlier declaration in same scope at /tmpfs/.cpan-build/2015111121/Text-Editor-Vip-0.08.1-KNvRXV/blib/lib/Text/Editor/Vip/Buffer.pm line 374.
t/018_Text_Editor_Vip_Buffer_Plugins_Movements.t ........ ok
"our" variable $buffer masks earlier declaration in same scope at /tmpfs/.cpan-build/2015111121/Text-Editor-Vip-0.08.1-KNvRXV/blib/lib/Text/Editor/Vip/Buffer.pm line 374.
t/019_Text_Editor_Vip_Buffer_Plugins_PageUpDown.t ....... ok
"our" variable $buffer masks earlier declaration in same scope at /tmpfs/.cpan-build/2015111121/Text-Editor-Vip-0.08.1-KNvRXV/blib/lib/Text/Editor/Vip/Buffer.pm line 374.

#   Failed test 'invalid replacement warning'
#   at t/020_Text_Editor_Vip_Buffer_Plugins_Replace.t line 231.
# found warning: Use of uninitialized value $2 in substitution iterator at (eval 394) line 2.
# expected to find warning: (?^:Use of uninitialized value in substitution iterator)

#   Failed test 'invalid replacement warning'
#   at t/020_Text_Editor_Vip_Buffer_Plugins_Replace.t line 310.
# found warning: Use of uninitialized value $2 in substitution iterator at (eval 408) line 2.
# expected to find warning: (?^:Use of uninitialized value in substitution iterator)
# Looks like you failed 2 tests of 89.
t/020_Text_Editor_Vip_Buffer_Plugins_Replace.t .......... 
Dubious, test returned 2 (wstat 512, 0x200)
Failed 2/89 subtests 
"our" variable $buffer masks earlier declaration in same scope at /tmpfs/.cpan-build/2015111121/Text-Editor-Vip-0.08.1-KNvRXV/blib/lib/Text/Editor/Vip/Buffer.pm line 374.
t/021_Text_Editor_Vip_Buffer_Plugins_Find.t ............. ok
"our" variable $buffer masks earlier declaration in same scope at lib/Text/Editor/Vip/Buffer.pm line 374.

#   Failed test 'invalid replacement warning'
#   at t/022_Text_Editor_Vip_Buffer_Plugins_Replace_Sub.t line 65.
# found warning: Use of uninitialized value $2 in substitution iterator at (eval 309) line 2.
# expected to find warning: (?^:Use of uninitialized value in substitution iterator)
# Looks like you failed 1 test of 13.
t/022_Text_Editor_Vip_Buffer_Plugins_Replace_Sub.t ...... 
Dubious, test returned 1 (wstat 256, 0x100)
Failed 1/13 subtests 
"our" variable $buffer masks earlier declaration in same scope at lib/Text/Editor/Vip/Buffer.pm line 374.
t/023_Text_Editor_Vip_Buffer_Clipboard.t ................ ok

Test Summary Report
-------------------
t/020_Text_Editor_Vip_Buffer_Plugins_Replace.t        (Wstat: 512 Tests: 89 Failed: 2)
  Failed tests:  62, 82
  Non-zero exit status: 2
t/022_Text_Editor_Vip_Buffer_Plugins_Replace_Sub.t    (Wstat: 256 Tests: 13 Failed: 1)
  Failed test:  9
  Non-zero exit status: 1
Files=23, Tests=1018,  4 wallclock secs ( 0.10 usr  0.14 sys +  1.91 cusr  0.48 csys =  2.63 CPU)
Result: FAIL
Failed 2/23 test programs. 3/1018 subtests failed.

------------------------------
PREREQUISITES
------------------------------

Prerequisite modules loaded:

requires:

    Module           Need Have   
    ---------------- ---- -------
    Clone            0    0.38   
    Data::Hexdumper  0    3.0001 
    Data::TreeDumper 0.24 0.40   
    File::Slurp      0    9999.19
    Readonly         0    2.00   
    Text::Diff       0    1.43   

build_requires:

    Module           Need Have   
    ---------------- ---- -------
    Test::Block      0    0.13   
    Test::Exception  0    0.40   
    Test::NoWarnings 0    1.04   
    Test::Warn       0    0.30   
    Text::Diff       0    1.43   


------------------------------
ENVIRONMENT AND OTHER CONTEXT
------------------------------

Environment variables:

    LANG = C
    PATH = /usr/local/bin:/usr/bin:/bin:/usr/local/sbin:/usr/sbin:/sbin:/home/eserte/bin/linux-gnu:/home/eserte/bin/sh:/home/eserte/bin:/usr/games:/home/eserte/devel:/home/eserte/src/srezic-misc/scripts
    PERL5LIB = /home/eserte/.cpan/build/2015111121/Statistics-PCA-Varimax-EXxPnZ/blib/arch:/home/eserte/.cpan/build/2015111121/Statistics-PCA-Varimax-EXxPnZ/blib/lib:/home/eserte/.cpan/build/2015111121/Math-GSL-Linalg-SVD-Dk_CwV/blib/arch:/home/eserte/.cpan/build/2015111121/Math-GSL-Linalg-SVD-Dk_CwV/blib/lib:/home/eserte/.cpan/build/2015111121/Statistics-PCA-81qVvl/blib/arch:/home/eserte/.cpan/build/2015111121/Statistics-PCA-81qVvl/blib/lib:/home/eserte/.cpan/build/2015111121/Module-Install-Bundle-Platypus-0.00002-wupT0P/blib/arch:/home/eserte/.cpan/build/2015111121/Module-Install-Bundle-Platypus-0.00002-wupT0P/blib/lib:/home/eserte/.cpan/build/2015111121/App-BundleDeps-0.00006-X1bXns/blib/arch:/home/eserte/.cpan/build/2015111121/App-BundleDeps-0.00006-X1bXns/blib/lib:/home/eserte/.cpan/build/2015111121/Lexical-Attributes-2009121601-dzIpwx/blib/arch:/home/eserte/.cpan/build/2015111121/Lexical-Attributes-2009121601-dzIpwx/blib/lib:/home/eserte/.cpan/build/2015111121/Geo-Coder-GoogleMaps-0.4-JosPtb/blib/arch:/home/eserte/.cpan/build/2015111121/Geo-Coder-GoogleMaps-0.4-JosPtb/blib/lib
    PERL5OPT = 
    PERL5_CPANPLUS_IS_RUNNING = 4803
    PERL5_CPAN_IS_RUNNING = 4803
    PERL5_CPAN_IS_RUNNING_IN_RECURSION = 1887,4803
    PERLDOC = -MPod::Perldoc::ToTextOverstrike
    PERL_BATCH = yes
    PERL_CANARY_STABILITY_NOPROMPT = 1
    PERL_CPAN_REPORTER_CONFIG = /var/tmp/cpansmoker-1001/2015111118/cpanreporter_000_config.ini
    PERL_EXTUTILS_AUTOINSTALL = --defaultdeps
    SHELL = /bin/zsh
    TERM = screen
    TMPDIR = /var/tmp/cpansmoker-1001/2015111118

Perl special variables (and OS-specific diagnostics, for MSWin32):

    $^X = /bbbike/perl-5.14.4/bin/perl
    $UID/$EUID = 1001 / 1001
    $GID = 1001 109 1001
    $EGID = 1001 109 1001

Perl module toolchain versions installed:

    Module              Have     
    ------------------- ---------
    CPAN                1.9600_01
    CPAN::Meta          2.150005 
    Cwd                 3.47     
    ExtUtils::CBuilder  0.280223 
    ExtUtils::Command   1.17     
    ExtUtils::Install   2.04     
    ExtUtils::MakeMaker 7.04     
    ExtUtils::Manifest  1.68     
    ExtUtils::ParseXS   3.24     
    File::Spec          3.47     
    JSON                2.90     
    JSON::PP            2.27300  
    Module::Build       0.4214   
    Module::Signature   0.78     
    Parse::CPAN::Meta   1.4414   
    Test::Harness       3.35     
    Test::More          1.001014 
    YAML                1.15     
    YAML::Syck          1.29     
    version             0.9912   


--

Summary of my perl5 (revision 5 version 14 subversion 4) configuration:
   
  Platform:
    osname=linux, osvers=3.2.0-4-amd64, archname=x86_64-linux
    uname='linux eserte 3.2.0-4-amd64 #1 smp debian 3.2.57-3 x86_64 gnulinux '
    config_args='-ds -e -Dprefix=/opt/perl-5.14.4'
    hint=recommended, useposix=true, d_sigaction=define
    useithreads=undef, usemultiplicity=undef
    useperlio=define, d_sfio=undef, uselargefiles=define, usesocks=undef
    use64bitint=define, use64bitall=define, uselongdouble=undef
    usemymalloc=n, bincompat5005=undef
  Compiler:
    cc='cc', ccflags ='-fno-strict-aliasing -pipe -fstack-protector -I/usr/local/include -D_LARGEFILE_SOURCE -D_FILE_OFFSET_BITS=64',
    optimize='-O2',
    cppflags='-fno-strict-aliasing -pipe -fstack-protector -I/usr/local/include'
    ccversion='', gccversion='4.7.2', gccosandvers=''
    intsize=4, longsize=8, ptrsize=8, doublesize=8, byteorder=12345678
    d_longlong=define, longlongsize=8, d_longdbl=define, longdblsize=16
    ivtype='long', ivsize=8, nvtype='double', nvsize=8, Off_t='off_t', lseeksize=8
    alignbytes=8, prototype=define
  Linker and Libraries:
    ld='cc', ldflags =' -fstack-protector -L/usr/local/lib'
    libpth=/usr/local/lib /lib/x86_64-linux-gnu /lib/../lib /usr/lib/x86_64-linux-gnu /usr/lib/../lib /lib /usr/lib
    libs=-lnsl -ldb -ldl -lm -lcrypt -lutil -lc
    perllibs=-lnsl -ldl -lm -lcrypt -lutil -lc
    libc=, so=so, useshrplib=false, libperl=libperl.a
    gnulibc_version='2.13'
  Dynamic Linking:
    dlsrc=dl_dlopen.xs, dlext=so, d_dlsymun=undef, ccdlflags='-Wl,-E'
    cccdlflags='-fPIC', lddlflags='-shared -O2 -L/usr/local/lib -fstack-protector'


Characteristics of this binary (from libperl): 
  Compile-time options: PERL_DONT_CREATE_GVSV PERL_MALLOC_WRAP
                        PERL_PRESERVE_IVUV USE_64_BIT_ALL USE_64_BIT_INT
                        USE_LARGE_FILES USE_PERLIO USE_PERL_ATOF
  Built under linux
  Compiled at May 15 2014 16:40:06
  %ENV:
    PERL5LIB="/home/eserte/.cpan/build/2015111121/Statistics-PCA-Varimax-EXxPnZ/blib/arch:/home/eserte/.cpan/build/2015111121/Statistics-PCA-Varimax-EXxPnZ/blib/lib:/home/eserte/.cpan/build/2015111121/Math-GSL-Linalg-SVD-Dk_CwV/blib/arch:/home/eserte/.cpan/build/2015111121/Math-GSL-Linalg-SVD-Dk_CwV/blib/lib:/home/eserte/.cpan/build/2015111121/Statistics-PCA-81qVvl/blib/arch:/home/eserte/.cpan/build/2015111121/Statistics-PCA-81qVvl/blib/lib:/home/eserte/.cpan/build/2015111121/Module-Install-Bundle-Platypus-0.00002-wupT0P/blib/arch:/home/eserte/.cpan/build/2015111121/Module-Install-Bundle-Platypus-0.00002-wupT0P/blib/lib:/home/eserte/.cpan/build/2015111121/App-BundleDeps-0.00006-X1bXns/blib/arch:/home/eserte/.cpan/build/2015111121/App-BundleDeps-0.00006-X1bXns/blib/lib:/home/eserte/.cpan/build/2015111121/Lexical-Attributes-2009121601-dzIpwx/blib/arch:/home/eserte/.cpan/build/2015111121/Lexical-Attributes-2009121601-dzIpwx/blib/lib:/home/eserte/.cpan/build/2015111121/Geo-Coder-GoogleMaps-0.4-JosPtb/blib/arch:/home/eserte/.cpan/build/2015111121/Geo-Coder-GoogleMaps-0.4-JosPtb/blib/lib"
    PERL5OPT=""
    PERL5_CPANPLUS_IS_RUNNING="4803"
    PERL5_CPAN_IS_RUNNING="4803"
    PERL5_CPAN_IS_RUNNING_IN_RECURSION="1887,4803"
    PERLDOC="-MPod::Perldoc::ToTextOverstrike"
    PERL_BATCH="yes"
    PERL_CANARY_STABILITY_NOPROMPT="1"
    PERL_CPAN_REPORTER_CONFIG="/var/tmp/cpansmoker-1001/2015111118/cpanreporter_000_config.ini"
    PERL_EXTUTILS_AUTOINSTALL="--defaultdeps"
  @INC:
    /home/eserte/.cpan/build/2015111121/Statistics-PCA-Varimax-EXxPnZ/blib/arch
    /home/eserte/.cpan/build/2015111121/Statistics-PCA-Varimax-EXxPnZ/blib/lib
    /home/eserte/.cpan/build/2015111121/Math-GSL-Linalg-SVD-Dk_CwV/blib/arch
    /home/eserte/.cpan/build/2015111121/Math-GSL-Linalg-SVD-Dk_CwV/blib/lib
    /home/eserte/.cpan/build/2015111121/Statistics-PCA-81qVvl/blib/arch
    /home/eserte/.cpan/build/2015111121/Statistics-PCA-81qVvl/blib/lib
    /home/eserte/.cpan/build/2015111121/Module-Install-Bundle-Platypus-0.00002-wupT0P/blib/arch
    /home/eserte/.cpan/build/2015111121/Module-Install-Bundle-Platypus-0.00002-wupT0P/blib/lib
    /home/eserte/.cpan/build/2015111121/App-BundleDeps-0.00006-X1bXns/blib/arch
    /home/eserte/.cpan/build/2015111121/App-BundleDeps-0.00006-X1bXns/blib/lib
    /home/eserte/.cpan/build/2015111121/Lexical-Attributes-2009121601-dzIpwx/blib/arch
    /home/eserte/.cpan/build/2015111121/Lexical-Attributes-2009121601-dzIpwx/blib/lib
    /home/eserte/.cpan/build/2015111121/Geo-Coder-GoogleMaps-0.4-JosPtb/blib/arch
    /home/eserte/.cpan/build/2015111121/Geo-Coder-GoogleMaps-0.4-JosPtb/blib/lib
    /opt/perl-5.14.4/lib/site_perl/5.14.4/x86_64-linux
    /opt/perl-5.14.4/lib/site_perl/5.14.4
    /opt/perl-5.14.4/lib/5.14.4/x86_64-linux
    /opt/perl-5.14.4/lib/5.14.4
    .