Back
From: metabase:user:20a45eae-6c1a-1014-abaf-4bc2b30e56df
Subject: FAIL Graphics-GnuplotIF-1.7 v5.14.2 Windows (Cygwin)
Date: 2012-10-25T21:19:19Z
This distribution has been tested as part of the CPAN Testers
project, supporting the Perl programming language. See
http://wiki.cpantesters.org/ for more information or email
questions to cpan-testers-discuss@perl.org
--
Dear Fritz Mehner,
This is a computer-generated report for Graphics-GnuplotIF-1.7
on perl 5.14.2, created by CPAN-Reporter-1.2002.
Thank you for uploading your work to CPAN. However, there was a problem
testing your distribution.
If you think this report is invalid, please consult the CPAN Testers Wiki
for suggestions on how to avoid getting FAIL reports for missing library
or binary dependencies, unsupported operating systems, and so on:
http://wiki.cpantesters.org/wiki/CPANAuthorNotes
Sections of this report:
* Tester comments
* Program output
* Prerequisites
* Environment and other context
------------------------------
TESTER COMMENTS
------------------------------
Additional comments from tester:
none provided
------------------------------
PROGRAM OUTPUT
------------------------------
Output from './Build test':
# Testing GnuplotIF 1.7
t/00.load.t ....... ok
Graphics::GnuplotIF (object 2): problem closing communication to gnuplot
Graphics::GnuplotIF (object 1): problem closing communication to gnuplot
Can't exec "gnuplot": No such file or directory at t/GnuplotIF.t line 149.
system gnuplot t/test2.gnuplot failed: No such file or directory at t/GnuplotIF.t line 149.
# Looks like you planned 7 tests but ran 1.
# Looks like your test exited with 2 just after 1.
t/GnuplotIF.t .....
Dubious, test returned 2 (wstat 512, 0x200)
Failed 6/7 subtests
t/pod-coverage.t .. skipped: Only the author needs to check the POD documentation.
t/pod.t ........... skipped: Only the author needs to check the POD documentation.
Test Summary Report
-------------------
t/GnuplotIF.t (Wstat: 512 Tests: 1 Failed: 0)
Non-zero exit status: 2
Parse errors: Bad plan. You planned 7 tests but ran 1.
Files=4, Tests=2, 2 wallclock secs ( 0.31 usr 0.06 sys + 0.37 cusr 0.27 csys = 1.02 CPU)
Result: FAIL
Failed 1/4 test programs. 0/2 subtests failed.
------------------------------
PREREQUISITES
------------------------------
Prerequisite modules loaded:
requires:
Module Need Have
------------------- ---- ----
Test::More 0 0.98
version 0 0.88
configure_requires:
Module Need Have
------------------- ---- ----
ExtUtils::MakeMaker 0 6.62
------------------------------
ENVIRONMENT AND OTHER CONTEXT
------------------------------
Environment variables:
COMSPEC = C:\Windows\system32\cmd.exe
LANG = C.utf8
NUMBER_OF_PROCESSORS = 4
PATH = /usr/local/bin:/usr/bin:/cygdrive/c/Program Files (x86)/PC Connectivity Solution:/cygdrive/c/Windows/system32:/cygdrive/c/Windows:/cygdrive/c/Windows/System32/Wbem:/cygdrive/c/Windows/System32/WindowsPowerShell/v1.0:/cygdrive/c/Program Files (x86)/Smart Projects/IsoBuster:/usr/bin:/usr/X11R6/bin:/cygdrive/c/Program Files (x86)/cGPSmapper:/cygdrive/c/apps/emacs-23.3/bin:/usr/lib/lapack:/bin:/usr/sbin:/sbin:/cygdrive/c/Program Files/Java/jre6/bin
PERL5LIB = /usr/local/lib/perl5
PERL5OPT =
PERL5_CPANPLUS_IS_RUNNING = 5428
PERL5_CPAN_IS_RUNNING = 5428
PROCESSOR_IDENTIFIER = Intel64 Family 6 Model 37 Stepping 5, GenuineIntel
TEMP = /tmp
TERM = xterm
Perl special variables (and OS-specific diagnostics, for MSWin32):
$^X = /usr/local/bin/perl
$UID/$EUID = 22755 / 22755
$GID = 10513 0 544 545 1001 10571 43588 44771 44776 47153 45205 10513 51781 18818 72481 43044 30568 43061 18761 56667 12652 12669 12778 42734 20077 51528 11073 51645 61702 17963 51289 43366 55368 57206 20667 20955 49381 50556 23333 65644 65646 51916 51926 51837 45099 30321 49625 31369 67201 45094
$EGID = 10513 0 544 545 1001 10571 43588 44771 44776 47153 45205 10513 51781 18818 72481 43044 30568 43061 18761 56667 12652 12669 12778 42734 20077 51528 11073 51645 61702 17963 51289 43366 55368 57206 20667 20955 49381 50556 23333 65644 65646 51916 51926 51837 45099 30321 49625 31369 67201 45094
Perl module toolchain versions installed:
Module Have
------------------- --------
CPAN 1.9800
CPAN::Meta 2.112150
Cwd 3.36
ExtUtils::CBuilder 0.280203
ExtUtils::Command 1.17
ExtUtils::Install 1.56
ExtUtils::MakeMaker 6.62
ExtUtils::Manifest 1.58
ExtUtils::ParseXS 2.2210
File::Spec 3.33
JSON 2.53
JSON::PP 2.27105
Module::Build 0.3800
Module::Signature 0.68
Parse::CPAN::Meta 1.4401
Test::Harness 3.23
Test::More 0.98
YAML 0.77
YAML::Syck 1.19
version 0.88
--
Summary of my perl5 (revision 5 version 14 subversion 2) configuration:
Platform:
osname=cygwin, osvers=1.7.9(0.23753), archname=cygwin-thread-multi-64int
uname='cygwin_nt-6.1-wow64 osl069 1.7.9(0.23753) 2011-03-29 10:10 i686 cygwin '
config_args='-Dmksymlinks -de -Dcc=gcc-4 -Dprefix=/usr/local -Dcf_by=pjacklam -Dcf_email=pjacklam@online.no -Dperladmin=pjacklam@online.no -Uinc_version_list -Uinstallusrbinperl -Umad -Dusethreads -Dusemultiplicity -Duse64bitint'
hint=recommended, useposix=true, d_sigaction=define
useithreads=define, usemultiplicity=define
useperlio=define, d_sfio=undef, uselargefiles=define, usesocks=undef
use64bitint=define, use64bitall=undef, uselongdouble=undef
usemymalloc=y, bincompat5005=undef
Compiler:
cc='gcc-4', ccflags ='-DPERL_USE_SAFE_PUTENV -U__STRICT_ANSI__ -fno-strict-aliasing -pipe -fstack-protector',
optimize='-O3',
cppflags='-DPERL_USE_SAFE_PUTENV -U__STRICT_ANSI__ -fno-strict-aliasing -pipe -fstack-protector'
ccversion='', gccversion='4.5.3', gccosandvers=''
intsize=4, longsize=4, ptrsize=4, doublesize=8, byteorder=12345678
d_longlong=define, longlongsize=8, d_longdbl=define, longdblsize=12
ivtype='long long', ivsize=8, nvtype='double', nvsize=8, Off_t='off_t', lseeksize=8
alignbytes=8, prototype=define
Linker and Libraries:
ld='g++', ldflags =' -Wl,--enable-auto-import -Wl,--export-all-symbols -Wl,--enable-auto-image-base -fstack-protector -L/usr/local/lib'
libpth=/usr/local/lib /usr/lib /lib
libs=-lgdbm -ldb -ldl -lcrypt -lgdbm_compat
perllibs=-ldl -lcrypt
libc=/usr/lib/libc.a, so=dll, useshrplib=true, libperl=cygperl5_14_2.dll
gnulibc_version=''
Dynamic Linking:
dlsrc=dl_dlopen.xs, dlext=dll, d_dlsymun=undef, ccdlflags=' '
cccdlflags=' ', lddlflags=' --shared -Wl,--enable-auto-import -Wl,--export-all-symbols -Wl,--enable-auto-image-base -L/usr/local/lib -fstack-protector'
Characteristics of this binary (from libperl):
Compile-time options: MULTIPLICITY MYMALLOC PERL_DONT_CREATE_GVSV
PERL_IMPLICIT_CONTEXT PERL_PRESERVE_IVUV
PERL_USE_SAFE_PUTENV USE_64_BIT_INT USE_ITHREADS
USE_LARGE_FILES USE_PERLIO USE_PERL_ATOF
USE_REENTRANT_API
Built under cygwin
Compiled at Nov 2 2011 21:07:54
%ENV:
PERL5LIB="/usr/local/lib/perl5"
PERL5OPT=""
PERL5_CPANPLUS_IS_RUNNING="5428"
PERL5_CPAN_IS_RUNNING="5428"
CYGWIN="codepage:utf8 nodosfilewarning"
@INC:
/usr/local/lib/perl5/5.14.2/cygwin-thread-multi-64int
/usr/local/lib/perl5/5.14.2
/usr/local/lib/perl5/cygwin-thread-multi-64int
/usr/local/lib/perl5
/usr/local/lib/perl5/site_perl/5.14.2/cygwin-thread-multi-64int
/usr/local/lib/perl5/site_perl/5.14.2
/usr/local/lib/perl5/5.14.2/cygwin-thread-multi-64int
/usr/local/lib/perl5/5.14.2
.