Filter-Crypto v2.08 Perl 5 v5.24.3 OpenBSD.amd64-openbsd-thread-multi-ld

Status
Fail
From
Alceu Rodrigues de Freitas Junior
Dist
Filter-Crypto v2.08
Platform
Perl 5 v5.24.3 OpenBSD.amd64-openbsd-thread-multi-ld
Date
2018-08-02 03:35:55
ID
2a0dd27a-9605-11e8-90b8-6e0072b7698a
This distribution has been tested as part of the CPAN Testers
project, supporting the Perl programming language.  See
http://wiki.cpantesters.org/ for more information or email
questions to cpan-testers-discuss@perl.org


--
Dear Steve Hay,

This is a computer-generated report for Filter-Crypto-2.08
on perl 5.24.3, created by CPAN-Reporter-1.2018.

Thank you for uploading your work to CPAN.  However, there was a problem
testing your distribution.

If you think this report is invalid, please consult the CPAN Testers Wiki
for suggestions on how to avoid getting FAIL reports for missing library
or binary dependencies, unsupported operating systems, and so on:

http://wiki.cpantesters.org/wiki/CPANAuthorNotes

Sections of this report:

    * Tester comments
    * Program output
    * Prerequisites
    * Environment and other context

------------------------------
TESTER COMMENTS
------------------------------

Additional comments from tester:

this report is from an automated smoke testing program
and was not reviewed by a human for accuracy

------------------------------
PROGRAM OUTPUT
------------------------------

Output from '/usr/bin/make test':

"/home/goku/perl5/perlbrew/perls/perl-5.24.3/bin/perl" -MExtUtils::Command::MM -e 'cp_nonempty' -- CryptFile.bs ../blib/arch/auto/Filter/Crypto/CryptFile/CryptFile.bs 644
"/home/goku/perl5/perlbrew/perls/perl-5.24.3/bin/perl" -MExtUtils::Command::MM -e 'cp_nonempty' -- Decrypt.bs ../blib/arch/auto/Filter/Crypto/Decrypt/Decrypt.bs 644
PERL_DL_NONLAZY=1 "/home/goku/perl5/perlbrew/perls/perl-5.24.3/bin/perl" "-MExtUtils::Command::MM" "-MTest::Harness" "-e" "undef *Test::Harness::Switches; test_harness(0, 'blib/lib', 'blib/arch')" t/*.t
t/01_imports_01.t .... ok
t/01_imports_02.t .... ok
t/01_imports_03.t .... ok
t/01_imports_04.t .... ok
t/02_function.t ...... ok
t/03_script.t ........ ok
Attempt to reload DynaLoader.pm aborted.
Compilation failed in require at /home/goku/perl5/perlbrew/perls/perl-5.24.3/lib/site_perl/5.24.3/OpenBSD.amd64-openbsd-thread-multi-ld/XSLoader.pm line 118.
Compilation failed in require at /home/goku/perl5/perlbrew/perls/perl-5.24.3/lib/site_perl/5.24.3/OpenBSD.amd64-openbsd-thread-multi-ld/IO/Handle.pm line 268.
BEGIN failed--compilation aborted at /home/goku/perl5/perlbrew/perls/perl-5.24.3/lib/site_perl/5.24.3/OpenBSD.amd64-openbsd-thread-multi-ld/IO/Handle.pm line 268.
Compilation failed in require at /home/goku/perl5/perlbrew/perls/perl-5.24.3/lib/site_perl/5.24.3/OpenBSD.amd64-openbsd-thread-multi-ld/IO/Seekable.pm line 100.
BEGIN failed--compilation aborted at /home/goku/perl5/perlbrew/perls/perl-5.24.3/lib/site_perl/5.24.3/OpenBSD.amd64-openbsd-thread-multi-ld/IO/Seekable.pm line 100.
Compilation failed in require at /home/goku/perl5/perlbrew/perls/perl-5.24.3/lib/site_perl/5.24.3/OpenBSD.amd64-openbsd-thread-multi-ld/IO/File.pm line 132.
BEGIN failed--compilation aborted at /home/goku/perl5/perlbrew/perls/perl-5.24.3/lib/site_perl/5.24.3/OpenBSD.amd64-openbsd-thread-multi-ld/IO/File.pm line 132.
Compilation failed in require at -e line 138.
Use of uninitialized value $got in numeric gt (>) at (eval in cmp_ok) t/04_par.t line 124.

#   Failed test '... and created a non-zero size PAR archive'
#   at t/04_par.t line 124.
Use of uninitialized value $val in addition (+) at /home/goku/perl5/perlbrew/perls/perl-5.24.3/lib/site_perl/5.24.3/Test/Builder.pm line 761.
#     undef
#         >
#     '0'
IO error: opening test1 for read : No such file or directory 
 at /home/goku/perl5/perlbrew/perls/perl-5.24.3/lib/site_perl/5.24.3/Archive/Zip/Archive.pm line 557.
	Archive::Zip::Archive::read(Archive::Zip::Archive=HASH(0x1a6831e9c598), "test1") called at t/04_par.t line 131
	eval {...} called at t/04_par.t line 131

#   Failed test '... and read() returned OK'
#   at t/04_par.t line 133.
#          got: '4'
#     expected: '0'

#   Failed test '... and the script contents are as expected'
#   at t/04_par.t line 134.
#                   undef
#     doesn't match '(?^:^use\ Filter\:\:Crypto\:\:Decrypt\;)'
Can't exec "./test1": No such file or directory at t/04_par.t line 149.
Use of uninitialized value $line in scalar chomp at t/04_par.t line 149.

#   Failed test 'Running the PAR archive produces the expected output'
#   at t/04_par.t line 150.
#          got: undef
#     expected: 'Hello, world.'
Attempt to reload DynaLoader.pm aborted.
Compilation failed in require at /home/goku/perl5/perlbrew/perls/perl-5.24.3/lib/site_perl/5.24.3/OpenBSD.amd64-openbsd-thread-multi-ld/XSLoader.pm line 118.
Compilation failed in require at /home/goku/perl5/perlbrew/perls/perl-5.24.3/lib/site_perl/5.24.3/OpenBSD.amd64-openbsd-thread-multi-ld/IO/Handle.pm line 268.
BEGIN failed--compilation aborted at /home/goku/perl5/perlbrew/perls/perl-5.24.3/lib/site_perl/5.24.3/OpenBSD.amd64-openbsd-thread-multi-ld/IO/Handle.pm line 268.
Compilation failed in require at /home/goku/perl5/perlbrew/perls/perl-5.24.3/lib/site_perl/5.24.3/OpenBSD.amd64-openbsd-thread-multi-ld/IO/Seekable.pm line 100.
BEGIN failed--compilation aborted at /home/goku/perl5/perlbrew/perls/perl-5.24.3/lib/site_perl/5.24.3/OpenBSD.amd64-openbsd-thread-multi-ld/IO/Seekable.pm line 100.
Compilation failed in require at /home/goku/perl5/perlbrew/perls/perl-5.24.3/lib/site_perl/5.24.3/OpenBSD.amd64-openbsd-thread-multi-ld/IO/File.pm line 132.
BEGIN failed--compilation aborted at /home/goku/perl5/perlbrew/perls/perl-5.24.3/lib/site_perl/5.24.3/OpenBSD.amd64-openbsd-thread-multi-ld/IO/File.pm line 132.
Compilation failed in require at -e line 138.
Use of uninitialized value $got in numeric gt (>) at (eval in cmp_ok) t/04_par.t line 161.

#   Failed test '... and created a non-zero size PAR archive'
#   at t/04_par.t line 161.
Use of uninitialized value $val in addition (+) at /home/goku/perl5/perlbrew/perls/perl-5.24.3/lib/site_perl/5.24.3/Test/Builder.pm line 761.
#     undef
#         >
#     '0'
IO error: opening test2 for read : No such file or directory 
 at /home/goku/perl5/perlbrew/perls/perl-5.24.3/lib/site_perl/5.24.3/Archive/Zip/Archive.pm line 557.
	Archive::Zip::Archive::read(Archive::Zip::Archive=HASH(0x1a67a1103808), "test2") called at t/04_par.t line 168
	eval {...} called at t/04_par.t line 168

#   Failed test '... and read() returned OK'
#   at t/04_par.t line 170.
#          got: '4'
#     expected: '0'

#   Failed test '... and the script contents are as expected'
#   at t/04_par.t line 171.
#                   undef
#     doesn't match '(?^:^use\ Filter\:\:Crypto\:\:Decrypt\;)'

#   Failed test '... and the included module contents are as expected'
#   at t/04_par.t line 173.
#                   undef
#     doesn't match '(?^:^use\ Filter\:\:Crypto\:\:Decrypt\;)'
Can't exec "./test2": No such file or directory at t/04_par.t line 186.
Use of uninitialized value $line in scalar chomp at t/04_par.t line 186.

#   Failed test 'Running the PAR archive produces the expected output'
#   at t/04_par.t line 187.
#          got: undef
#     expected: 'Hello, world.'
# Looks like you failed 9 tests of 16.
t/04_par.t ........... 
Dubious, test returned 9 (wstat 2304, 0x900)
Failed 9/16 subtests 
t/05_errstr.t ........ ok
t/06_changes.t ....... skipped: Author testing only
t/07_critic.t ........ skipped: Author testing only
t/08_pod.t ........... skipped: Author testing only
t/09_pod_coverage.t .. skipped: Author testing only

Test Summary Report
-------------------
t/04_par.t         (Wstat: 2304 Tests: 16 Failed: 9)
  Failed tests:  2, 4-5, 8, 10, 12-14, 16
  Non-zero exit status: 9
Files=12, Tests=448, 46 wallclock secs ( 0.05 usr  0.08 sys + 10.62 cusr  3.39 csys = 14.14 CPU)
Result: FAIL
Failed 1/12 test programs. 9/448 subtests failed.
*** Error 255 in /mnt/cpan_build_dir/goku/Filter-Crypto-2.08-0 (Makefile:1090 'test_dynamic')

------------------------------
PREREQUISITES
------------------------------

Prerequisite modules loaded:

requires:

    Module                Need     Have     
    --------------------- -------- ---------
    Carp                  0        1.38     
    Config                0        6.27     
    constant              0        1.33     
    Cwd                   0        3.74     
    Exporter              0        5.72     
    ExtUtils::MakeMaker   6.66     7.35_06  
    Fcntl                 0        1.13     
    File::Basename        0        2.85     
    File::Copy            0        2.31     
    File::Find            0        1.34     
    File::Spec::Functions 0        3.74     
    File::Temp            0        0.2306   
    Getopt::Long          0        2.5      
    perl                  5.008001 5.024003 
    Pod::Usage            1.15     1.69     
    Scalar::Util          0        1.50     
    strict                0        1.11     
    Text::ParseWords      0        3.30     
    Text::Wrap            0        2018.0419
    warnings              0        1.36     
    XSLoader              0        0.24     

build_requires:

    Module                Need     Have     
    --------------------- -------- ---------
    blib                  0        1.06     
    ExtUtils::MakeMaker   0        7.35_06  
    FindBin               0        1.51     
    Test::More            0        1.302139 

configure_requires:

    Module                Need     Have     
    --------------------- -------- ---------
    Carp                  0        1.38     
    Config                0        6.27     
    constant              0        1.33     
    Cwd                   0        3.74     
    ExtUtils::MakeMaker   6.66     7.35_06  
    Fcntl                 0        1.13     
    File::Basename        0        2.85     
    File::Copy            0        2.31     
    File::Spec::Functions 0        3.74     
    Getopt::Long          0        2.5      
    perl                  5.008001 5.024003 
    Pod::Usage            1.15     1.69     
    strict                0        1.11     
    Text::Wrap            0        2018.0419
    warnings              0        1.36     


------------------------------
ENVIRONMENT AND OTHER CONTEXT
------------------------------

Environment variables:

    AUTOMATED_TESTING = 1
    DBD_MYSQL_TESTDB = test
    DBD_MYSQL_TESTHOST = localhost
    DBD_MYSQL_TESTPASSWORD = 
    DBD_MYSQL_TESTPORT = 3306
    DBD_MYSQL_TESTUSER = goku
    EXTENDED_TESTING = 1
    PATH = /home/goku/perl5/perlbrew/bin:/home/goku/perl5/perlbrew/perls/perl-5.24.3/bin:/home/goku/bin:/usr/bin:/bin:/usr/sbin:/sbin:/usr/X11R6/bin:/usr/local/bin:/usr/local/sbin
    PERL5LIB = 
    PERL5OPT = 
    PERL5_CPANPLUS_IS_RUNNING = 10916
    PERL5_CPAN_IS_RUNNING = 10916
    PERL5_CPAN_IS_RUNNING_IN_RECURSION = 38243,10916
    PERLBREW_HOME = /home/goku/.perlbrew
    PERLBREW_MANPATH = /home/goku/perl5/perlbrew/perls/perl-5.24.3/man
    PERLBREW_PATH = /home/goku/perl5/perlbrew/bin:/home/goku/perl5/perlbrew/perls/perl-5.24.3/bin
    PERLBREW_PERL = perl-5.24.3
    PERLBREW_ROOT = /home/goku/perl5/perlbrew
    PERLBREW_SHELLRC_VERSION = 0.82
    PERLBREW_VERSION = 0.82
    PERL_CR_SMOKER_CURRENT = Filter-Crypto-2.08
    PERL_EXTUTILS_AUTOINSTALL = --defaultdeps
    PERL_MM_USE_DEFAULT = 1
    PERL_USE_UNSAFE_INC = 1
    SHELL = /usr/local/bin/bash
    TERM = vt220

Perl special variables (and OS-specific diagnostics, for MSWin32):

    $^X = /home/goku/perl5/perlbrew/perls/perl-5.24.3/bin/perl
    $UID/$EUID = 1001 / 1001
    $GID = 998 998 1001
    $EGID = 998 998 1001

Perl module toolchain versions installed:

    Module              Have    
    ------------------- --------
    CPAN                2.20    
    CPAN::Meta          2.150010
    Cwd                 3.74    
    ExtUtils::CBuilder  0.280230
    ExtUtils::Command   7.35_06 
    ExtUtils::Install   2.14    
    ExtUtils::MakeMaker 7.35_06 
    ExtUtils::Manifest  1.71    
    ExtUtils::ParseXS   3.35    
    File::Spec          3.74    
    JSON                2.97001 
    JSON::PP            2.97001 
    Module::Build       0.42_28 
    Module::Signature   0.81    
    Parse::CPAN::Meta   2.150010
    Test::Harness       3.43_01 
    Test::More          1.302139
    YAML                1.26    
    YAML::Syck          1.30    
    version             0.9924  


--

Summary of my perl5 (revision 5 version 24 subversion 3) configuration:
   
  Platform:
    osname=openbsd, osvers=6.2, archname=OpenBSD.amd64-openbsd-thread-multi-ld
    uname='openbsd cpan-smoker-openbsd 6.2 generic.mp#134 amd64 '
    config_args='-de -Dprefix=/home/goku/perl5/perlbrew/perls/perl-5.24.3 -Dman1dir=none -Dman3dir=none -Dusemultiplicity -Duselongdouble -Dusethreads -Duse64bitall -Duse64bitint -Aeval:scriptdir=/home/goku/perl5/perlbrew/perls/perl-5.24.3/bin'
    hint=recommended, useposix=true, d_sigaction=define
    useithreads=define, usemultiplicity=define
    use64bitint=define, use64bitall=define, uselongdouble=define
    usemymalloc=n, bincompat5005=undef
  Compiler:
    cc='cc', ccflags ='-pthread -fno-strict-aliasing -pipe -fstack-protector-strong -I/usr/local/include -D_FORTIFY_SOURCE=2',
    optimize='-O2',
    cppflags='-pthread -fno-strict-aliasing -pipe -fstack-protector-strong -I/usr/local/include'
    ccversion='', gccversion='4.2.1 Compatible OpenBSD Clang 4.0.0 (tags/RELEASE_400/final)', gccosandvers=''
    intsize=4, longsize=8, ptrsize=8, doublesize=8, byteorder=12345678, doublekind=3
    d_longlong=define, longlongsize=8, d_longdbl=define, longdblsize=16, longdblkind=3
    ivtype='long', ivsize=8, nvtype='long double', nvsize=16, Off_t='off_t', lseeksize=8
    alignbytes=16, prototype=define
  Linker and Libraries:
    ld='cc', ldflags ='-pthread -Wl,-E  -fstack-protector-strong -L/usr/local/lib'
    libpth=/usr/lib /usr/local/lib
    libs=-lpthread -lm -lutil -lc
    perllibs=-lpthread -lm -lutil -lc
    libc=/usr/lib/libc.so.90.0, so=so, useshrplib=false, libperl=libperl.a
    gnulibc_version=''
  Dynamic Linking:
    dlsrc=dl_dlopen.xs, dlext=so, d_dlsymun=undef, ccdlflags=' '
    cccdlflags='-DPIC -fPIC ', lddlflags='-shared -fPIC  -L/usr/local/lib -fstack-protector-strong'


Characteristics of this binary (from libperl): 
  Compile-time options: HAS_TIMES MULTIPLICITY PERLIO_LAYERS
                        PERL_COPY_ON_WRITE PERL_DONT_CREATE_GVSV
                        PERL_HASH_FUNC_ONE_AT_A_TIME_HARD
                        PERL_IMPLICIT_CONTEXT PERL_MALLOC_WRAP
                        PERL_PRESERVE_IVUV USE_64_BIT_ALL USE_64_BIT_INT
                        USE_ITHREADS USE_LARGE_FILES USE_LOCALE
                        USE_LOCALE_COLLATE USE_LOCALE_CTYPE
                        USE_LOCALE_NUMERIC USE_LOCALE_TIME USE_LONG_DOUBLE
                        USE_PERLIO USE_PERL_ATOF USE_REENTRANT_API
  Locally applied patches:
	Devel::PatchPerl 1.48
  Built under openbsd
  Compiled at Mar  6 2018 14:59:03
  %ENV:
    PERL5LIB=""
    PERL5OPT=""
    PERL5_CPANPLUS_IS_RUNNING="10916"
    PERL5_CPAN_IS_RUNNING="10916"
    PERL5_CPAN_IS_RUNNING_IN_RECURSION="38243,10916"
    PERLBREW_HOME="/home/goku/.perlbrew"
    PERLBREW_MANPATH="/home/goku/perl5/perlbrew/perls/perl-5.24.3/man"
    PERLBREW_PATH="/home/goku/perl5/perlbrew/bin:/home/goku/perl5/perlbrew/perls/perl-5.24.3/bin"
    PERLBREW_PERL="perl-5.24.3"
    PERLBREW_ROOT="/home/goku/perl5/perlbrew"
    PERLBREW_SHELLRC_VERSION="0.82"
    PERLBREW_VERSION="0.82"
    PERL_CR_SMOKER_CURRENT="Filter-Crypto-2.08"
    PERL_EXTUTILS_AUTOINSTALL="--defaultdeps"
    PERL_MM_USE_DEFAULT="1"
    PERL_USE_UNSAFE_INC="1"
  @INC:
    /home/goku/perl5/perlbrew/perls/perl-5.24.3/lib/site_perl/5.24.3/OpenBSD.amd64-openbsd-thread-multi-ld
    /home/goku/perl5/perlbrew/perls/perl-5.24.3/lib/site_perl/5.24.3
    /home/goku/perl5/perlbrew/perls/perl-5.24.3/lib/5.24.3/OpenBSD.amd64-openbsd-thread-multi-ld
    /home/goku/perl5/perlbrew/perls/perl-5.24.3/lib/5.24.3
    .