Report for libservlet-0.9.2

Back
From: metabase:user:322078bc-2aae-11df-837a-5e0a49663a4f
Subject: FAIL libservlet-0.9.2 v5.12.1 FreeBSD
Date: 2011-11-11T09:54:36Z

This distribution has been tested as part of the CPAN Testers
project, supporting the Perl programming language.  See
http://wiki.cpantesters.org/ for more information or email
questions to cpan-testers-discuss@perl.org


--

Dear IX,

This is a computer-generated error report created automatically by
CPANPLUS, version 0.9111. Testers personal comments may appear
at the end of this report.


Thank you for uploading your work to CPAN.  However, it appears that
there were some problems testing your distribution.

TEST RESULTS:

Below is the error stack from stage 'make test':

[MSG] [Fri Nov 11 09:54:36 2011] cp lib/Servlet/ServletException.pm blib/lib/Servlet/ServletException.pm
cp lib/Servlet/GenericServlet.pm blib/lib/Servlet/GenericServlet.pm
cp lib/Servlet/ServletContextEvent.pm blib/lib/Servlet/ServletContextEvent.pm
cp lib/Servlet/Util/Exception.pm blib/lib/Servlet/Util/Exception.pm
cp lib/Servlet/Http/HttpSessionBindingListener.pm blib/lib/Servlet/Http/HttpSessionBindingListener.pm
cp lib/Servlet/Http/HttpSession.pm blib/lib/Servlet/Http/HttpSession.pm
cp lib/Servlet/Http/HttpServletRequest.pm blib/lib/Servlet/Http/HttpServletRequest.pm
cp lib/Servlet/Http/HttpServlet.pm blib/lib/Servlet/Http/HttpServlet.pm
cp lib/Servlet/RequestDispatcher.pm blib/lib/Servlet/RequestDispatcher.pm
cp lib/Servlet/ServletContextListener.pm blib/lib/Servlet/ServletContextListener.pm
cp lib/Servlet/Http/HttpServletRequestWrapper.pm blib/lib/Servlet/Http/HttpServletRequestWrapper.pm
cp lib/Servlet/ServletContextAttributeEvent.pm blib/lib/Servlet/ServletContextAttributeEvent.pm
cp lib/Servlet/ServletResponse.pm blib/lib/Servlet/ServletResponse.pm
cp lib/Servlet/Servlet.pm blib/lib/Servlet/Servlet.pm
cp lib/Servlet/FilterChain.pm blib/lib/Servlet/FilterChain.pm
cp lib/Servlet/Http/HttpSessionListener.pm blib/lib/Servlet/Http/HttpSessionListener.pm
cp lib/Servlet/UnavailableException.pm blib/lib/Servlet/UnavailableException.pm
cp lib/Servlet/ServletInputStream.pm blib/lib/Servlet/ServletInputStream.pm
cp lib/Servlet/ServletContextAttributeListener.pm blib/lib/Servlet/ServletContextAttributeListener.pm
cp lib/Servlet/Filter.pm blib/lib/Servlet/Filter.pm
cp lib/Servlet/Http/HttpSessionBindingEvent.pm blib/lib/Servlet/Http/HttpSessionBindingEvent.pm
cp lib/Servlet/ServletResponseWrapper.pm blib/lib/Servlet/ServletResponseWrapper.pm
cp lib/Servlet.pm blib/lib/Servlet.pm
cp lib/Servlet/ServletRequest.pm blib/lib/Servlet/ServletRequest.pm
cp lib/Servlet/ServletRequestWrapper.pm blib/lib/Servlet/ServletRequestWrapper.pm
cp lib/Servlet/Util/Event.pm blib/lib/Servlet/Util/Event.pm
cp lib/Servlet/ServletOutputStream.pm blib/lib/Servlet/ServletOutputStream.pm
cp lib/Servlet/FilterConfig.pm blib/lib/Servlet/FilterConfig.pm
cp lib/Servlet/Util/Principal.pm blib/lib/Servlet/Util/Principal.pm
cp lib/Servlet/Http/HttpServletResponseWrapper.pm blib/lib/Servlet/Http/HttpServletResponseWrapper.pm
cp lib/Servlet/Http/HttpServletResponse.pm blib/lib/Servlet/Http/HttpServletResponse.pm
cp lib/Servlet/SingleThreadModel.pm blib/lib/Servlet/SingleThreadModel.pm
cp lib/Servlet/Http/Cookie.pm blib/lib/Servlet/Http/Cookie.pm
cp lib/Servlet/Config.pm blib/lib/Servlet/Config.pm
cp lib/Servlet/Http/HttpSessionEvent.pm blib/lib/Servlet/Http/HttpSessionEvent.pm
cp lib/Servlet/Http/HttpSessionActivationListener.pm blib/lib/Servlet/Http/HttpSessionActivationListener.pm
cp lib/Servlet/ServletConfig.pm blib/lib/Servlet/ServletConfig.pm
cp lib/Servlet/Http/HttpSessionAttributesListener.pm blib/lib/Servlet/Http/HttpSessionAttributesListener.pm
cp lib/Servlet/ServletContext.pm blib/lib/Servlet/ServletContext.pm
Manifying blib/man3/Servlet::Util::Exception.3
Manifying blib/man3/Servlet::ServletContextEvent.3
Manifying blib/man3/Servlet::GenericServlet.3
Manifying blib/man3/Servlet::ServletException.3
Manifying blib/man3/Servlet::Http::HttpSessionBindingListener.3
Manifying blib/man3/Servlet::Http::HttpServletRequest.3
Manifying blib/man3/Servlet::Http::HttpSession.3
Manifying blib/man3/Servlet::Http::HttpServlet.3
Manifying blib/man3/Servlet::Http::HttpServletRequestWrapper.3
Manifying blib/man3/Servlet::ServletContextListener.3
Manifying blib/man3/Servlet::RequestDispatcher.3
Manifying blib/man3/Servlet::ServletContextAttributeEvent.3
Manifying blib/man3/Servlet::ServletResponse.3
Manifying blib/man3/Servlet::FilterChain.3
Manifying blib/man3/Servlet::Servlet.3
Manifying blib/man3/Servlet::Http::HttpSessionListener.3
Manifying blib/man3/Servlet::UnavailableException.3
Manifying blib/man3/Servlet::ServletInputStream.3
Manifying blib/man3/Servlet::ServletContextAttributeListener.3
Manifying blib/man3/Servlet::Filter.3
Manifying blib/man3/Servlet::Http::HttpSessionBindingEvent.3
Manifying blib/man3/Servlet::ServletResponseWrapper.3
Manifying blib/man3/Servlet.3
Manifying blib/man3/Servlet::ServletRequest.3
Manifying blib/man3/Servlet::ServletRequestWrapper.3
Manifying blib/man3/Servlet::Util::Event.3
Manifying blib/man3/Servlet::ServletOutputStream.3
Manifying blib/man3/Servlet::FilterConfig.3
Manifying blib/man3/Servlet::Util::Principal.3
Manifying blib/man3/Servlet::Http::HttpServletResponseWrapper.3
Manifying blib/man3/Servlet::Http::HttpServletResponse.3
Manifying blib/man3/Servlet::SingleThreadModel.3
Manifying blib/man3/Servlet::Http::Cookie.3
Manifying blib/man3/Servlet::Config.3
Manifying blib/man3/Servlet::Http::HttpSessionActivationListener.3
Manifying blib/man3/Servlet::Http::HttpSessionEvent.3
Manifying blib/man3/Servlet::ServletConfig.3
Manifying blib/man3/Servlet::Http::HttpSessionAttributesListener.3
Manifying blib/man3/Servlet::ServletContext.3

[ERROR] [Fri Nov 11 09:54:36 2011] MAKE TEST failed: PERL_DL_NONLAZY=1 /usr/home/cpan/pit/bare/perl-5.12.1/bin/perl "-MExtUtils::Command::MM" "-e" "test_harness(0, 'blib/lib', 'blib/arch')" t/*.t
t/core_event.t ............. ok
Can't locate object method "do_trace" via package "Servlet::Util::Exception" at /usr/home/cpan/pit/bare/conf/perl-5.12.1/.cpanplus/5.12.1/build/libservlet-0.9.2/blib/lib/Servlet/Util/Exception.pm line 15.
Compilation failed in require at (eval 2) line 2.
	...propagated at /usr/home/cpan/pit/bare/perl-5.12.1/lib/5.12.1/base.pm line 94.
BEGIN failed--compilation aborted at /usr/home/cpan/pit/bare/conf/perl-5.12.1/.cpanplus/5.12.1/build/libservlet-0.9.2/blib/lib/Servlet/ServletException.pm line 5.
Compilation failed in require at t/core_exception.t line 10.
BEGIN failed--compilation aborted at t/core_exception.t line 10.
t/core_exception.t ......... 
Dubious, test returned 255 (wstat 65280, 0xff00)
Failed 25/25 subtests 
t/core_request_wrapper.t ... ok
t/core_response_wrapper.t .. ok
Can't locate object method "do_trace" via package "Servlet::Util::Exception" at /usr/home/cpan/pit/bare/conf/perl-5.12.1/.cpanplus/5.12.1/build/libservlet-0.9.2/blib/lib/Servlet/Util/Exception.pm line 15.
Compilation failed in require at t/core_servlet.t line 16.
BEGIN failed--compilation aborted at t/core_servlet.t line 16.
t/core_servlet.t ........... 
Dubious, test returned 255 (wstat 65280, 0xff00)
Failed 10/10 subtests 
Can't locate object method "do_trace" via package "Servlet::Util::Exception" at /usr/home/cpan/pit/bare/conf/perl-5.12.1/.cpanplus/5.12.1/build/libservlet-0.9.2/blib/lib/Servlet/Util/Exception.pm line 15.
Compilation failed in require at /usr/home/cpan/pit/bare/conf/perl-5.12.1/.cpanplus/5.12.1/build/libservlet-0.9.2/blib/lib/Servlet/Http/Cookie.pm line 9.
BEGIN failed--compilation aborted at /usr/home/cpan/pit/bare/conf/perl-5.12.1/.cpanplus/5.12.1/build/libservlet-0.9.2/blib/lib/Servlet/Http/Cookie.pm line 9.
Compilation failed in require at t/http_cookie.t line 11.
BEGIN failed--compilation aborted at t/http_cookie.t line 11.
t/http_cookie.t ............ 
Dubious, test returned 255 (wstat 65280, 0xff00)
Failed 21/21 subtests 
t/http_event.t ............. ok
t/http_request_wrapper.t ... ok
t/http_response_wrapper.t .. ok
Can't locate object method "do_trace" via package "Servlet::Util::Exception" at /usr/home/cpan/pit/bare/conf/perl-5.12.1/.cpanplus/5.12.1/build/libservlet-0.9.2/blib/lib/Servlet/Util/Exception.pm line 15.
Compilation failed in require at (eval 4) line 2.
	...propagated at /usr/home/cpan/pit/bare/perl-5.12.1/lib/5.12.1/base.pm line 94.
BEGIN failed--compilation aborted at /usr/home/cpan/pit/bare/conf/perl-5.12.1/.cpanplus/5.12.1/build/libservlet-0.9.2/blib/lib/Servlet/ServletException.pm line 5.
Compilation failed in require at /usr/home/cpan/pit/bare/conf/perl-5.12.1/.cpanplus/5.12.1/build/libservlet-0.9.2/blib/lib/Servlet/Http/HttpServlet.pm line 9.
BEGIN failed--compilation aborted at /usr/home/cpan/pit/bare/conf/perl-5.12.1/.cpanplus/5.12.1/build/libservlet-0.9.2/blib/lib/Servlet/Http/HttpServlet.pm line 9.
Compilation failed in require at t/http_servlet.t line 11.
BEGIN failed--compilation aborted at t/http_servlet.t line 11.
t/http_servlet.t ........... 
Dubious, test returned 255 (wstat 65280, 0xff00)
Failed 25/25 subtests 

Test Summary Report
-------------------
t/core_exception.t       (Wstat: 65280 Tests: 0 Failed: 0)
  Non-zero exit status: 255
  Parse errors: Bad plan.  You planned 25 tests but ran 0.
t/core_servlet.t         (Wstat: 65280 Tests: 0 Failed: 0)
  Non-zero exit status: 255
  Parse errors: Bad plan.  You planned 10 tests but ran 0.
t/http_cookie.t          (Wstat: 65280 Tests: 0 Failed: 0)
  Non-zero exit status: 255
  Parse errors: Bad plan.  You planned 21 tests but ran 0.
t/http_servlet.t         (Wstat: 65280 Tests: 0 Failed: 0)
  Non-zero exit status: 255
  Parse errors: Bad plan.  You planned 25 tests but ran 0.
Files=10, Tests=156,  0 wallclock secs ( 0.05 usr  0.02 sys +  0.27 cusr  0.02 csys =  0.37 CPU)
Result: FAIL
*** Error code 255

Stop in /usr/home/cpan/pit/bare/conf/perl-5.12.1/.cpanplus/5.12.1/build/libservlet-0.9.2.
Failed 4/10 test programs. 0/156 subtests failed.

[MSG] [Fri Nov 11 09:54:36 2011] DEFAULT 'proceed_on_test_failure' HANDLER RETURNING 'sub return value'

PREREQUISITES:

Here is a list of prerequisites you specified and versions we
managed to load:

	  Module Name                        Have     Want
	  Exception::Class                   1.32        0
	  ExtUtils::MakeMaker                6.62        0
	  IO::Handle                         1.28        0

Perl module toolchain versions installed:
	Module Name                        Have
	CPANPLUS                         0.9111
	CPANPLUS::Dist::Build              0.60
	Cwd                                3.33
	ExtUtils::CBuilder             0.280202
	ExtUtils::Command                  1.16
	ExtUtils::Install                  1.55
	ExtUtils::MakeMaker                6.62
	ExtUtils::Manifest                 1.60
	ExtUtils::ParseXS                  3.05
	File::Spec                         3.33
	Module::Build                    0.3800
	Test::Harness                      3.23
	Test::More                         0.98
	version                            0.94

******************************** NOTE ********************************
The comments above are created mechanically, possibly without manual
checking by the sender.  As there are many people performing automatic
tests on each upload to CPAN, it is likely that you will receive
identical messages about the same problem.

If you believe that the message is mistaken, please reply to the first
one with correction and/or additional informations, and do not take
it personally.  We appreciate your patience. :)
**********************************************************************

Additional comments:


This report was machine-generated by CPANPLUS::Dist::YACSmoke 0.64.
Powered by minismokebox version 0.54

------------------------------
ENVIRONMENT AND OTHER CONTEXT
------------------------------

Environment variables:

    AUTOMATED_TESTING = 1
    PATH = /sbin:/bin:/usr/sbin:/usr/bin:/usr/games:/usr/local/sbin:/usr/local/bin:/home/cpan/bin
    PERL5LIB = :/usr/home/cpan/pit/bare/conf/perl-5.12.1/.cpanplus/5.12.1/build/Class-Data-Inheritable-0.08/blib/lib:/usr/home/cpan/pit/bare/conf/perl-5.12.1/.cpanplus/5.12.1/build/Class-Data-Inheritable-0.08/blib/arch:/usr/home/cpan/pit/bare/conf/perl-5.12.1/.cpanplus/5.12.1/build/Devel-StackTrace-1.27/blib/lib:/usr/home/cpan/pit/bare/conf/perl-5.12.1/.cpanplus/5.12.1/build/Devel-StackTrace-1.27/blib/arch:/usr/home/cpan/pit/bare/conf/perl-5.12.1/.cpanplus/5.12.1/build/Exception-Class-1.32/blib/lib:/usr/home/cpan/pit/bare/conf/perl-5.12.1/.cpanplus/5.12.1/build/Exception-Class-1.32/blib/arch:/usr/home/cpan/pit/bare/conf/perl-5.12.1/.cpanplus/5.12.1/build/libservlet-0.9.2/blib/lib:/usr/home/cpan/pit/bare/conf/perl-5.12.1/.cpanplus/5.12.1/build/libservlet-0.9.2/blib/arch
    PERL5_CPANPLUS_IS_RUNNING = 86955
    PERL5_CPANPLUS_IS_VERSION = 0.9111
    PERL5_MINISMOKEBOX = 0.54
    PERL5_YACSMOKE_BASE = /usr/home/cpan/pit/bare/conf/perl-5.12.1
    PERL_EXTUTILS_AUTOINSTALL = --defaultdeps
    PERL_MM_USE_DEFAULT = 1
    SHELL = /usr/local/bin/bash
    TERM = screen

Perl special variables (and OS-specific diagnostics, for MSWin32):

    Perl: $^X = /usr/home/cpan/pit/bare/perl-5.12.1/bin/perl
    UID:  $<  = 1002
    EUID: $>  = 1002
    GID:  $(  = 1002 1002
    EGID: $)  = 1002 1002


-------------------------------


--

Summary of my perl5 (revision 5 version 12 subversion 1) configuration:
   
  Platform:
    osname=freebsd, osvers=9.0-rc1, archname=amd64-freebsd
    uname='freebsd fremen 9.0-rc1 freebsd 9.0-rc1 #0: tue oct 18 18:51:43 utc 2011 root@farrell.cse.buffalo.edu:usrobjusrsrcsysgeneric amd64 '
    config_args='-des -Dprefix=/usr/home/cpan/pit/bare/perl-5.12.1'
    hint=recommended, useposix=true, d_sigaction=define
    useithreads=undef, usemultiplicity=undef
    useperlio=define, d_sfio=undef, uselargefiles=define, usesocks=undef
    use64bitint=define, use64bitall=define, uselongdouble=undef
    usemymalloc=n, bincompat5005=undef
  Compiler:
    cc='cc', ccflags ='-DHAS_FPSETMASK -DHAS_FLOATINGPOINT_H -fno-strict-aliasing -pipe -fstack-protector -I/usr/local/include',
    optimize='-O',
    cppflags='-DHAS_FPSETMASK -DHAS_FLOATINGPOINT_H -fno-strict-aliasing -pipe -fstack-protector -I/usr/local/include'
    ccversion='', gccversion='4.2.2 20070831 prerelease [FreeBSD]', gccosandvers=''
    intsize=4, longsize=8, ptrsize=8, doublesize=8, byteorder=12345678
    d_longlong=define, longlongsize=8, d_longdbl=define, longdblsize=16
    ivtype='long', ivsize=8, nvtype='double', nvsize=8, Off_t='off_t', lseeksize=8
    alignbytes=8, prototype=define
  Linker and Libraries:
    ld='cc', ldflags ='-Wl,-E  -fstack-protector -L/usr/local/lib'
    libpth=/usr/lib /usr/local/lib
    libs=-lgdbm -lm -lcrypt -lutil -lc
    perllibs=-lm -lcrypt -lutil -lc
    libc=, so=so, useshrplib=false, libperl=libperl.a
    gnulibc_version=''
  Dynamic Linking:
    dlsrc=dl_dlopen.xs, dlext=so, d_dlsymun=undef, ccdlflags=' '
    cccdlflags='-DPIC -fPIC', lddlflags='-shared  -L/usr/local/lib -fstack-protector'


Characteristics of this binary (from libperl): 
  Compile-time options: PERL_DONT_CREATE_GVSV PERL_MALLOC_WRAP USE_64_BIT_ALL
                        USE_64_BIT_INT USE_LARGE_FILES USE_PERLIO
                        USE_PERL_ATOF
  Built under freebsd
  Compiled at Oct 24 2011 16:33:07
  %ENV:
    PERL5LIB=":/usr/home/cpan/pit/bare/conf/perl-5.12.1/.cpanplus/5.12.1/build/Class-Data-Inheritable-0.08/blib/lib:/usr/home/cpan/pit/bare/conf/perl-5.12.1/.cpanplus/5.12.1/build/Class-Data-Inheritable-0.08/blib/arch:/usr/home/cpan/pit/bare/conf/perl-5.12.1/.cpanplus/5.12.1/build/Devel-StackTrace-1.27/blib/lib:/usr/home/cpan/pit/bare/conf/perl-5.12.1/.cpanplus/5.12.1/build/Devel-StackTrace-1.27/blib/arch:/usr/home/cpan/pit/bare/conf/perl-5.12.1/.cpanplus/5.12.1/build/Exception-Class-1.32/blib/lib:/usr/home/cpan/pit/bare/conf/perl-5.12.1/.cpanplus/5.12.1/build/Exception-Class-1.32/blib/arch:/usr/home/cpan/pit/bare/conf/perl-5.12.1/.cpanplus/5.12.1/build/libservlet-0.9.2/blib/lib:/usr/home/cpan/pit/bare/conf/perl-5.12.1/.cpanplus/5.12.1/build/libservlet-0.9.2/blib/arch"
    PERL5_CPANPLUS_IS_RUNNING="86955"
    PERL5_CPANPLUS_IS_VERSION="0.9111"
    PERL5_MINISMOKEBOX="0.54"
    PERL5_YACSMOKE_BASE="/usr/home/cpan/pit/bare/conf/perl-5.12.1"
    PERL_EXTUTILS_AUTOINSTALL="--defaultdeps"
    PERL_MM_USE_DEFAULT="1"
  @INC:
    /usr/home/cpan/pit/bare/conf/perl-5.12.1/.cpanplus/5.12.1/build/Class-Data-Inheritable-0.08/blib/lib
    /usr/home/cpan/pit/bare/conf/perl-5.12.1/.cpanplus/5.12.1/build/Class-Data-Inheritable-0.08/blib/arch
    /usr/home/cpan/pit/bare/conf/perl-5.12.1/.cpanplus/5.12.1/build/Devel-StackTrace-1.27/blib/lib
    /usr/home/cpan/pit/bare/conf/perl-5.12.1/.cpanplus/5.12.1/build/Devel-StackTrace-1.27/blib/arch
    /usr/home/cpan/pit/bare/conf/perl-5.12.1/.cpanplus/5.12.1/build/Exception-Class-1.32/blib/lib
    /usr/home/cpan/pit/bare/conf/perl-5.12.1/.cpanplus/5.12.1/build/Exception-Class-1.32/blib/arch
    /usr/home/cpan/pit/bare/conf/perl-5.12.1/.cpanplus/5.12.1/build/libservlet-0.9.2/blib/lib
    /usr/home/cpan/pit/bare/conf/perl-5.12.1/.cpanplus/5.12.1/build/libservlet-0.9.2/blib/arch
    /usr/home/cpan/pit/bare/perl-5.12.1/lib/site_perl/5.12.1/amd64-freebsd
    /usr/home/cpan/pit/bare/perl-5.12.1/lib/site_perl/5.12.1
    /usr/home/cpan/pit/bare/perl-5.12.1/lib/5.12.1/amd64-freebsd
    /usr/home/cpan/pit/bare/perl-5.12.1/lib/5.12.1
    .