Back
From: metabase:user:322078bc-2aae-11df-837a-5e0a49663a4f
Subject: FAIL POE-Component-UserBase-0.09 v5.8.9 Dragonfly BSD
Date: 2010-11-28T03:18:26Z
This distribution has been tested as part of the CPAN Testers
project, supporting the Perl programming language. See
http://wiki.cpantesters.org/ for more information or email
questions to cpan-testers-discuss@perl.org
--
Dear JGOFF,
This is a computer-generated error report created automatically by
CPANPLUS, version 0.9010. Testers personal comments may appear
at the end of this report.
Thank you for uploading your work to CPAN. However, it appears that
there were some problems testing your distribution.
TEST RESULTS:
Below is the error stack from stage 'make test':
[MSG] [Sun Nov 28 03:18:26 2010] cp UserBase.pm blib/lib/POE/Component/UserBase.pm
Manifying blib/man3/POE::Component::UserBase.3
[ERROR] [Sun Nov 28 03:18:26 2010] MAKE TEST failed: No such file or directory PERL_DL_NONLAZY=1 /usr/home/cpan/pit/bare/perl-5.8.9/bin/perl "-MExtUtils::Command::MM" "-e" "test_harness(0, 'blib/lib', 'blib/arch')" t/*.t
t/01_basic.t .. ok
75550: a '_stop' event was sent from /usr/home/cpan/pit/bare/conf/perl-5.8.9/.cpanplus/5.8.9/build/POE-1.294/blib/lib/POE/Resource/Sessions.pm at 528 to session 2 (file_user_base) but session 2 (file_user_base) has neither a handler for it nor one for _default
t/02_file.t ... ok
Can't locate object method "connect" via package "DBI" (perhaps you forgot to load "DBI"?) at t/03_dbi.t line 46.
t/03_dbi.t ....
Dubious, test returned 255 (wstat 65280, 0xff00)
Failed 1/1 subtests
Test Summary Report
-------------------
t/03_dbi.t (Wstat: 65280 Tests: 0 Failed: 0)
Non-zero exit status: 255
Parse errors: Bad plan. You planned 1 tests but ran 0.
Files=3, Tests=7, 0 wallclock secs ( 0.02 usr 0.02 sys + 0.16 cusr 0.07 csys = 0.27 CPU)
Result: FAIL
Failed 1/3 test programs. 0/7 subtests failed.
*** Error code 255
Stop in /usr/home/cpan/pit/bare/conf/perl-5.8.9/.cpanplus/5.8.9/build/POE-Component-UserBase-0.09.
[MSG] [Sun Nov 28 03:18:26 2010] DEFAULT 'proceed_on_test_failure' HANDLER RETURNING 'sub return value'
PREREQUISITES:
Here is a list of prerequisites you specified and versions we
managed to load:
Module Name Have Want
POE 1.294 0.11
Storable 2.24 1
Perl module toolchain versions installed:
Module Name Have
CPANPLUS 0.9010
CPANPLUS::Dist::Build 0.50
Cwd 3.33
ExtUtils::CBuilder 0.2703
ExtUtils::Command 1.16
ExtUtils::Install 1.54
ExtUtils::MakeMaker 6.56
ExtUtils::Manifest 1.58
ExtUtils::ParseXS 2.2206
File::Spec 3.33
Module::Build 0.3607
Test::Harness 3.22
Test::More 0.96
version 0.85
******************************** NOTE ********************************
The comments above are created mechanically, possibly without manual
checking by the sender. As there are many people performing automatic
tests on each upload to CPAN, it is likely that you will receive
identical messages about the same problem.
If you believe that the message is mistaken, please reply to the first
one with correction and/or additional informations, and do not take
it personally. We appreciate your patience. :)
**********************************************************************
Additional comments:
This report was machine-generated by CPANPLUS::Dist::YACSmoke 0.58.
Powered by minismokebox version 0.36
------------------------------
ENVIRONMENT AND OTHER CONTEXT
------------------------------
Environment variables:
AUTOMATED_TESTING = 1
PATH = /sbin:/bin:/usr/sbin:/usr/bin:/usr/games:/usr/pkg/sbin:/usr/pkg/bin:/usr/pkg/xorg/bin:/usr/local/sbin:/usr/local/bin:/home/cpan/bin
PERL5LIB = :/usr/home/cpan/pit/bare/conf/perl-5.8.9/.cpanplus/5.8.9/build/IO-Tty-1.10/blib/lib:/usr/home/cpan/pit/bare/conf/perl-5.8.9/.cpanplus/5.8.9/build/IO-Tty-1.10/blib/arch:/usr/home/cpan/pit/bare/conf/perl-5.8.9/.cpanplus/5.8.9/build/POE-Test-Loops-1.036/blib/lib:/usr/home/cpan/pit/bare/conf/perl-5.8.9/.cpanplus/5.8.9/build/POE-Test-Loops-1.036/blib/arch:/usr/home/cpan/pit/bare/conf/perl-5.8.9/.cpanplus/5.8.9/build/POE-1.294/blib/lib:/usr/home/cpan/pit/bare/conf/perl-5.8.9/.cpanplus/5.8.9/build/POE-1.294/blib/arch:/usr/home/cpan/pit/bare/conf/perl-5.8.9/.cpanplus/5.8.9/build/POE-Component-UserBase-0.09/blib/lib:/usr/home/cpan/pit/bare/conf/perl-5.8.9/.cpanplus/5.8.9/build/POE-Component-UserBase-0.09/blib/arch
PERL5_CPANPLUS_IS_RUNNING = 75461
PERL5_CPANPLUS_IS_VERSION = 0.9010
PERL5_MINISMOKEBOX = 0.36
PERL5_YACSMOKE_BASE = /usr/home/cpan/pit/bare/conf/perl-5.8.9
PERL_EXTUTILS_AUTOINSTALL = --defaultdeps
PERL_MM_USE_DEFAULT = 1
SHELL = /usr/pkg/bin/bash
TERM = screen
Perl special variables (and OS-specific diagnostics, for MSWin32):
Perl: $^X = /usr/home/cpan/pit/bare/perl-5.8.9/bin/perl
UID: $< = 1002
EUID: $> = 1002
GID: $( = 1002 1002
EGID: $) = 1002 1002
-------------------------------
--
Summary of my perl5 (revision 5 version 8 subversion 9) configuration:
Platform:
osname=dragonfly, osvers=2.6-release, archname=x86_64-dragonfly
uname='dragonfly ddraig64.bingosnet.co.uk 2.6-release dragonfly v2.6.3-release #10: mon may 3 09:57:53 pdt 2010 root@pkgbox64.dragonflybsd.org:usrobjusrsrc-miscsysx86_64_generic x86_64 '
config_args='-des -Dprefix=/usr/home/cpan/pit/bare/perl-5.8.9'
hint=recommended, useposix=true, d_sigaction=define
usethreads=undef use5005threads=undef useithreads=undef usemultiplicity=undef
useperlio=define d_sfio=undef uselargefiles=define usesocks=undef
use64bitint=define use64bitall=define uselongdouble=undef
usemymalloc=n, bincompat5005=undef
Compiler:
cc='cc', ccflags ='-DHAS_FPSETMASK -DHAS_FLOATINGPOINT_H -fno-strict-aliasing -pipe -I/usr/local/include',
optimize='-O',
cppflags='-DHAS_FPSETMASK -DHAS_FLOATINGPOINT_H -fno-strict-aliasing -pipe -I/usr/local/include'
ccversion='', gccversion='4.1.2 (DragonFly)', gccosandvers=''
intsize=4, longsize=8, ptrsize=8, doublesize=8, byteorder=12345678
d_longlong=define, longlongsize=8, d_longdbl=define, longdblsize=16
ivtype='long', ivsize=8, nvtype='double', nvsize=8, Off_t='off_t', lseeksize=8
alignbytes=8, prototype=define
Linker and Libraries:
ld='cc', ldflags ='-Wl,-E -L/usr/local/lib'
libpth=/usr/lib /usr/local/lib
libs=-lm -lcrypt -lutil -lc
perllibs=-lm -lcrypt -lutil -lc
libc=, so=so, useshrplib=false, libperl=libperl.a
gnulibc_version=''
Dynamic Linking:
dlsrc=dl_dlopen.xs, dlext=so, d_dlsymun=undef, ccdlflags=' '
cccdlflags='-DPIC -fPIC', lddlflags='-shared -L/usr/local/lib'
Characteristics of this binary (from libperl):
Compile-time options: PERL_MALLOC_WRAP USE_64_BIT_ALL USE_64_BIT_INT
USE_FAST_STDIO USE_LARGE_FILES USE_PERLIO
Built under dragonfly
Compiled at Sep 24 2010 00:54:13
%ENV:
PERL5LIB=":/usr/home/cpan/pit/bare/conf/perl-5.8.9/.cpanplus/5.8.9/build/IO-Tty-1.10/blib/lib:/usr/home/cpan/pit/bare/conf/perl-5.8.9/.cpanplus/5.8.9/build/IO-Tty-1.10/blib/arch:/usr/home/cpan/pit/bare/conf/perl-5.8.9/.cpanplus/5.8.9/build/POE-Test-Loops-1.036/blib/lib:/usr/home/cpan/pit/bare/conf/perl-5.8.9/.cpanplus/5.8.9/build/POE-Test-Loops-1.036/blib/arch:/usr/home/cpan/pit/bare/conf/perl-5.8.9/.cpanplus/5.8.9/build/POE-1.294/blib/lib:/usr/home/cpan/pit/bare/conf/perl-5.8.9/.cpanplus/5.8.9/build/POE-1.294/blib/arch:/usr/home/cpan/pit/bare/conf/perl-5.8.9/.cpanplus/5.8.9/build/POE-Component-UserBase-0.09/blib/lib:/usr/home/cpan/pit/bare/conf/perl-5.8.9/.cpanplus/5.8.9/build/POE-Component-UserBase-0.09/blib/arch"
PERL5_CPANPLUS_IS_RUNNING="75461"
PERL5_CPANPLUS_IS_VERSION="0.9010"
PERL5_MINISMOKEBOX="0.36"
PERL5_YACSMOKE_BASE="/usr/home/cpan/pit/bare/conf/perl-5.8.9"
PERL_EXTUTILS_AUTOINSTALL="--defaultdeps"
PERL_MM_USE_DEFAULT="1"
@INC:
/usr/home/cpan/pit/bare/conf/perl-5.8.9/.cpanplus/5.8.9/build/IO-Tty-1.10/blib/lib
/usr/home/cpan/pit/bare/conf/perl-5.8.9/.cpanplus/5.8.9/build/IO-Tty-1.10/blib/arch
/usr/home/cpan/pit/bare/conf/perl-5.8.9/.cpanplus/5.8.9/build/POE-Test-Loops-1.036/blib/lib
/usr/home/cpan/pit/bare/conf/perl-5.8.9/.cpanplus/5.8.9/build/POE-Test-Loops-1.036/blib/arch
/usr/home/cpan/pit/bare/conf/perl-5.8.9/.cpanplus/5.8.9/build/POE-1.294/blib/lib
/usr/home/cpan/pit/bare/conf/perl-5.8.9/.cpanplus/5.8.9/build/POE-1.294/blib/arch
/usr/home/cpan/pit/bare/conf/perl-5.8.9/.cpanplus/5.8.9/build/POE-Component-UserBase-0.09/blib/lib
/usr/home/cpan/pit/bare/conf/perl-5.8.9/.cpanplus/5.8.9/build/POE-Component-UserBase-0.09/blib/arch
/usr/home/cpan/pit/bare/perl-5.8.9/lib/5.8.9/x86_64-dragonfly
/usr/home/cpan/pit/bare/perl-5.8.9/lib/5.8.9
/usr/home/cpan/pit/bare/perl-5.8.9/lib/site_perl/5.8.9/x86_64-dragonfly
/usr/home/cpan/pit/bare/perl-5.8.9/lib/site_perl/5.8.9
.