Jedi-Plugin-Auth v0.01 Perl 5 v5.24.3 RC1 x86_64-linux

Status
Fail
From
Slaven Rezić (SREZIC)
Dist
Jedi-Plugin-Auth v0.01
Platform
Perl 5 v5.24.3 RC1 x86_64-linux
Date
2017-09-15 11:01:03
ID
2a534fe6-9a05-11e7-a54d-b7c4189559a2
This distribution has been tested as part of the CPAN Testers
project, supporting the Perl programming language.  See
http://wiki.cpantesters.org/ for more information or email
questions to cpan-testers-discuss@perl.org


--
Dear celogeek,

This is a computer-generated report for Jedi-Plugin-Auth-0.01
on perl 5.24.3, created by CPAN-Reporter-1.2018.

Thank you for uploading your work to CPAN.  However, there was a problem
testing your distribution.

If you think this report is invalid, please consult the CPAN Testers Wiki
for suggestions on how to avoid getting FAIL reports for missing library
or binary dependencies, unsupported operating systems, and so on:

http://wiki.cpantesters.org/wiki/CPANAuthorNotes

Sections of this report:

    * Tester comments
    * Program output
    * Prerequisites
    * Environment and other context

------------------------------
TESTER COMMENTS
------------------------------

Additional comments from tester:

none provided

------------------------------
PROGRAM OUTPUT
------------------------------

Output from './Build test':

t/00-compile.t ........... ok
# Testing with Perl 5.024003, /opt/perl-5.24.3-RC1/bin/perl
#     B::Hooks::EndOfScope version is 0.21
#     Carp version is 1.38
#     DBIx::Class::Core version is undefined
#     DBIx::Class::Migration version is 0.058
#     DBIx::Class::Schema version is undefined
#     Data::UUID version is 1.221
#     Digest::SHA1 version is 2.13
#     File::Spec version is 3.62
#     HTTP::Request::Common version is 6.13
#     IO::Handle version is 1.36
#     IPC::Open3 version is 1.20
#     Import::Into version is 1.002005
#     JSON version is 2.94
#     Jedi version is 1.008
#     Jedi::App version is 1.008
#     Jedi::Plugin::Session version is 0.05
#     Module::Build version is 0.4224
#     Module::Runtime version is 0.015
#     Moo::Role version is 2.003002
#     Path::Class version is 0.37
#     Plack::Test version is undefined
#     Scalar::Util version is 1.49
#     Test::File::ShareDir version is 1.001002
#     Test::More version is 1.302096
#     Test::Most version is 0.35
#     base version is 2.23
#     feature version is 1.42
#     strict version is 1.11
#     warnings version is 1.36
t/000-report-versions.t .. ok
[DBICDH] [warn] no need to run upgrade

        #   Failed test 'user already exists'
        #   at t/auth.t line 77.
        #                   'DBIx::Class::Storage::DBI::_dbh_execute(): DBI Exception: DBD::SQLite::st execute failed: UNIQUE constraint failed: jedi_auth_users.user [for Statement "INSERT INTO jedi_auth_users ( info, password, user, uuid) VALUES ( ?, ?, ?, ? )"] at /home/cpansand/.cpan/build/2017091509/Jedi-Plugin-Auth-0.01-0/blib/lib/Jedi/Plugin/Auth/Role.pm line 103
        # '
        #     doesn't match '(?^:user is not uniq)'
        # Looks like you failed 1 test of 2.

    #   Failed test 'signin again user'
    #   at t/auth.t line 79.
        # No tests run!

    #   Failed test 'No tests run for subtest "signin user2"'
    #   at t/auth.t line 92.
    # Looks like you failed 2 tests of 6.

#   Failed test 'signin'
#   at t/auth.t line 94.
[Test failed.  Stopping test.]# Tests were run but no plan was declared and done_testing() was not seen.
# Looks like your test exited with 255 just after 1.
t/auth.t ................. 
Dubious, test returned 255 (wstat 65280, 0xff00)
Failed 1/1 subtests 
t/author-critic.t ........ skipped: these tests are for testing by the author
t/errors.t ............... ok
t/release-kwalitee.t ..... skipped: these tests are for release candidate testing
t/release-unused-vars.t .. skipped: these tests are for release candidate testing

Test Summary Report
-------------------
t/auth.t               (Wstat: 65280 Tests: 1 Failed: 1)
  Failed test:  1
  Non-zero exit status: 255
  Parse errors: No plan found in TAP output
Files=7, Tests=38,  4 wallclock secs ( 0.03 usr  0.03 sys +  2.02 cusr  0.88 csys =  2.96 CPU)
Result: FAIL
Failed 1/7 test programs. 1/38 subtests failed.

------------------------------
PREREQUISITES
------------------------------

Prerequisite modules loaded:

requires:

    Module                 Need   Have    
    ---------------------- ------ --------
    B::Hooks::EndOfScope   0      0.21    
    base                   0      2.23    
    Carp                   0      1.38    
    Data::UUID             0      1.221   
    DBIx::Class::Core      0      0       
    DBIx::Class::Migration 0      0.058   
    DBIx::Class::Schema    0      0       
    Digest::SHA1           0      2.13    
    feature                0      1.42    
    File::ShareDir         1.00   1.104   
    Import::Into           0      1.002005
    Jedi                   1.002  1.008   
    Jedi::Plugin::Session  0.04   0.05    
    JSON                   0      2.94    
    Module::Runtime        0      0.015   
    Moo::Role              0      2.003002
    Path::Class            0      0.37    
    perl                   5.010  5.024003
    strict                 0      1.11    
    warnings               0      1.36    

build_requires:

    Module                 Need   Have    
    ---------------------- ------ --------
    File::Spec             0      3.62    
    HTTP::Request::Common  0      6.13    
    IO::Handle             0      1.36    
    IPC::Open3             0      1.20    
    Jedi                   1.002  1.008   
    Jedi::App              0      1.008   
    Jedi::Plugin::Session  0.04   0.05    
    Module::Build          0.3601 0.4224  
    perl                   5.010  5.024003
    Plack::Test            0      0       
    Scalar::Util           0      1.49    
    Test::File::ShareDir   0      1.001002
    Test::More             0.94   1.302096
    Test::Most             0      0.35    

configure_requires:

    Module                 Need   Have    
    ---------------------- ------ --------
    Module::Build          0.3601 0.4224  


------------------------------
ENVIRONMENT AND OTHER CONTEXT
------------------------------

Environment variables:

    LANG = C
    LC_ALL = de_DE.UTF-8
    PATH = /usr/local/bin:/usr/bin:/bin:/usr/local/sbin:/usr/sbin:/sbin:/home/cpansand/bin/linux-gnu:/home/cpansand/bin/sh:/home/cpansand/bin:/usr/games:/home/cpansand/devel:/home/eserte/src/srezic-misc/scripts
    PERL5LIB = 
    PERL5OPT = 
    PERL5_CPANPLUS_IS_RUNNING = 2110
    PERL5_CPAN_IS_RUNNING = 2110
    PERL5_CPAN_IS_RUNNING_IN_RECURSION = 13867,2110
    PERLDOC = -MPod::Perldoc::ToTextOverstrike
    PERL_BATCH = yes
    PERL_CANARY_STABILITY_NOPROMPT = 1
    PERL_CPAN_REPORTER_CONFIG = /var/tmp/cpansmoker-1023/2017091415/cpanreporter_001_config.ini
    PERL_EXTUTILS_AUTOINSTALL = --defaultdeps
    PERL_PARALLEL_SMOKER = yes
    PERL_USE_UNSAFE_INC = 1
    SHELL = /usr/bin/zsh
    TERM = screen
    TMPDIR = /var/tmp/cpansmoker-1023/2017091415

Perl special variables (and OS-specific diagnostics, for MSWin32):

    $^X = /opt/perl-5.24.3-RC1/bin/perl
    $UID/$EUID = 1023 / 1023
    $GID = 1023 1023
    $EGID = 1023 1023

Perl module toolchain versions installed:

    Module              Have    
    ------------------- --------
    CPAN                2.16    
    CPAN::Meta          2.150010
    Cwd                 3.62    
    ExtUtils::CBuilder  0.280226
    ExtUtils::Command   7.30    
    ExtUtils::Install   2.14    
    ExtUtils::MakeMaker 7.30    
    ExtUtils::Manifest  1.70    
    ExtUtils::ParseXS   3.35    
    File::Spec          3.62    
    JSON                2.94    
    JSON::PP            2.94    
    Module::Build       0.4224  
    Module::Signature   0.81    
    Parse::CPAN::Meta   2.150010
    Test::Harness       3.39    
    Test::More          1.302096
    YAML                1.23    
    YAML::Syck          1.30    
    version             0.9918  


--

Summary of my perl5 (revision 5 version 24 subversion 3) configuration:
   
  Platform:
    osname=linux, osvers=4.9.0-3-amd64, archname=x86_64-linux
    uname='linux debian9 4.9.0-3-amd64 #1 smp debian 4.9.30-2+deb9u3 (2017-08-06) x86_64 gnulinux '
    config_args='-ds -e -Dprefix=/opt/perl-5.24.3-RC1 -Dcf_email=srezic@cpan.org'
    hint=recommended, useposix=true, d_sigaction=define
    useithreads=undef, usemultiplicity=undef
    use64bitint=define, use64bitall=define, uselongdouble=undef
    usemymalloc=n, bincompat5005=undef
  Compiler:
    cc='cc', ccflags ='-fwrapv -fno-strict-aliasing -pipe -fstack-protector-strong -I/usr/local/include -D_LARGEFILE_SOURCE -D_FILE_OFFSET_BITS=64',
    optimize='-O2',
    cppflags='-fwrapv -fno-strict-aliasing -pipe -fstack-protector-strong -I/usr/local/include'
    ccversion='', gccversion='6.3.0 20170516', gccosandvers=''
    intsize=4, longsize=8, ptrsize=8, doublesize=8, byteorder=12345678, doublekind=3
    d_longlong=define, longlongsize=8, d_longdbl=define, longdblsize=16, longdblkind=3
    ivtype='long', ivsize=8, nvtype='double', nvsize=8, Off_t='off_t', lseeksize=8
    alignbytes=8, prototype=define
  Linker and Libraries:
    ld='cc', ldflags =' -fstack-protector-strong -L/usr/local/lib'
    libpth=/usr/local/lib /usr/lib/gcc/x86_64-linux-gnu/6/include-fixed /usr/include/x86_64-linux-gnu /usr/lib /lib/x86_64-linux-gnu /lib/../lib /usr/lib/x86_64-linux-gnu /usr/lib/../lib /lib
    libs=-lpthread -lnsl -lgdbm -ldb -ldl -lm -lcrypt -lutil -lc -lgdbm_compat
    perllibs=-lpthread -lnsl -ldl -lm -lcrypt -lutil -lc
    libc=libc-2.24.so, so=so, useshrplib=false, libperl=libperl.a
    gnulibc_version='2.24'
  Dynamic Linking:
    dlsrc=dl_dlopen.xs, dlext=so, d_dlsymun=undef, ccdlflags='-Wl,-E'
    cccdlflags='-fPIC', lddlflags='-shared -O2 -L/usr/local/lib -fstack-protector-strong'


Characteristics of this binary (from libperl): 
  Compile-time options: HAS_TIMES PERLIO_LAYERS PERL_COPY_ON_WRITE
                        PERL_DONT_CREATE_GVSV
                        PERL_HASH_FUNC_ONE_AT_A_TIME_HARD PERL_MALLOC_WRAP
                        PERL_PRESERVE_IVUV USE_64_BIT_ALL USE_64_BIT_INT
                        USE_LARGE_FILES USE_LOCALE USE_LOCALE_COLLATE
                        USE_LOCALE_CTYPE USE_LOCALE_NUMERIC USE_LOCALE_TIME
                        USE_PERLIO USE_PERL_ATOF
  Locally applied patches:
	RC1
  Built under linux
  Compiled at Sep 10 2017 16:04:31
  %ENV:
    PERL5LIB=""
    PERL5OPT=""
    PERL5_CPANPLUS_IS_RUNNING="2110"
    PERL5_CPAN_IS_RUNNING="2110"
    PERL5_CPAN_IS_RUNNING_IN_RECURSION="13867,2110"
    PERLDOC="-MPod::Perldoc::ToTextOverstrike"
    PERL_BATCH="yes"
    PERL_CANARY_STABILITY_NOPROMPT="1"
    PERL_CPAN_REPORTER_CONFIG="/var/tmp/cpansmoker-1023/2017091415/cpanreporter_001_config.ini"
    PERL_EXTUTILS_AUTOINSTALL="--defaultdeps"
    PERL_PARALLEL_SMOKER="yes"
    PERL_USE_UNSAFE_INC="1"
  @INC:
    /opt/perl-5.24.3-RC1/lib/site_perl/5.24.3/x86_64-linux
    /opt/perl-5.24.3-RC1/lib/site_perl/5.24.3
    /opt/perl-5.24.3-RC1/lib/5.24.3/x86_64-linux
    /opt/perl-5.24.3-RC1/lib/5.24.3
    .