Git-Hooks v4.0.0 Perl 5 v5.22.4 x86_64-linux

Status
Na
From
David Cantrell (DCANTRELL)
Dist
Git-Hooks v4.0.0
Platform
Perl 5 v5.22.4 x86_64-linux
Date
2024-06-18 01:36:21
ID
2a665e62-2d13-11ef-8dc0-576184a40f4e
This distribution has been tested as part of the CPAN Testers
project, supporting the Perl programming language.  See
http://wiki.cpantesters.org/ for more information or email
questions to cpan-testers-discuss@perl.org


--
Dear Gustavo Leite de Mendonca Chaves,

This is a computer-generated report for Git-Hooks-4.0.0
on perl 5.22.4, created by CPAN-Reporter-1.2019.

Thank you for uploading your work to CPAN.  While attempting to build or test
this distribution, the distribution signaled that support is not available
either for this operating system or this version of Perl.  Nevertheless, any
diagnostic output produced is provided below for reference.  If this is not
what you expect, you may wish to consult the CPAN Testers Wiki:

http://wiki.cpantesters.org/wiki/CPANAuthorNotes

Sections of this report:

    * Tester comments
    * Program output
    * Prerequisites
    * Environment and other context

------------------------------
TESTER COMMENTS
------------------------------

Additional comments from tester:

this report is from an automated smoke testing program
and was not reviewed by a human for accuracy

------------------------------
PROGRAM OUTPUT
------------------------------

Output from '/usr/bin/make test':

PERL_DL_NONLAZY=1 "/home/david/cpantesting/perl-5.22.4/bin/perl" "-MExtUtils::Command::MM" "-MTest::Harness" "-e" "undef *Test::Harness::Switches; test_harness(0, 'blib/lib', 'blib/arch')" t/*.t
Perl v5.30.0 required--this is only v5.22.4, stopped at t/00-load.t line 3.
BEGIN failed--compilation aborted at t/00-load.t line 3.
t/00-load.t ................. 
Dubious, test returned 255 (wstat 65280, 0xff00)
No subtests run 
# 
# Versions for all modules listed in MYMETA.json (including optional ones):
# 
# === Configure Requires ===
# 
#     Module              Want Have
#     ------------------- ---- ----
#     ExtUtils::MakeMaker  any 7.70
# 
# === Build Requires ===
# 
#     Module              Want Have
#     ------------------- ---- ----
#     ExtUtils::MakeMaker  any 7.70
# 
# === Test Requires ===
# 
#     Module                          Want     Have
#     ------------------------------ ----- --------
#     Config                           any 5.022004
#     Email::Sender::Transport::Mbox   any    2.601
#     ExtUtils::MakeMaker              any     7.70
#     File::Spec                       any     3.75
#     Path::Tiny                     0.060    0.144
#     Test::More                       any 1.302198
#     Test::Requires::Git              any    1.008
#     lib                              any     0.63
# 
# === Test Recommends ===
# 
#     Module         Want     Have
#     ---------- -------- --------
#     CPAN::Meta 2.120900 2.150010
# 
# === Runtime Requires ===
# 
#     Module                     Want     Have
#     ----------------------- ------- --------
#     Carp                        any     1.50
#     Email::Sender::Simple       any    2.601
#     Email::Simple               any    2.218
#     Encode                      any     3.20
#     Exporter                    any     5.77
#     Git::Repository             any  missing
#     Git::Repository::Log        any  missing
#     Git::Repository::Plugin     any  missing
#     IO::Interactive             any    1.025
#     List::MoreUtils             any    0.430
#     Log::Any                    any    1.717
#     Path::Tiny                0.060    0.144
#     Test::More                  any 1.302198
#     Text::Glob                  any     0.11
#     URI::Escape                 any     5.21
#     parent                      any    0.241
#     perl                    v5.30.0 5.022004
#     strict                      any     1.09
#     utf8                        any     1.17
#     warnings                    any     1.34
# 
# === Runtime Recommends ===
# 
#     Module             Want    Have
#     ------------------ ---- -------
#     Email::Valid        any missing
#     Gerrit::REST        any missing
#     HTML::Entities      any    3.81
#     JIRA::REST          any missing
#     Text::SpellChecker  any missing
# 
# 
# *** WARNING WARNING WARNING WARNING WARNING WARNING WARNING WARNING ***
# 
# The following REQUIRED prerequisites were not satisfied:
# 
# Git::Repository is not installed (any version required)
# Git::Repository::Log is not installed (any version required)
# Git::Repository::Plugin is not installed (any version required)
# 
t/00-report-prereqs.t ....... ok
Perl v5.30.0 required--this is only v5.22.4, stopped at t/01-setup.t line 3.
BEGIN failed--compilation aborted at t/01-setup.t line 3.
t/01-setup.t ................ 
Dubious, test returned 255 (wstat 65280, 0xff00)
No subtests run 
Perl v5.30.0 required--this is only v5.22.4, stopped at t/02-check-commit.t line 3.
BEGIN failed--compilation aborted at t/02-check-commit.t line 3.
t/02-check-commit.t ......... 
Dubious, test returned 255 (wstat 65280, 0xff00)
No subtests run 
Perl v5.30.0 required--this is only v5.22.4, stopped at t/02-check-diff.t line 3.
BEGIN failed--compilation aborted at t/02-check-diff.t line 3.
t/02-check-diff.t ........... 
Dubious, test returned 255 (wstat 65280, 0xff00)
No subtests run 
Perl v5.30.0 required--this is only v5.22.4, stopped at t/02-check-file.t line 3.
BEGIN failed--compilation aborted at t/02-check-file.t line 3.
t/02-check-file.t ........... 
Dubious, test returned 255 (wstat 65280, 0xff00)
No subtests run 
Perl v5.30.0 required--this is only v5.22.4, stopped at t/02-check-jira.t line 3.
BEGIN failed--compilation aborted at t/02-check-jira.t line 3.
t/02-check-jira.t ........... 
Dubious, test returned 255 (wstat 65280, 0xff00)
No subtests run 
Perl v5.30.0 required--this is only v5.22.4, stopped at t/02-check-log.t line 3.
BEGIN failed--compilation aborted at t/02-check-log.t line 3.
t/02-check-log.t ............ 
Dubious, test returned 255 (wstat 65280, 0xff00)
No subtests run 
Perl v5.30.0 required--this is only v5.22.4, stopped at t/02-check-reference.t line 3.
BEGIN failed--compilation aborted at t/02-check-reference.t line 3.
t/02-check-reference.t ...... 
Dubious, test returned 255 (wstat 65280, 0xff00)
No subtests run 
Perl v5.30.0 required--this is only v5.22.4, stopped at t/02-check-rewrite.t line 3.
BEGIN failed--compilation aborted at t/02-check-rewrite.t line 3.
t/02-check-rewrite.t ........ 
Dubious, test returned 255 (wstat 65280, 0xff00)
No subtests run 
Perl v5.30.0 required--this is only v5.22.4, stopped at t/02-check-whitespace.t line 3.
BEGIN failed--compilation aborted at t/02-check-whitespace.t line 3.
t/02-check-whitespace.t ..... 
Dubious, test returned 255 (wstat 65280, 0xff00)
No subtests run 
Perl v5.30.0 required--this is only v5.22.4, stopped at t/02-externals.t line 3.
BEGIN failed--compilation aborted at t/02-externals.t line 3.
t/02-externals.t ............ 
Dubious, test returned 255 (wstat 65280, 0xff00)
No subtests run 
Perl v5.30.0 required--this is only v5.22.4, stopped at t/02-gerrit-change-id.t line 3.
BEGIN failed--compilation aborted at t/02-gerrit-change-id.t line 3.
t/02-gerrit-change-id.t ..... 
Dubious, test returned 255 (wstat 65280, 0xff00)
No subtests run 
Perl v5.30.0 required--this is only v5.22.4, stopped at t/02-noplugin.t line 3.
BEGIN failed--compilation aborted at t/02-noplugin.t line 3.
t/02-noplugin.t ............. 
Dubious, test returned 255 (wstat 65280, 0xff00)
No subtests run 
Perl v5.30.0 required--this is only v5.22.4, stopped at t/02-notify.t line 3.
BEGIN failed--compilation aborted at t/02-notify.t line 3.
t/02-notify.t ............... 
Dubious, test returned 255 (wstat 65280, 0xff00)
No subtests run 
Perl v5.30.0 required--this is only v5.22.4, stopped at t/02-prepare-log.t line 3.
BEGIN failed--compilation aborted at t/02-prepare-log.t line 3.
t/02-prepare-log.t .......... 
Dubious, test returned 255 (wstat 65280, 0xff00)
No subtests run 
t/author-critic.t ........... skipped: these tests are for testing by the author
t/author-minimum-version.t .. skipped: these tests are for testing by the author
t/author-no-tabs.t .......... skipped: these tests are for testing by the author
t/author-pod-coverage.t ..... skipped: these tests are for testing by the author
t/author-pod-spell.t ........ skipped: these tests are for testing by the author
t/author-pod-syntax.t ....... skipped: these tests are for testing by the author
t/author-portability.t ...... skipped: these tests are for testing by the author
t/release-kwalitee.t ........ skipped: these tests are for release candidate testing
t/release-unused-vars.t ..... skipped: these tests are for release candidate testing

Test Summary Report
-------------------
t/00-load.t               (Wstat: 65280 (exited 255) Tests: 0 Failed: 0)
  Non-zero exit status: 255
  Parse errors: No plan found in TAP output
t/01-setup.t              (Wstat: 65280 (exited 255) Tests: 0 Failed: 0)
  Non-zero exit status: 255
  Parse errors: No plan found in TAP output
t/02-check-commit.t       (Wstat: 65280 (exited 255) Tests: 0 Failed: 0)
  Non-zero exit status: 255
  Parse errors: No plan found in TAP output
t/02-check-diff.t         (Wstat: 65280 (exited 255) Tests: 0 Failed: 0)
  Non-zero exit status: 255
  Parse errors: No plan found in TAP output
t/02-check-file.t         (Wstat: 65280 (exited 255) Tests: 0 Failed: 0)
  Non-zero exit status: 255
  Parse errors: No plan found in TAP output
t/02-check-jira.t         (Wstat: 65280 (exited 255) Tests: 0 Failed: 0)
  Non-zero exit status: 255
  Parse errors: No plan found in TAP output
t/02-check-log.t          (Wstat: 65280 (exited 255) Tests: 0 Failed: 0)
  Non-zero exit status: 255
  Parse errors: No plan found in TAP output
t/02-check-reference.t    (Wstat: 65280 (exited 255) Tests: 0 Failed: 0)
  Non-zero exit status: 255
  Parse errors: No plan found in TAP output
t/02-check-rewrite.t      (Wstat: 65280 (exited 255) Tests: 0 Failed: 0)
  Non-zero exit status: 255
  Parse errors: No plan found in TAP output
t/02-check-whitespace.t   (Wstat: 65280 (exited 255) Tests: 0 Failed: 0)
  Non-zero exit status: 255
  Parse errors: No plan found in TAP output
t/02-externals.t          (Wstat: 65280 (exited 255) Tests: 0 Failed: 0)
  Non-zero exit status: 255
  Parse errors: No plan found in TAP output
t/02-gerrit-change-id.t   (Wstat: 65280 (exited 255) Tests: 0 Failed: 0)
  Non-zero exit status: 255
  Parse errors: No plan found in TAP output
t/02-noplugin.t           (Wstat: 65280 (exited 255) Tests: 0 Failed: 0)
  Non-zero exit status: 255
  Parse errors: No plan found in TAP output
t/02-notify.t             (Wstat: 65280 (exited 255) Tests: 0 Failed: 0)
  Non-zero exit status: 255
  Parse errors: No plan found in TAP output
t/02-prepare-log.t        (Wstat: 65280 (exited 255) Tests: 0 Failed: 0)
  Non-zero exit status: 255
  Parse errors: No plan found in TAP output
Files=25, Tests=1,  4 wallclock secs ( 0.09 usr  0.08 sys +  0.40 cusr  0.10 csys =  0.67 CPU)
Result: FAIL
Failed 15/25 test programs. 0/1 subtests failed.
make: *** [Makefile:995: test_dynamic] Error 255

------------------------------
PREREQUISITES
------------------------------

Prerequisite modules loaded:

requires:

    Module                         Need  Have    
    ------------------------------ ----- --------
    Carp                           0     1.50    
    Email::Sender::Simple          0     2.601   
    Email::Simple                  0     2.218   
    Encode                         0     3.20    
    Exporter                       0     5.77    
  ! Git::Repository                0     n/a     
  ! Git::Repository::Log           0     n/a     
  ! Git::Repository::Plugin        0     n/a     
    IO::Interactive                0     1.025   
    List::MoreUtils                0     0.430   
    Log::Any                       0     1.717   
    parent                         0     0.241   
    Path::Tiny                     0.060 0.144   
    strict                         0     1.09    
    Test::More                     0     1.302198
    Text::Glob                     0     0.11    
    URI::Escape                    0     5.21    
    utf8                           0     1.17    
    warnings                       0     1.34    

build_requires:

    Module                         Need  Have    
    ------------------------------ ----- --------
    Config                         0     5.022004
    Email::Sender::Transport::Mbox 0     2.601   
    ExtUtils::MakeMaker            0     7.70    
    File::Spec                     0     3.75    
    lib                            0     0.63    
    Path::Tiny                     0.060 0.144   
    Test::More                     0     1.302198
    Test::Requires::Git            0     1.008   

configure_requires:

    Module                         Need  Have    
    ------------------------------ ----- --------
    ExtUtils::MakeMaker            0     7.70    


------------------------------
ENVIRONMENT AND OTHER CONTEXT
------------------------------

Environment variables:

    AUTOMATED_TESTING = 1
    LANG = en_GB.UTF-8
    LANGUAGE = en_GB:en
    LC_TERMINAL = iTerm2
    LC_TERMINAL_VERSION = 3.5.0
    NONINTERACTIVE_TESTING = 1
    PATH = /home/david/.nvm/versions/node/v20.14.0/bin:/home/david/.cargo/bin:/home/david/perl5/perlbrew/bin:/home/david/perl5/perlbrew/perls/perl-5.30.2/bin:/home/david/bin:/usr/local/bin:/usr/bin:/bin:/usr/local/games:/usr/games
    PERL = 5.22.4
    PERL5LIB = 
    PERL5OPT = 
    PERL5_CPANPLUS_IS_RUNNING = 3196592
    PERL5_CPAN_IS_RUNNING = 3196592
    PERLBREW_HOME = /home/david/.perlbrew
    PERLBREW_MANPATH = /home/david/perl5/perlbrew/perls/perl-5.30.2/man
    PERLBREW_PATH = /home/david/perl5/perlbrew/bin:/home/david/perl5/perlbrew/perls/perl-5.30.2/bin
    PERLBREW_PERL = perl-5.30.2
    PERLBREW_ROOT = /home/david/perl5/perlbrew
    PERLBREW_SHELLRC_VERSION = 0.98
    PERLBREW_VERSION = 0.98
    PERLVER = 5.22.4
    PERL_INLINE_DIRECTORY = /home/david/.Inline-5.22.4
    PERL_MM_USE_DEFAULT = 1
    PERL_USE_UNSAFE_INC = 0
    SHELL = /bin/bash
    TERM = screen

Perl special variables (and OS-specific diagnostics, for MSWin32):

    $^X = /home/david/cpantesting/perl-5.22.4/bin/perl
    $UID/$EUID = 1000 / 1000
    $GID = 1000 24 25 27 29 30 44 46 109 1000
    $EGID = 1000 24 25 27 29 30 44 46 109 1000

Perl module toolchain versions installed:

    Module              Have    
    ------------------- --------
    CPAN                2.11_01 
    CPAN::Meta          2.150010
    Cwd                 3.75    
    ExtUtils::CBuilder  0.280236
    ExtUtils::Command   7.70    
    ExtUtils::Install   2.22    
    ExtUtils::MakeMaker 7.70    
    ExtUtils::Manifest  1.75    
    ExtUtils::ParseXS   3.51    
    File::Spec          3.75    
    JSON                4.10    
    JSON::PP            4.16    
    Module::Build       0.4234  
    Module::Signature   n/a     
    Parse::CPAN::Meta   2.150010
    Test2               1.302198
    Test::Harness       3.48    
    Test::More          1.302198
    YAML                1.30    
    YAML::Syck          n/a     
    version             0.9930  


--

Summary of my perl5 (revision 5 version 22 subversion 4) configuration:
   
  Platform:
    osname=linux, osvers=5.10.0-11-amd64, archname=x86_64-linux
    uname='linux cpantesting-linux 5.10.0-11-amd64 #1 smp debian 5.10.92-1 (2022-01-18) x86_64 gnulinux '
    config_args='-de -Dprefix=/home/david/cpantesting/perl-5.22.4'
    hint=recommended, useposix=true, d_sigaction=define
    useithreads=undef, usemultiplicity=undef
    use64bitint=define, use64bitall=define, uselongdouble=undef
    usemymalloc=n, bincompat5005=undef
  Compiler:
    cc='cc', ccflags ='-fwrapv -fno-strict-aliasing -pipe -fstack-protector-strong -I/usr/local/include -D_LARGEFILE_SOURCE -D_FILE_OFFSET_BITS=64 -D_FORTIFY_SOURCE=2',
    optimize='-O2',
    cppflags='-fwrapv -fno-strict-aliasing -pipe -fstack-protector-strong -I/usr/local/include'
    ccversion='', gccversion='10.2.1 20210110', gccosandvers=''
    intsize=4, longsize=8, ptrsize=8, doublesize=8, byteorder=12345678, doublekind=3
    d_longlong=define, longlongsize=8, d_longdbl=define, longdblsize=16, longdblkind=3
    ivtype='long', ivsize=8, nvtype='double', nvsize=8, Off_t='off_t', lseeksize=8
    alignbytes=8, prototype=define
  Linker and Libraries:
    ld='cc', ldflags =' -fstack-protector-strong -L/usr/local/lib'
    libpth=/usr/local/lib /usr/include/x86_64-linux-gnu /usr/lib /lib/x86_64-linux-gnu /lib/../lib /usr/lib/x86_64-linux-gnu /usr/lib/../lib /lib /lib64 /usr/lib64
    libs=-lpthread -lnsl -ldl -lm -lcrypt -lutil -lc
    perllibs=-lpthread -lnsl -ldl -lm -lcrypt -lutil -lc
    libc=libc-2.31.so, so=so, useshrplib=false, libperl=libperl.a
    gnulibc_version='2.31'
  Dynamic Linking:
    dlsrc=dl_dlopen.xs, dlext=so, d_dlsymun=undef, ccdlflags='-Wl,-E'
    cccdlflags='-fPIC', lddlflags='-shared -O2 -L/usr/local/lib -fstack-protector-strong'


Characteristics of this binary (from libperl): 
  Compile-time options: HAS_TIMES PERLIO_LAYERS PERL_DONT_CREATE_GVSV
                        PERL_HASH_FUNC_ONE_AT_A_TIME_HARD PERL_MALLOC_WRAP
                        PERL_NEW_COPY_ON_WRITE PERL_PRESERVE_IVUV
                        USE_64_BIT_ALL USE_64_BIT_INT USE_LARGE_FILES
                        USE_LOCALE USE_LOCALE_COLLATE USE_LOCALE_CTYPE
                        USE_LOCALE_NUMERIC USE_LOCALE_TIME USE_PERLIO
                        USE_PERL_ATOF
  Locally applied patches:
	Devel::PatchPerl 2.08
  Built under linux
  Compiled at Jul  5 2023 22:39:04
  %ENV:
    PERL="5.22.4"
    PERL5LIB=""
    PERL5OPT=""
    PERL5_CPANPLUS_IS_RUNNING="3196592"
    PERL5_CPAN_IS_RUNNING="3196592"
    PERLBREW_HOME="/home/david/.perlbrew"
    PERLBREW_MANPATH="/home/david/perl5/perlbrew/perls/perl-5.30.2/man"
    PERLBREW_PATH="/home/david/perl5/perlbrew/bin:/home/david/perl5/perlbrew/perls/perl-5.30.2/bin"
    PERLBREW_PERL="perl-5.30.2"
    PERLBREW_ROOT="/home/david/perl5/perlbrew"
    PERLBREW_SHELLRC_VERSION="0.98"
    PERLBREW_VERSION="0.98"
    PERLVER="5.22.4"
    PERL_INLINE_DIRECTORY="/home/david/.Inline-5.22.4"
    PERL_MM_USE_DEFAULT="1"
    PERL_USE_UNSAFE_INC="0"
  @INC:
    /home/david/cpantesting/perl-5.22.4/lib/site_perl/5.22.4/x86_64-linux
    /home/david/cpantesting/perl-5.22.4/lib/site_perl/5.22.4
    /home/david/cpantesting/perl-5.22.4/lib/5.22.4/x86_64-linux
    /home/david/cpantesting/perl-5.22.4/lib/5.22.4
    .