Report for Global-IPC-StaticVariable-0.015

Back
From: metabase:user:322078bc-2aae-11df-837a-5e0a49663a4f
Subject: FAIL Global-IPC-StaticVariable-0.015 v5.14.3 NetBSD
Date: 2016-10-05T08:24:42Z

This distribution has been tested as part of the CPAN Testers
project, supporting the Perl programming language.  See
http://wiki.cpantesters.org/ for more information or email
questions to cpan-testers-discuss@perl.org


--

Dear ITSUSONY,

This is a computer-generated error report created automatically by
CPANPLUS, version 0.9160. Testers personal comments may appear
at the end of this report.


Thank you for uploading your work to CPAN.  However, it appears that
there were some problems testing your distribution.

TEST RESULTS:

Below is the error stack from stage 'make test':

t/00_compile.t .. ok

#   Failed test 'var_create'
#   at t/01_simple.t line 7.

#   Failed test 'var_read (init empty test)'
#   at t/01_simple.t line 10.
#          got: undef
#     expected: ''

#   Failed test 'var_update'
#   at t/01_simple.t line 12.

#   Failed test 'var_read'
#   at t/01_simple.t line 14.
#          got: undef
#     expected: 'test'

#   Failed test 'var_read ref test'
#   at t/01_simple.t line 16.
#          got: undef
#     expected: 'test'

#   Failed test 'var_length'
#   at t/01_simple.t line 18.
#          got: undef
#     expected: '4'

#   Failed test 'var_update (val empty)'
#   at t/01_simple.t line 22.

#   Failed test 'var_read (val empty)'
#   at t/01_simple.t line 23.
#          got: undef
#     expected: ''

#   Failed test 'var_update (val "")'
#   at t/01_simple.t line 24.

#   Failed test 'var_read (val "")'
#   at t/01_simple.t line 25.
#          got: undef
#     expected: ''

#   Failed test at t/01_simple.t line 31.
#          got: undef
#     expected: 'abc'

#   Failed test 'var_append'
#   at t/01_simple.t line 33.

#   Failed test 'var_append, result confirm'
#   at t/01_simple.t line 34.
#          got: undef
#     expected: 'abcdef'

#   Failed test 'var_getreset'
#   at t/01_simple.t line 36.
#          got: undef
#     expected: 'abcdef'

#   Failed test 'after var_getreset'
#   at t/01_simple.t line 37.
#          got: undef
#     expected: ''

#   Failed test 'var_destory'
#   at t/01_simple.t line 39.
# Looks like you failed 16 tests of 21.
t/01_simple.t ... 
Dubious, test returned 16 (wstat 4096, 0x1000)
Failed 16/21 subtests 
t/99_leaks.t .... ok

Test Summary Report
-------------------
t/01_simple.t (Wstat: 4096 Tests: 21 Failed: 16)
  Failed tests:  1, 3-7, 9-12, 14-19
  Non-zero exit status: 16
Files=3, Tests=24,  0 wallclock secs ( 0.02 usr  0.01 sys +  0.11 cusr  0.07 csys =  0.21 CPU)
Result: FAIL
Failed 1/3 test programs. 16/24 subtests failed.
BEGIN failed--compilation aborted at -e line 1.


PREREQUISITES:

Here is a list of prerequisites you specified and versions we
managed to load:

	  Module Name                        Have     Want
	  ExtUtils::CBuilder             0.280224        0
	  Test::LeakTrace                    0.15     0.15
	  Test::More                     1.302045     0.98

Perl module toolchain versions installed:
	Module Name                        Have
	CPANPLUS                         0.9160
	CPANPLUS::Dist::Build              0.80
	Cwd                                3.62
	ExtUtils::CBuilder             0.280224
	ExtUtils::Command                  7.18
	ExtUtils::Install                  2.04
	ExtUtils::MakeMaker                7.18
	ExtUtils::Manifest                 1.70
	ExtUtils::ParseXS                  3.30
	File::Spec                         3.62
	Module::Build                    0.4218
	Pod::Parser                        1.37
	Pod::Simple                        3.16
	Test2                          1.302045
	Test::Harness                      3.36
	Test::More                     1.302045
	version                          0.9917

******************************** NOTE ********************************
The comments above are created mechanically, possibly without manual
checking by the sender.  As there are many people performing automatic
tests on each upload to CPAN, it is likely that you will receive
identical messages about the same problem.

If you believe that the message is mistaken, please reply to the first
one with correction and/or additional informations, and do not take
it personally.  We appreciate your patience. :)
**********************************************************************

Additional comments:


This report was machine-generated by CPANPLUS::Dist::YACSmoke 0.98.
Powered by minismokebox version 0.58

------------------------------
ENVIRONMENT AND OTHER CONTEXT
------------------------------

Environment variables:

    AUTOMATED_TESTING = 1
    NONINTERACTIVE_TESTING = 1
    PATH = /home/cpan/bin:/bin:/sbin:/usr/bin:/usr/sbin:/usr/X11R7/bin:/usr/X11R6/bin:/usr/pkg/bin:/usr/pkg/sbin:/usr/games:/usr/local/bin:/usr/local/sbin
    PERL5LIB = :/home/cpan/pit/thr/conf/perl-5.14.3/.cpanplus/5.14.3/build/RDxoluzQ81/Test-LeakTrace-0.15/blib/lib:/home/cpan/pit/thr/conf/perl-5.14.3/.cpanplus/5.14.3/build/RDxoluzQ81/Test-LeakTrace-0.15/blib/arch:/home/cpan/pit/thr/conf/perl-5.14.3/.cpanplus/5.14.3/build/btouBP0xtQ/Global-IPC-StaticVariable-0.015/blib/lib:/home/cpan/pit/thr/conf/perl-5.14.3/.cpanplus/5.14.3/build/btouBP0xtQ/Global-IPC-StaticVariable-0.015/blib/arch
    PERL5_CPANPLUS_IS_RUNNING = 9038
    PERL5_CPANPLUS_IS_VERSION = 0.9160
    PERL5_MINISMOKEBOX = 0.58
    PERL5_YACSMOKE_BASE = /home/cpan/pit/thr/conf/perl-5.14.3
    PERL_EXTUTILS_AUTOINSTALL = --defaultdeps
    PERL_MM_USE_DEFAULT = 1
    SHELL = /usr/pkg/bin/bash
    TERM = screen

Perl special variables (and OS-specific diagnostics, for MSWin32):

    Perl: $^X = /home/cpan/pit/thr/perl-5.14.3/bin/perl
    UID:  $<  = 1002
    EUID: $>  = 1002
    GID:  $(  = 100 100
    EGID: $)  = 100 100


-------------------------------


--

Summary of my perl5 (revision 5 version 14 subversion 3) configuration:
   
  Platform:
    osname=netbsd, osvers=7.0.1, archname=amd64-netbsd-thread-multi
    uname='netbsd niwed.bingosnet.co.uk 7.0.1 netbsd 7.0.1 (generic.201605221355z) amd64 '
    config_args='-des -Dprefix=/home/cpan/pit/thr/perl-5.14.3 -Dusethreads'
    hint=recommended, useposix=true, d_sigaction=define
    useithreads=define, usemultiplicity=define
    useperlio=define, d_sfio=undef, uselargefiles=define, usesocks=undef
    use64bitint=define, use64bitall=define, uselongdouble=undef
    usemymalloc=n, bincompat5005=undef
  Compiler:
    cc='cc', ccflags ='-fno-strict-aliasing -pipe -fstack-protector -I/usr/pkg/include',
    optimize='-O',
    cppflags='-fno-strict-aliasing -pipe -fstack-protector -I/usr/pkg/include'
    ccversion='', gccversion='4.8.4', gccosandvers=''
    intsize=4, longsize=8, ptrsize=8, doublesize=8, byteorder=12345678
    d_longlong=define, longlongsize=8, d_longdbl=define, longdblsize=16
    ivtype='long', ivsize=8, nvtype='double', nvsize=8, Off_t='off_t', lseeksize=8
    alignbytes=8, prototype=define
  Linker and Libraries:
    ld='cc', ldflags =' -Wl,-rpath,/usr/pkg/lib -Wl,-rpath,/usr/local/lib -fstack-protector -L/usr/pkg/lib'
    libpth=/usr/pkg/lib /lib /usr/lib
    libs=-lgdbm -lm -lcrypt -lutil -lc -lposix -lpthread
    perllibs=-lm -lcrypt -lutil -lc -lposix -lpthread
    libc=/lib/libc.so, so=so, useshrplib=false, libperl=libperl.a
    gnulibc_version=''
  Dynamic Linking:
    dlsrc=dl_dlopen.xs, dlext=so, d_dlsymun=undef, ccdlflags='-Wl,-E '
    cccdlflags='-DPIC -fPIC ', lddlflags='-shared  -L/usr/pkg/lib -fstack-protector'


Characteristics of this binary (from libperl): 
  Compile-time options: MULTIPLICITY PERL_DONT_CREATE_GVSV
                        PERL_IMPLICIT_CONTEXT PERL_MALLOC_WRAP
                        PERL_PRESERVE_IVUV USE_64_BIT_ALL USE_64_BIT_INT
                        USE_ITHREADS USE_LARGE_FILES USE_PERLIO USE_PERL_ATOF
                        USE_REENTRANT_API
  Locally applied patches:
	Devel::PatchPerl 1.42
  Built under netbsd
  Compiled at Jun  2 2016 04:09:14
  %ENV:
    PERL5LIB=":/home/cpan/pit/thr/conf/perl-5.14.3/.cpanplus/5.14.3/build/RDxoluzQ81/Test-LeakTrace-0.15/blib/lib:/home/cpan/pit/thr/conf/perl-5.14.3/.cpanplus/5.14.3/build/RDxoluzQ81/Test-LeakTrace-0.15/blib/arch:/home/cpan/pit/thr/conf/perl-5.14.3/.cpanplus/5.14.3/build/btouBP0xtQ/Global-IPC-StaticVariable-0.015/blib/lib:/home/cpan/pit/thr/conf/perl-5.14.3/.cpanplus/5.14.3/build/btouBP0xtQ/Global-IPC-StaticVariable-0.015/blib/arch"
    PERL5_CPANPLUS_IS_RUNNING="9038"
    PERL5_CPANPLUS_IS_VERSION="0.9160"
    PERL5_MINISMOKEBOX="0.58"
    PERL5_YACSMOKE_BASE="/home/cpan/pit/thr/conf/perl-5.14.3"
    PERL_EXTUTILS_AUTOINSTALL="--defaultdeps"
    PERL_MM_USE_DEFAULT="1"
  @INC:
    /home/cpan/pit/thr/conf/perl-5.14.3/.cpanplus/5.14.3/build/RDxoluzQ81/Test-LeakTrace-0.15/blib/lib
    /home/cpan/pit/thr/conf/perl-5.14.3/.cpanplus/5.14.3/build/RDxoluzQ81/Test-LeakTrace-0.15/blib/arch
    /home/cpan/pit/thr/conf/perl-5.14.3/.cpanplus/5.14.3/build/btouBP0xtQ/Global-IPC-StaticVariable-0.015/blib/lib
    /home/cpan/pit/thr/conf/perl-5.14.3/.cpanplus/5.14.3/build/btouBP0xtQ/Global-IPC-StaticVariable-0.015/blib/arch
    /home/cpan/pit/thr/perl-5.14.3/lib/site_perl/5.14.3/amd64-netbsd-thread-multi
    /home/cpan/pit/thr/perl-5.14.3/lib/site_perl/5.14.3
    /home/cpan/pit/thr/perl-5.14.3/lib/5.14.3/amd64-netbsd-thread-multi
    /home/cpan/pit/thr/perl-5.14.3/lib/5.14.3
    .