Back
From: metabase:user:30ae4450-2aae-11df-837a-5e0a49663a4f
Subject: FAIL WWW-Selenium-Utils-0.09 v5.25.8
Date: 2017-02-08T17:05:24Z
This distribution has been tested as part of the CPAN Testers
project, supporting the Perl programming language. See
http://wiki.cpantesters.org/ for more information or email
questions to cpan-testers-discuss@perl.org
--
Dear Luke Closs,
This is a computer-generated report for WWW-Selenium-Utils-0.09
on perl 5.25.8, created by CPAN-Reporter-1.2018.
Thank you for uploading your work to CPAN. However, there was a problem
testing your distribution.
If you think this report is invalid, please consult the CPAN Testers Wiki
for suggestions on how to avoid getting FAIL reports for missing library
or binary dependencies, unsupported operating systems, and so on:
http://wiki.cpantesters.org/wiki/CPANAuthorNotes
Sections of this report:
* Tester comments
* Program output
* Prerequisites
* Environment and other context
------------------------------
TESTER COMMENTS
------------------------------
Additional comments from tester:
this report is from an automated smoke testing program
and was not reviewed by a human for accuracy
------------------------------
PROGRAM OUTPUT
------------------------------
Output from 'C:\STRAWB~1\c\bin\dmake.exe test':
"C:\Strawberry258\perl\bin\perl.exe" "-MExtUtils::Command::MM" "-MTest::Harness" "-e" "undef *Test::Harness::Switches; test_harness(0, 'inc', 'blib\lib', 'blib\arch')" t/*.t
t/0-use.t ........... ok
t/1-regen.t ......... ok
# Failed test 'cat with absolute args'
# at t/2-cgi.t line 22.
# 'Content-Type: text/html; charset=ISO-8859-1
#
# <!DOCTYPE html
# PUBLIC "-//W3C//DTD XHTML 1.0 Transitional//EN"
# "http://www.w3.org/TR/xhtml1/DTD/xhtml1-transitional.dtd">
# <html xmlns="http://www.w3.org/1999/xhtml" lang="en-US" xml:lang="en-US">
# <head>
# <title>Untitled Document</title>
# <meta http-equiv="Content-Type" content="text/html; charset=iso-8859-1" />
# </head>
# <body>
# <h1>Error!</h1>Sorry, C:\STRAWB~1\perl/C:/STRAWB~1/cpan/build/WWW-Selenium-Utils-0.09-0/t/foo.conf doesn't exist!
# </body>
# </html>'
# doesn't match '(?^:Contents of C:/STRAWB~1/cpan/build/WWW-Selenium-Utils-0.09-0/t/foo.conf)'
# Failed test at t/2-cgi.t line 23.
# 'Content-Type: text/html; charset=ISO-8859-1
#
# <!DOCTYPE html
# PUBLIC "-//W3C//DTD XHTML 1.0 Transitional//EN"
# "http://www.w3.org/TR/xhtml1/DTD/xhtml1-transitional.dtd">
# <html xmlns="http://www.w3.org/1999/xhtml" lang="en-US" xml:lang="en-US">
# <head>
# <title>Untitled Document</title>
# <meta http-equiv="Content-Type" content="text/html; charset=iso-8859-1" />
# </head>
# <body>
# <h1>Error!</h1>Sorry, C:\STRAWB~1\perl/C:/STRAWB~1/cpan/build/WWW-Selenium-Utils-0.09-0/t/foo.conf doesn't exist!
# </body>
# </html>'
# doesn't match '(?^:<pre>monkey poo)'
# Failed test 'raw cat'
# at t/2-cgi.t line 26.
# 'Content-Type: text/html; charset=ISO-8859-1
#
# <!DOCTYPE html
# PUBLIC "-//W3C//DTD XHTML 1.0 Transitional//EN"
# "http://www.w3.org/TR/xhtml1/DTD/xhtml1-transitional.dtd">
# <html xmlns="http://www.w3.org/1999/xhtml" lang="en-US" xml:lang="en-US">
# <head>
# <title>Untitled Document</title>
# <meta http-equiv="Content-Type" content="text/html; charset=iso-8859-1" />
# </head>
# <body>
# <h1>Error!</h1>Sorry, C:\STRAWB~1\perl/C:/STRAWB~1/cpan/build/WWW-Selenium-Utils-0.09-0/t/foo.conf doesn't exist!
# </body>
# </html>'
# doesn't match '(?^:monkey poo)'
Can't find string terminator "'" anywhere before EOF at -e line 1.
# Failed test at t/2-cgi.t line 37.
# 'Content-Type: text/html; charset=ISO-8859-1
#
# <!DOCTYPE html
# PUBLIC "-//W3C//DTD XHTML 1.0 Transitional//EN"
# "http://www.w3.org/TR/xhtml1/DTD/xhtml1-transitional.dtd">
# <html xmlns="http://www.w3.org/1999/xhtml" lang="en-US" xml:lang="en-US">
# <head>
# <title>Output of "perl -e 'print q(Monkey)'"</title>
# <meta http-equiv="Content-Type" content="text/html; charset=iso-8859-1" />
# </head>
# <body>
# <div id='cmd'><h1>Output of "perl -e 'print q(Monkey)'":</h1></div><div id='output'><pre></pre></div>
# </body>
# </html>'
# doesn't match '(?^:<div id='output'><pre>Monkey)'
# Looks like you failed 4 tests of 23.
t/2-cgi.t ...........
Dubious, test returned 4 (wstat 1024, 0x400)
Failed 4/23 subtests
'cat' is not recognized as an internal or external command,
operable program or batch file.
# Failed test at t/sel2wiki.t line 66.
# got: ''
# expected: '| New Test |
# | open | /some/url |
# | clickAndWait | link=Some Link |
# | type | add_address | **@example.net |
# | clickAndWait | //input[@type='submit' and @value='Add Sender'] |
# '
# Looks like you failed 1 test of 3.
t/sel2wiki.t ........
Dubious, test returned 1 (wstat 256, 0x100)
Failed 1/3 subtests
t/selenium-regen.t .. ok
t/selfuncs.t ........ ok
Test Summary Report
-------------------
t/2-cgi.t (Wstat: 1024 Tests: 23 Failed: 4)
Failed tests: 3-5, 10
Non-zero exit status: 4
t/sel2wiki.t (Wstat: 256 Tests: 3 Failed: 1)
Failed test: 3
Non-zero exit status: 1
Files=6, Tests=130, 5 wallclock secs ( 0.14 usr + 0.11 sys = 0.25 CPU)
Result: FAIL
Failed 2/6 test programs. 5/130 subtests failed.
dmake.exe: Error code 255, while making 'test_dynamic'
------------------------------
PREREQUISITES
------------------------------
Prerequisite modules loaded:
requires:
Module Need Have
------------------- ---- ----
Test::Exception 0 0.43
build_requires:
Module Need Have
------------------- ---- ----
ExtUtils::MakeMaker 0 7.24
------------------------------
ENVIRONMENT AND OTHER CONTEXT
------------------------------
Environment variables:
AUTOMATED_TESTING = 1
COMSPEC = C:\WINDOWS\system32\cmd.exe
NUMBER_OF_PROCESSORS = 1
PATH = C:\WINDOWS\system32;C:\WINDOWS;C:\WINDOWS\System32\Wbem;C:\Git\cmd;C:\Strawberry258\c\bin;C:\Strawberry258\perl\site\bin;C:\Strawberry258\perl\bin
PERL5LIB =
PERL5OPT =
PERL5_CPANPLUS_IS_RUNNING = 18860
PERL5_CPAN_IS_RUNNING = 18860
PERL5_CPAN_IS_RUNNING_IN_RECURSION = 232,18860
PERL_CR_SMOKER_CURRENT = WWW-Selenium-Utils-0.09
PERL_CR_SMOKER_RUNONCE = 1
PERL_EXTUTILS_AUTOINSTALL = --defaultdeps
PERL_HASH_SEED = 0x11111111
PERL_MM_USE_DEFAULT = 1
PROCESSOR_IDENTIFIER = x86 Family 16 Model 5 Stepping 3, AuthenticAMD
TEMP = C:\DOCUME~1\a\LOCALS~1\Temp
Perl special variables (and OS-specific diagnostics, for MSWin32):
$^X = C:\Strawberry258\perl\bin\perl.exe
$UID/$EUID = 0 / 0
$GID = 0
$EGID = 0
Win32::GetOSName = WinXP/.Net
Win32::GetOSVersion = Service Pack 3, 5, 1, 2600, 2, 3, 0, 256, 1
Win32::FsType = NTFS
Win32::IsAdminUser = 1
Perl module toolchain versions installed:
Module Have
------------------- ----------
CPAN 2.14_01
CPAN::Meta 2.150010
Cwd 3.66
ExtUtils::CBuilder 0.280225
ExtUtils::Command 7.24
ExtUtils::Install 2.04
ExtUtils::MakeMaker 7.24
ExtUtils::Manifest 1.70
ExtUtils::ParseXS 3.33
File::Spec 3.66
JSON 2.90
JSON::PP 2.27400_02
Module::Build 0.4220
Module::Signature 0.81
Parse::CPAN::Meta 2.150010
Test::Harness 3.36_01
Test::More 1.302073
YAML 1.21
YAML::Syck 1.29
version 0.9917
--
Summary of my perl5 (revision 5 version 25 subversion 8) configuration:
Platform:
osname=MSWin32
osvers=4.0
archname=MSWin32-x86-multi-thread
uname='Win32 strawberry-perl 5.25.8.1-beta1 #1 Thu Dec 29 20:16:24 2016 i386'
config_args='undef'
hint=recommended
useposix=true
d_sigaction=undef
useithreads=define
usemultiplicity=define
use64bitint=undef
use64bitall=undef
uselongdouble=undef
usemymalloc=n
bincompat5005=undef
Compiler:
cc='gcc'
ccflags =' -s -O2 -DWIN32 -DPERL_TEXTMODE_SCRIPTS -DPERL_IMPLICIT_CONTEXT -DPERL_IMPLICIT_SYS -fwrapv -fno-strict-aliasing -mms-bitfields'
optimize='-s -O2'
cppflags='-DWIN32'
ccversion=''
gccversion='4.9.2'
gccosandvers=''
intsize=4
longsize=4
ptrsize=4
doublesize=8
byteorder=1234
doublekind=3
d_longlong=define
longlongsize=8
d_longdbl=define
longdblsize=12
longdblkind=3
ivtype='long'
ivsize=4
nvtype='double'
nvsize=8
Off_t='long long'
lseeksize=8
alignbytes=8
prototype=define
Linker and Libraries:
ld='g++'
ldflags ='-s -L"C:\STRAWB~1\perl\lib\CORE" -L"C:\STRAWB~1\c\lib"'
libpth=C:\STRAWB~1\c\lib C:\STRAWB~1\c\i686-w64-mingw32\lib C:\STRAWB~1\c\lib\gcc\i686-w64-mingw32\4.9.2
libs=-lmoldname -lkernel32 -luser32 -lgdi32 -lwinspool -lcomdlg32 -ladvapi32 -lshell32 -lole32 -loleaut32 -lnetapi32 -luuid -lws2_32 -lmpr -lwinmm -lversion -lodbc32 -lodbccp32 -lcomctl32
perllibs=-lmoldname -lkernel32 -luser32 -lgdi32 -lwinspool -lcomdlg32 -ladvapi32 -lshell32 -lole32 -loleaut32 -lnetapi32 -luuid -lws2_32 -lmpr -lwinmm -lversion -lodbc32 -lodbccp32 -lcomctl32
libc=
so=dll
useshrplib=true
libperl=libperl525.a
gnulibc_version=''
Dynamic Linking:
dlsrc=dl_win32.xs
dlext=xs.dll
d_dlsymun=undef
ccdlflags=' '
cccdlflags=' '
lddlflags='-mdll -s -L"C:\STRAWB~1\perl\lib\CORE" -L"C:\STRAWB~1\c\lib"'
Characteristics of this binary (from libperl):
Compile-time options:
HAS_TIMES
HAVE_INTERP_INTERN
MULTIPLICITY
PERLIO_LAYERS
PERL_COPY_ON_WRITE
PERL_DONT_CREATE_GVSV
PERL_HASH_FUNC_ONE_AT_A_TIME_HARD
PERL_IMPLICIT_CONTEXT
PERL_IMPLICIT_SYS
PERL_MALLOC_WRAP
PERL_OP_PARENT
PERL_PRESERVE_IVUV
USE_ITHREADS
USE_LARGE_FILES
USE_LOCALE
USE_LOCALE_COLLATE
USE_LOCALE_CTYPE
USE_LOCALE_NUMERIC
USE_LOCALE_TIME
USE_PERLIO
USE_PERL_ATOF
Built under MSWin32
Compiled at Dec 29 2016 20:25:17
%ENV:
PERL5_CPANPLUS_IS_RUNNING="18860"
PERL5_CPAN_IS_RUNNING="18860"
PERL5_CPAN_IS_RUNNING_IN_RECURSION="232,18860"
PERL_CR_SMOKER_CURRENT="WWW-Selenium-Utils-0.09"
PERL_CR_SMOKER_RUNONCE="1"
PERL_EXTUTILS_AUTOINSTALL="--defaultdeps"
PERL_HASH_SEED="0x11111111"
PERL_MM_USE_DEFAULT="1"
@INC:
C:/Strawberry258/perl/site/lib
C:/Strawberry258/perl/vendor/lib
C:/Strawberry258/perl/lib
.