Report for XML-Parser-2.40

Back
From: metabase:user:322078bc-2aae-11df-837a-5e0a49663a4f
Subject: FAIL XML-Parser-2.40 v5.8.9 FreeBSD
Date: 2011-04-29T16:03:05Z

This distribution has been tested as part of the CPAN Testers
project, supporting the Perl programming language.  See
http://wiki.cpantesters.org/ for more information or email
questions to cpan-testers-discuss@perl.org


--

Dear Alexandr Ciornii,

This is a computer-generated error report created automatically by
CPANPLUS, version 0.9104. Testers personal comments may appear
at the end of this report.


Thank you for uploading your work to CPAN.  However, it appears that
there were some problems testing your distribution.

TEST RESULTS:

Below is the error stack from stage 'make test':

[MSG] [Fri Apr 29 17:02:41 2011] Found config 'CPANPLUS::Config::YACSmoke'
[MSG] [Fri Apr 29 17:02:41 2011]   Loading config 'CPANPLUS::Config::YACSmoke'
[MSG] [Fri Apr 29 17:02:41 2011]   Loaded 'CPANPLUS::Config::YACSmoke' (/usr/home/cpan/pit/bare/perl-5.8.9/lib/site_perl/5.8.9/CPANPLUS/Config/YACSmoke.pm)
[MSG] [Fri Apr 29 17:02:41 2011] Base dir changed from '/usr/home/cpan/fake/.cpanplus' to '/usr/home/cpan/pit/bare/conf/perl-5.8.9/.cpanplus', rescanning
[MSG] [Fri Apr 29 17:02:41 2011] Found config 'CPANPLUS::Config::User'
[MSG] [Fri Apr 29 17:02:41 2011]   Loading config 'CPANPLUS::Config::User'
[MSG] [Fri Apr 29 17:02:41 2011]   Loaded 'CPANPLUS::Config::User' (/usr/home/cpan/pit/bare/conf/perl-5.8.9/.cpanplus/lib/CPANPLUS/Config/User.pm)
[MSG] [Fri Apr 29 17:02:41 2011] Found config 'CPANPLUS::Config::YACSmoke'
[MSG] [Fri Apr 29 17:02:41 2011]   Already loaded 'CPANPLUS::Config::YACSmoke' (/usr/home/cpan/pit/bare/perl-5.8.9/lib/site_perl/5.8.9/CPANPLUS/Config/YACSmoke.pm)
[MSG] [Fri Apr 29 17:02:41 2011] Checking if source files are up to date
[MSG] [Fri Apr 29 17:02:41 2011] Retrieving /usr/home/cpan/pit/bare/conf/perl-5.8.9/.cpanplus/sourcefiles.s2.25.c0.9104.stored
[MSG] [Fri Apr 29 17:02:43 2011] Trying to get 'http://cpan.mirror.local/CPAN/authors/id/M/MI/MIYAGAWA/WebService-Bloglines-0.12.tar.gz'
[MSG] [Fri Apr 29 17:02:43 2011] Using cached file '/usr/home/cpan/pit/bare/conf/perl-5.8.9/.cpanplus/authors/id/M/MI/MIYAGAWA/CHECKSUMS' on disk; ttl (3600s) is not exceeded
[MSG] [Fri Apr 29 17:02:43 2011] Checksum matches for 'WebService-Bloglines-0.12.tar.gz'
[MSG] [Fri Apr 29 17:02:44 2011] Extracted 'WebService-Bloglines-0.12/'
[MSG] [Fri Apr 29 17:02:44 2011] Extracted 'WebService-Bloglines-0.12/t/'
[MSG] [Fri Apr 29 17:02:44 2011] Extracted 'WebService-Bloglines-0.12/t/01_notifier.t'
[MSG] [Fri Apr 29 17:02:44 2011] Extracted 'WebService-Bloglines-0.12/t/02_listsubs.t'
[MSG] [Fri Apr 29 17:02:44 2011] Extracted 'WebService-Bloglines-0.12/t/00_compile.t'
[MSG] [Fri Apr 29 17:02:44 2011] Extracted 'WebService-Bloglines-0.12/t/03_getitems.t'
[MSG] [Fri Apr 29 17:02:44 2011] Extracted 'WebService-Bloglines-0.12/lib/'
[MSG] [Fri Apr 29 17:02:44 2011] Extracted 'WebService-Bloglines-0.12/lib/WebService/'
[MSG] [Fri Apr 29 17:02:44 2011] Extracted 'WebService-Bloglines-0.12/lib/WebService/Bloglines/'
[MSG] [Fri Apr 29 17:02:44 2011] Extracted 'WebService-Bloglines-0.12/lib/WebService/Bloglines/Subscriptions.pm'
[MSG] [Fri Apr 29 17:02:44 2011] Extracted 'WebService-Bloglines-0.12/lib/WebService/Bloglines/Entries.pm'
[MSG] [Fri Apr 29 17:02:44 2011] Extracted 'WebService-Bloglines-0.12/lib/WebService/Bloglines.pm'
[MSG] [Fri Apr 29 17:02:44 2011] Extracted 'WebService-Bloglines-0.12/META.yml'
[MSG] [Fri Apr 29 17:02:44 2011] Extracted 'WebService-Bloglines-0.12/Changes'
[MSG] [Fri Apr 29 17:02:44 2011] Extracted 'WebService-Bloglines-0.12/MANIFEST'
[MSG] [Fri Apr 29 17:02:44 2011] Extracted 'WebService-Bloglines-0.12/Makefile.PL'
[MSG] [Fri Apr 29 17:02:44 2011] Extracted 'WebService-Bloglines-0.12/README'
[MSG] [Fri Apr 29 17:02:44 2011] Extracted 'WebService::Bloglines' to '/usr/home/cpan/pit/bare/conf/perl-5.8.9/.cpanplus/5.8.9/build/WebService-Bloglines-0.12'
[MSG] [Fri Apr 29 17:02:45 2011] Checking if your kit is complete...
Looks good
Warning: prerequisite XML::Liberal 0.02 not found.
Warning: prerequisite XML::RSS::LibXML 0.09 not found.
Writing Makefile for WebService::Bloglines

[MSG] [Fri Apr 29 17:02:45 2011] DEFAULT 'filter_prereqs' HANDLER RETURNING 'sub return value'
[MSG] [Fri Apr 29 17:02:45 2011] Module 'WebService::Bloglines' requires 'XML::Liberal' version '0.02' to be installed 
[MSG] [Fri Apr 29 17:02:45 2011] Module 'WebService::Bloglines' requires 'XML::RSS::LibXML' version '0.09' to be installed 
[MSG] [Fri Apr 29 17:02:45 2011] Trying to get 'http://cpan.mirror.local/CPAN/authors/id/M/MI/MIYAGAWA/XML-Liberal-0.22.tar.gz'
[MSG] [Fri Apr 29 17:02:46 2011] Using cached file '/usr/home/cpan/pit/bare/conf/perl-5.8.9/.cpanplus/authors/id/M/MI/MIYAGAWA/CHECKSUMS' on disk; ttl (3600s) is not exceeded
[MSG] [Fri Apr 29 17:02:46 2011] Checksum matches for 'XML-Liberal-0.22.tar.gz'
[MSG] [Fri Apr 29 17:02:48 2011] Extracted 'XML-Liberal-0.22/'
[MSG] [Fri Apr 29 17:02:48 2011] Extracted 'XML-Liberal-0.22/.shipit'
[MSG] [Fri Apr 29 17:02:48 2011] Extracted 'XML-Liberal-0.22/Changes'
[MSG] [Fri Apr 29 17:02:48 2011] Extracted 'XML-Liberal-0.22/inc/'
[MSG] [Fri Apr 29 17:02:48 2011] Extracted 'XML-Liberal-0.22/inc/Module/'
[MSG] [Fri Apr 29 17:02:48 2011] Extracted 'XML-Liberal-0.22/inc/Module/Install/'
[MSG] [Fri Apr 29 17:02:48 2011] Extracted 'XML-Liberal-0.22/inc/Module/Install/Base.pm'
[MSG] [Fri Apr 29 17:02:48 2011] Extracted 'XML-Liberal-0.22/inc/Module/Install/Can.pm'
[MSG] [Fri Apr 29 17:02:48 2011] Extracted 'XML-Liberal-0.22/inc/Module/Install/Fetch.pm'
[MSG] [Fri Apr 29 17:02:48 2011] Extracted 'XML-Liberal-0.22/inc/Module/Install/Include.pm'
[MSG] [Fri Apr 29 17:02:48 2011] Extracted 'XML-Liberal-0.22/inc/Module/Install/Makefile.pm'
[MSG] [Fri Apr 29 17:02:48 2011] Extracted 'XML-Liberal-0.22/inc/Module/Install/Metadata.pm'
[MSG] [Fri Apr 29 17:02:48 2011] Extracted 'XML-Liberal-0.22/inc/Module/Install/Repository.pm'
[MSG] [Fri Apr 29 17:02:48 2011] Extracted 'XML-Liberal-0.22/inc/Module/Install/TestBase.pm'
[MSG] [Fri Apr 29 17:02:48 2011] Extracted 'XML-Liberal-0.22/inc/Module/Install/Win32.pm'
[MSG] [Fri Apr 29 17:02:48 2011] Extracted 'XML-Liberal-0.22/inc/Module/Install/WriteAll.pm'
[MSG] [Fri Apr 29 17:02:48 2011] Extracted 'XML-Liberal-0.22/inc/Module/Install.pm'
[MSG] [Fri Apr 29 17:02:48 2011] Extracted 'XML-Liberal-0.22/inc/Spiffy.pm'
[MSG] [Fri Apr 29 17:02:48 2011] Extracted 'XML-Liberal-0.22/inc/Test/'
[MSG] [Fri Apr 29 17:02:48 2011] Extracted 'XML-Liberal-0.22/inc/Test/Base/'
[MSG] [Fri Apr 29 17:02:48 2011] Extracted 'XML-Liberal-0.22/inc/Test/Base/Filter.pm'
[MSG] [Fri Apr 29 17:02:48 2011] Extracted 'XML-Liberal-0.22/inc/Test/Base.pm'
[MSG] [Fri Apr 29 17:02:48 2011] Extracted 'XML-Liberal-0.22/inc/Test/Builder/'
[MSG] [Fri Apr 29 17:02:48 2011] Extracted 'XML-Liberal-0.22/inc/Test/Builder/Module.pm'
[MSG] [Fri Apr 29 17:02:48 2011] Extracted 'XML-Liberal-0.22/inc/Test/Builder.pm'
[MSG] [Fri Apr 29 17:02:48 2011] Extracted 'XML-Liberal-0.22/inc/Test/More.pm'
[MSG] [Fri Apr 29 17:02:48 2011] Extracted 'XML-Liberal-0.22/lib/'
[MSG] [Fri Apr 29 17:02:48 2011] Extracted 'XML-Liberal-0.22/lib/XML/'
[MSG] [Fri Apr 29 17:02:48 2011] Extracted 'XML-Liberal-0.22/lib/XML/Liberal/'
[MSG] [Fri Apr 29 17:02:48 2011] Extracted 'XML-Liberal-0.22/lib/XML/Liberal/LibXML.pm'
[MSG] [Fri Apr 29 17:02:48 2011] Extracted 'XML-Liberal-0.22/lib/XML/Liberal/Remedy/'
[MSG] [Fri Apr 29 17:02:48 2011] Extracted 'XML-Liberal-0.22/lib/XML/Liberal/Remedy/ControlCode.pm'
[MSG] [Fri Apr 29 17:02:48 2011] Extracted 'XML-Liberal-0.22/lib/XML/Liberal/Remedy/Declaration.pm'
[MSG] [Fri Apr 29 17:02:48 2011] Extracted 'XML-Liberal-0.22/lib/XML/Liberal/Remedy/DeprecatedDTD.pm'
[MSG] [Fri Apr 29 17:02:48 2011] Extracted 'XML-Liberal-0.22/lib/XML/Liberal/Remedy/EntityRef.pm'
[MSG] [Fri Apr 29 17:02:48 2011] Extracted 'XML-Liberal-0.22/lib/XML/Liberal/Remedy/HTMLEntity.pm'
[MSG] [Fri Apr 29 17:02:48 2011] Extracted 'XML-Liberal-0.22/lib/XML/Liberal/Remedy/InvalidEncoding.pm'
[MSG] [Fri Apr 29 17:02:48 2011] Extracted 'XML-Liberal-0.22/lib/XML/Liberal/Remedy/LowAsciiChars.pm'
[MSG] [Fri Apr 29 17:02:48 2011] Extracted 'XML-Liberal-0.22/lib/XML/Liberal/Remedy/NotUTF8.pm'
[MSG] [Fri Apr 29 17:02:48 2011] Extracted 'XML-Liberal-0.22/lib/XML/Liberal/Remedy/StandaloneAttribute.pm'
[MSG] [Fri Apr 29 17:02:48 2011] Extracted 'XML-Liberal-0.22/lib/XML/Liberal/Remedy/UndeclaredNS.pm'
[MSG] [Fri Apr 29 17:02:48 2011] Extracted 'XML-Liberal-0.22/lib/XML/Liberal/Remedy/UnquotedAttribute.pm'
[MSG] [Fri Apr 29 17:02:48 2011] Extracted 'XML-Liberal-0.22/lib/XML/Liberal/Remedy/XHTMLEmptyTag.pm'
[MSG] [Fri Apr 29 17:02:48 2011] Extracted 'XML-Liberal-0.22/lib/XML/Liberal/Remedy.pm'
[MSG] [Fri Apr 29 17:02:48 2011] Extracted 'XML-Liberal-0.22/lib/XML/Liberal.pm'
[MSG] [Fri Apr 29 17:02:48 2011] Extracted 'XML-Liberal-0.22/Makefile.PL'
[MSG] [Fri Apr 29 17:02:48 2011] Extracted 'XML-Liberal-0.22/MANIFEST'
[MSG] [Fri Apr 29 17:02:48 2011] Extracted 'XML-Liberal-0.22/META.yml'
[MSG] [Fri Apr 29 17:02:48 2011] Extracted 'XML-Liberal-0.22/t/'
[MSG] [Fri Apr 29 17:02:48 2011] Extracted 'XML-Liberal-0.22/t/00_compile.t'
[MSG] [Fri Apr 29 17:02:48 2011] Extracted 'XML-Liberal-0.22/t/01_bad.t'
[MSG] [Fri Apr 29 17:02:48 2011] Extracted 'XML-Liberal-0.22/t/02_global.t'
[MSG] [Fri Apr 29 17:02:48 2011] Extracted 'XML-Liberal-0.22/t/03_global_destroy.t'
[MSG] [Fri Apr 29 17:02:48 2011] Extracted 'XML-Liberal-0.22/t/04_sanity.t'
[MSG] [Fri Apr 29 17:02:48 2011] Extracted 'XML-Liberal-0.22/t/bad/'
[MSG] [Fri Apr 29 17:02:48 2011] Extracted 'XML-Liberal-0.22/t/bad/BAD-ampersand.xml'
[MSG] [Fri Apr 29 17:02:48 2011] Extracted 'XML-Liberal-0.22/t/bad/BAD-atttibute.xml'
[MSG] [Fri Apr 29 17:02:48 2011] Extracted 'XML-Liberal-0.22/t/bad/BAD-charset.xml'
[MSG] [Fri Apr 29 17:02:48 2011] Extracted 'XML-Liberal-0.22/t/bad/BAD-chr-0.xml'
[MSG] [Fri Apr 29 17:02:48 2011] Extracted 'XML-Liberal-0.22/t/bad/BAD-chr-1.xml'
[MSG] [Fri Apr 29 17:02:48 2011] Extracted 'XML-Liberal-0.22/t/bad/BAD-chr-11.xml'
[MSG] [Fri Apr 29 17:02:48 2011] Extracted 'XML-Liberal-0.22/t/bad/BAD-chr-12.xml'
[MSG] [Fri Apr 29 17:02:48 2011] Extracted 'XML-Liberal-0.22/t/bad/BAD-chr-14.xml'
[MSG] [Fri Apr 29 17:02:48 2011] Extracted 'XML-Liberal-0.22/t/bad/BAD-chr-15.xml'
[MSG] [Fri Apr 29 17:02:48 2011] Extracted 'XML-Liberal-0.22/t/bad/BAD-chr-16.xml'
[MSG] [Fri Apr 29 17:02:48 2011] Extracted 'XML-Liberal-0.22/t/bad/BAD-chr-17.xml'
[MSG] [Fri Apr 29 17:02:48 2011] Extracted 'XML-Liberal-0.22/t/bad/BAD-chr-18.xml'
[MSG] [Fri Apr 29 17:02:48 2011] Extracted 'XML-Liberal-0.22/t/bad/BAD-chr-19.xml'
[MSG] [Fri Apr 29 17:02:48 2011] Extracted 'XML-Liberal-0.22/t/bad/BAD-chr-2.xml'
[MSG] [Fri Apr 29 17:02:48 2011] Extracted 'XML-Liberal-0.22/t/bad/BAD-chr-20.xml'
[MSG] [Fri Apr 29 17:02:48 2011] Extracted 'XML-Liberal-0.22/t/bad/BAD-chr-21.xml'
[MSG] [Fri Apr 29 17:02:48 2011] Extracted 'XML-Liberal-0.22/t/bad/BAD-chr-22-ref-hex.xml'
[MSG] [Fri Apr 29 17:02:48 2011] Extracted 'XML-Liberal-0.22/t/bad/BAD-chr-22-ref.xml'
[MSG] [Fri Apr 29 17:02:48 2011] Extracted 'XML-Liberal-0.22/t/bad/BAD-chr-22.xml'
[MSG] [Fri Apr 29 17:02:48 2011] Extracted 'XML-Liberal-0.22/t/bad/BAD-chr-23.xml'
[MSG] [Fri Apr 29 17:02:48 2011] Extracted 'XML-Liberal-0.22/t/bad/BAD-chr-24.xml'
[MSG] [Fri Apr 29 17:02:48 2011] Extracted 'XML-Liberal-0.22/t/bad/BAD-chr-25.xml'
[MSG] [Fri Apr 29 17:02:48 2011] Extracted 'XML-Liberal-0.22/t/bad/BAD-chr-26.xml'
[MSG] [Fri Apr 29 17:02:48 2011] Extracted 'XML-Liberal-0.22/t/bad/BAD-chr-27.xml'
[MSG] [Fri Apr 29 17:02:48 2011] Extracted 'XML-Liberal-0.22/t/bad/BAD-chr-28.xml'
[MSG] [Fri Apr 29 17:02:48 2011] Extracted 'XML-Liberal-0.22/t/bad/BAD-chr-29.xml'
[MSG] [Fri Apr 29 17:02:48 2011] Extracted 'XML-Liberal-0.22/t/bad/BAD-chr-3.xml'
[MSG] [Fri Apr 29 17:02:48 2011] Extracted 'XML-Liberal-0.22/t/bad/BAD-chr-30.xml'
[MSG] [Fri Apr 29 17:02:48 2011] Extracted 'XML-Liberal-0.22/t/bad/BAD-chr-31.xml'
[MSG] [Fri Apr 29 17:02:48 2011] Extracted 'XML-Liberal-0.22/t/bad/BAD-chr-4.xml'
[MSG] [Fri Apr 29 17:02:48 2011] Extracted 'XML-Liberal-0.22/t/bad/BAD-chr-5.xml'
[MSG] [Fri Apr 29 17:02:48 2011] Extracted 'XML-Liberal-0.22/t/bad/BAD-chr-6.xml'
[MSG] [Fri Apr 29 17:02:48 2011] Extracted 'XML-Liberal-0.22/t/bad/BAD-chr-7.xml'
[MSG] [Fri Apr 29 17:02:48 2011] Extracted 'XML-Liberal-0.22/t/bad/BAD-chr-8.xml'
[MSG] [Fri Apr 29 17:02:48 2011] Extracted 'XML-Liberal-0.22/t/bad/BAD-control-cdata.xml'
[MSG] [Fri Apr 29 17:02:48 2011] Extracted 'XML-Liberal-0.22/t/bad/BAD-control.xml'
[MSG] [Fri Apr 29 17:02:48 2011] Extracted 'XML-Liberal-0.22/t/bad/BAD-declaration.xml'
[MSG] [Fri Apr 29 17:02:48 2011] Extracted 'XML-Liberal-0.22/t/bad/BAD-html.xml'
[MSG] [Fri Apr 29 17:02:48 2011] Extracted 'XML-Liberal-0.22/t/bad/BAD-html2.xml'
[MSG] [Fri Apr 29 17:02:48 2011] Extracted 'XML-Liberal-0.22/t/bad/BAD-lowascii.xml'
[MSG] [Fri Apr 29 17:02:48 2011] Extracted 'XML-Liberal-0.22/t/bad/BAD-undeclared-ns-element.xml'
[MSG] [Fri Apr 29 17:02:48 2011] Extracted 'XML-Liberal-0.22/t/bad/BAD-undeclared-ns.xml'
[MSG] [Fri Apr 29 17:02:48 2011] Extracted 'XML-Liberal-0.22/t/bad/BAD-unquoted-nbsp.xml'
[MSG] [Fri Apr 29 17:02:48 2011] Extracted 'XML-Liberal-0.22/t/bad/BAD-unquoted.xml'
[MSG] [Fri Apr 29 17:02:48 2011] Extracted 'XML-Liberal-0.22/t/bad/BAD-xhtml-empty-element-tag.xml'
[MSG] [Fri Apr 29 17:02:48 2011] Extracted 'XML-Liberal-0.22/t/bad/MAYBE-BAD-DTD-1.xml'
[MSG] [Fri Apr 29 17:02:48 2011] Extracted 'XML-Liberal-0.22/t/bad/MAYBE-BAD-euc.xml'
[MSG] [Fri Apr 29 17:02:48 2011] Extracted 'XML::Liberal' to '/usr/home/cpan/pit/bare/conf/perl-5.8.9/.cpanplus/5.8.9/build/XML-Liberal-0.22'
[MSG] [Fri Apr 29 17:02:49 2011] Checking if your kit is complete...
Looks good
Warning: prerequisite HTML::Entities::Numbered 0.04 not found.
Warning: prerequisite Module::Pluggable::Fast 0.16 not found.
Warning: prerequisite XML::LibXML 1.69_02 not found.
Writing Makefile for XML::Liberal

[MSG] [Fri Apr 29 17:02:49 2011] DEFAULT 'filter_prereqs' HANDLER RETURNING 'sub return value'
[MSG] [Fri Apr 29 17:02:49 2011] Module 'XML::Liberal' requires 'HTML::Entities::Numbered' version '0.04' to be installed 
[MSG] [Fri Apr 29 17:02:49 2011] Module 'XML::Liberal' requires 'Module::Pluggable::Fast' version '0.16' to be installed 
[MSG] [Fri Apr 29 17:02:49 2011] Module 'XML::Liberal' requires 'XML::LibXML' version '1.69_02' to be installed 
[MSG] [Fri Apr 29 17:02:49 2011] Trying to get 'http://cpan.mirror.local/CPAN/authors/id/T/TA/TANIGUCHI/HTML-Entities-Numbered-0.04.tar.gz'
[MSG] [Fri Apr 29 17:02:50 2011] Trying to get 'http://cpan.mirror.local/CPAN/authors/id/T/TA/TANIGUCHI/CHECKSUMS'
[MSG] [Fri Apr 29 17:02:50 2011] Checksum matches for 'HTML-Entities-Numbered-0.04.tar.gz'
[MSG] [Fri Apr 29 17:02:50 2011] Extracted 'HTML-Entities-Numbered-0.04/'
[MSG] [Fri Apr 29 17:02:50 2011] Extracted 'HTML-Entities-Numbered-0.04/t/'
[MSG] [Fri Apr 29 17:02:50 2011] Extracted 'HTML-Entities-Numbered-0.04/t/06_invalid.t'
[MSG] [Fri Apr 29 17:02:50 2011] Extracted 'HTML-Entities-Numbered-0.04/t/09_name2hex_xml.t'
[MSG] [Fri Apr 29 17:02:50 2011] Extracted 'HTML-Entities-Numbered-0.04/t/01_name2decimal.t'
[MSG] [Fri Apr 29 17:02:50 2011] Extracted 'HTML-Entities-Numbered-0.04/t/04_hex2name.t'
[MSG] [Fri Apr 29 17:02:50 2011] Extracted 'HTML-Entities-Numbered-0.04/t/07_cross.t'
[MSG] [Fri Apr 29 17:02:50 2011] Extracted 'HTML-Entities-Numbered-0.04/t/00_compile.t'
[MSG] [Fri Apr 29 17:02:50 2011] Extracted 'HTML-Entities-Numbered-0.04/t/03_decimal2name.t'
[MSG] [Fri Apr 29 17:02:50 2011] Extracted 'HTML-Entities-Numbered-0.04/t/02_name2hex.t'
[MSG] [Fri Apr 29 17:02:50 2011] Extracted 'HTML-Entities-Numbered-0.04/t/05_hex2name_lc.t'
[MSG] [Fri Apr 29 17:02:50 2011] Extracted 'HTML-Entities-Numbered-0.04/t/entities.txt'
[MSG] [Fri Apr 29 17:02:50 2011] Extracted 'HTML-Entities-Numbered-0.04/t/08_name2decimal_xml.t'
[MSG] [Fri Apr 29 17:02:50 2011] Extracted 'HTML-Entities-Numbered-0.04/lib/'
[MSG] [Fri Apr 29 17:02:50 2011] Extracted 'HTML-Entities-Numbered-0.04/lib/HTML/'
[MSG] [Fri Apr 29 17:02:50 2011] Extracted 'HTML-Entities-Numbered-0.04/lib/HTML/Entities/'
[MSG] [Fri Apr 29 17:02:50 2011] Extracted 'HTML-Entities-Numbered-0.04/lib/HTML/Entities/Numbered/'
[MSG] [Fri Apr 29 17:02:50 2011] Extracted 'HTML-Entities-Numbered-0.04/lib/HTML/Entities/Numbered/Table.pm'
[MSG] [Fri Apr 29 17:02:50 2011] Extracted 'HTML-Entities-Numbered-0.04/lib/HTML/Entities/Numbered.pm'
[MSG] [Fri Apr 29 17:02:50 2011] Extracted 'HTML-Entities-Numbered-0.04/META.yml'
[MSG] [Fri Apr 29 17:02:50 2011] Extracted 'HTML-Entities-Numbered-0.04/Changes'
[MSG] [Fri Apr 29 17:02:51 2011] Extracted 'HTML-Entities-Numbered-0.04/MANIFEST'
[MSG] [Fri Apr 29 17:02:51 2011] Extracted 'HTML-Entities-Numbered-0.04/Makefile.PL'
[MSG] [Fri Apr 29 17:02:51 2011] Extracted 'HTML-Entities-Numbered-0.04/README'
[MSG] [Fri Apr 29 17:02:51 2011] Extracted 'HTML::Entities::Numbered' to '/usr/home/cpan/pit/bare/conf/perl-5.8.9/.cpanplus/5.8.9/build/HTML-Entities-Numbered-0.04'
[MSG] [Fri Apr 29 17:02:51 2011] Checking if your kit is complete...
Looks good
Writing Makefile for HTML::Entities::Numbered

[MSG] [Fri Apr 29 17:02:51 2011] DEFAULT 'filter_prereqs' HANDLER RETURNING 'sub return value'
[MSG] [Fri Apr 29 17:02:54 2011] cp lib/HTML/Entities/Numbered/Table.pm blib/lib/HTML/Entities/Numbered/Table.pm
cp lib/HTML/Entities/Numbered.pm blib/lib/HTML/Entities/Numbered.pm
Manifying blib/man3/HTML::Entities::Numbered::Table.3
Manifying blib/man3/HTML::Entities::Numbered.3

[MSG] [Fri Apr 29 17:02:57 2011] MAKE TEST passed: PERL_DL_NONLAZY=1 /usr/home/cpan/pit/bare/perl-5.8.9/bin/perl "-MExtUtils::Command::MM" "-e" "test_harness(0, 'blib/lib', 'blib/arch')" t/*.t
t/00_compile.t ........... ok
t/01_name2decimal.t ...... ok
t/02_name2hex.t .......... ok
t/03_decimal2name.t ...... ok
t/04_hex2name.t .......... ok
t/05_hex2name_lc.t ....... ok
t/06_invalid.t ........... ok
t/07_cross.t ............. ok
t/08_name2decimal_xml.t .. ok
t/09_name2hex_xml.t ...... ok
All tests successful.
Files=10, Tests=3277,  3 wallclock secs ( 0.35 usr  0.27 sys +  0.79 cusr  1.27 csys =  2.68 CPU)
Result: PASS

[MSG] [Fri Apr 29 17:02:57 2011] Sending test report for 'HTML-Entities-Numbered-0.04'
[MSG] [Fri Apr 29 17:02:57 2011] DEFAULT 'munge_test_report' HANDLER RETURNING 'sub return value'
[MSG] [Fri Apr 29 17:02:57 2011] DEFAULT 'send_test_report' HANDLER RETURNING 'true'
[MSG] [Fri Apr 29 17:02:57 2011] DEFAULT 'edit_test_report' HANDLER RETURNING 'false'
[MSG] [Fri Apr 29 17:02:57 2011] Successfully sent 'pass' report for 'HTML-Entities-Numbered-0.04'
[ERROR] [Fri Apr 29 17:02:58 2011] MAKE INSTALL failed:  !!!!!!!!!!!!!!!!!!!!!!!!!!!!!!!!!!!!!!!!!!!!!!!!!!!!!!!!!!!!!!!!!!!!!!!!
ERROR: Can't create '/usr/home/cpan/pit/bare/perl-5.8.9/lib/site_perl/5.8.9/HTML/Entities'
mkdir /usr/home/cpan/pit/bare/perl-5.8.9/lib/site_perl/5.8.9/HTML: Permission denied at /usr/home/cpan/pit/bare/perl-5.8.9/lib/5.8.9/ExtUtils/Install.pm line 483

!!!!!!!!!!!!!!!!!!!!!!!!!!!!!!!!!!!!!!!!!!!!!!!!!!!!!!!!!!!!!!!!!!!!!!!!
 at -e line 1
*** Error code 13

Stop in /usr/home/cpan/pit/bare/conf/perl-5.8.9/.cpanplus/5.8.9/build/HTML-Entities-Numbered-0.04.

[MSG] [Fri Apr 29 17:02:58 2011] !!!!!!!!!!!!!!!!!!!!!!!!!!!!!!!!!!!!!!!!!!!!!!!!!!!!!!!!!!!!!!!!!!!!!!!!
ERROR: Can't create '/usr/home/cpan/pit/bare/perl-5.8.9/lib/site_perl/5.8.9/HTML/Entities'
mkdir /usr/home/cpan/pit/bare/perl-5.8.9/lib/site_perl/5.8.9/HTML: Permission denied at /usr/home/cpan/pit/bare/perl-5.8.9/lib/5.8.9/ExtUtils/Install.pm line 483

!!!!!!!!!!!!!!!!!!!!!!!!!!!!!!!!!!!!!!!!!!!!!!!!!!!!!!!!!!!!!!!!!!!!!!!!
 at -e line 1
*** Error code 13

Stop in /usr/home/cpan/pit/bare/conf/perl-5.8.9/.cpanplus/5.8.9/build/HTML-Entities-Numbered-0.04.

[ERROR] [Fri Apr 29 17:02:58 2011] Failed to install 'HTML::Entities::Numbered' as prerequisite for 'XML::Liberal'
[ERROR] [Fri Apr 29 17:02:58 2011] Unable to satisfy prerequisites for 'XML::Liberal' -- aborting install
[ERROR] [Fri Apr 29 17:02:58 2011] Unable to create a new distribution object for 'XML::Liberal' -- cannot continue
[ERROR] [Fri Apr 29 17:02:58 2011] Failed to install 'XML::Liberal' as prerequisite for 'WebService::Bloglines'
[ERROR] [Fri Apr 29 17:02:58 2011] Unable to satisfy prerequisites for 'WebService::Bloglines' -- aborting install
[ERROR] [Fri Apr 29 17:02:58 2011] Unable to create a new distribution object for 'WebService::Bloglines' -- cannot continue
[MSG] [Fri Apr 29 17:02:58 2011] Trying to get 'http://cpan.mirror.local/CPAN/authors/id/M/MA/MADGHOUL/XML-OPML-0.26.tar.gz'
[MSG] [Fri Apr 29 17:02:58 2011] Trying to get 'http://cpan.mirror.local/CPAN/authors/id/M/MA/MADGHOUL/CHECKSUMS'
[MSG] [Fri Apr 29 17:02:58 2011] Checksum matches for 'XML-OPML-0.26.tar.gz'
[MSG] [Fri Apr 29 17:02:58 2011] Extracted 'XML-OPML-0.26/'
[MSG] [Fri Apr 29 17:02:58 2011] Extracted 'XML-OPML-0.26/Examples/'
[MSG] [Fri Apr 29 17:02:58 2011] Extracted 'XML-OPML-0.26/Examples/opml.pl'
[MSG] [Fri Apr 29 17:02:58 2011] Extracted 'XML-OPML-0.26/Examples/mySubscriptions.opml'
[MSG] [Fri Apr 29 17:02:58 2011] Extracted 'XML-OPML-0.26/Examples/modules.opml'
[MSG] [Fri Apr 29 17:02:58 2011] Extracted 'XML-OPML-0.26/OPML.pm'
[MSG] [Fri Apr 29 17:02:58 2011] Extracted 'XML-OPML-0.26/Changes'
[MSG] [Fri Apr 29 17:02:58 2011] Extracted 'XML-OPML-0.26/MANIFEST'
[MSG] [Fri Apr 29 17:02:58 2011] Extracted 'XML-OPML-0.26/t/'
[MSG] [Fri Apr 29 17:02:58 2011] Extracted 'XML-OPML-0.26/t/1.t'
[MSG] [Fri Apr 29 17:02:58 2011] Extracted 'XML-OPML-0.26/Makefile.PL'
[MSG] [Fri Apr 29 17:02:58 2011] Extracted 'XML-OPML-0.26/README'
[MSG] [Fri Apr 29 17:02:58 2011] Extracted 'XML::OPML' to '/usr/home/cpan/pit/bare/conf/perl-5.8.9/.cpanplus/5.8.9/build/XML-OPML-0.26'
[MSG] [Fri Apr 29 17:02:59 2011] Checking if your kit is complete...
Looks good
Warning: prerequisite XML::Parser 0 not found.
Warning: prerequisite XML::SimpleObject 0 not found.
Writing Makefile for XML::OPML

[MSG] [Fri Apr 29 17:02:59 2011] DEFAULT 'filter_prereqs' HANDLER RETURNING 'sub return value'
[MSG] [Fri Apr 29 17:02:59 2011] Module 'XML::OPML' requires 'XML::Parser' version '0' to be installed 
[MSG] [Fri Apr 29 17:02:59 2011] Module 'XML::OPML' requires 'XML::SimpleObject' version '0' to be installed 
[MSG] [Fri Apr 29 17:02:59 2011] Checking for previous PASS result for "XML-Parser-2.40"
[ERROR] [Fri Apr 29 17:03:04 2011] MAKE TEST failed: PERL_DL_NONLAZY=1 /usr/home/cpan/pit/bare/perl-5.8.9/bin/perl "-MExtUtils::Command::MM" "-e" "test_harness(0, 'blib/lib', 'blib/arch')" t/*.t
t/astress.t ....... ok
t/cdata.t ......... ok

syntax error at line 14, column 3, byte 214:
%ext;

<![%bar;[
==^
<!ATTLIST bar xyz (a|b|c) 'b'>
]]>

error in processing external entity reference at line 21, column 3, byte 3161:
   <!ELEMENT bar ANY>
   <!ATTLIST bar big CDATA 'This is a large string value to test whether the declaration parser still works when the entity or attribute default value may be broken into multiple calls to the default handler. 01234567890123456789012345678901234567890123456789012345678901234567890123456789 01234567890123456789012345678901234567890123456789012345678901234567890123456789 01234567890123456789012345678901234567890123456789012345678901234567890123456789 01234567890123456789012345678901234567890123456789012345678901234567890123456789 01234567890123456789012345678901234567890123456789012345678901234567890123456789 01234567890123456789012345678901234567890123456789012345678901234567890123456789 01234567890123456789012345678901234567890123456789012345678901234567890123456789 01234567890123456789012345678901234567890123456789012345678901234567890123456789 01234567890123456789012345678901234567890123456789012345678901234567890123456789 01234567890123456789012345678901234567890123456789012345678901234567890123456789 01234567890123456789012345678901234567890123456789012345678901234567890123456789 01234567890123456789012345678901234567890123456789012345678901234567890123456789 01234567890123456789012345678901234567890123456789012345678901234567890123456789 '>
  ]>
==^
<foo/>
 at /usr/home/cpan/pit/bare/conf/perl-5.8.9/.cpanplus/5.8.9/build/XML-Parser-2.40/blib/lib/XML/Parser.pm line 187
t/decl.t .......... 
Dubious, test returned 255 (wstat 65280, 0xff00)
Failed 29/30 subtests 
t/defaulted.t ..... ok
t/encoding.t ...... ok
t/external_ent.t .. ok
t/file.t .......... ok
t/finish.t ........ ok
t/namespaces.t .... ok

error in processing external entity reference at line 8, column 0, byte 173:
  <!ENTITY more SYSTEM "t/ext2.ent">
]
>
^
<foo>Happy, happy
<bar>&joy;, &joy;</bar>
 at /usr/home/cpan/pit/bare/conf/perl-5.8.9/.cpanplus/5.8.9/build/XML-Parser-2.40/blib/lib/XML/Parser.pm line 187
t/parament.t ...... 
Dubious, test returned 255 (wstat 65280, 0xff00)
Failed 11/12 subtests 
t/partial.t ....... ok
t/skip.t .......... ok
t/stream.t ........ ok
t/styles.t ........ ok

Test Summary Report
-------------------
t/decl.t        (Wstat: 65280 Tests: 1 Failed: 0)
  Non-zero exit status: 255
  Parse errors: Bad plan.  You planned 30 tests but ran 1.
t/parament.t    (Wstat: 65280 Tests: 1 Failed: 0)
  Non-zero exit status: 255
  Parse errors: Bad plan.  You planned 12 tests but ran 1.
Files=14, Tests=90,  4 wallclock secs ( 0.08 usr  0.15 sys +  0.62 cusr  3.06 csys =  3.91 CPU)
Result: FAIL
Failed 2/14 test programs. 0/90 subtests failed.
*** Error code 255

Stop in /usr/home/cpan/pit/bare/conf/perl-5.8.9/.cpanplus/5.8.9/build/XML-Parser-2.40.

[MSG] [Fri Apr 29 17:03:04 2011] DEFAULT 'proceed_on_test_failure' HANDLER RETURNING 'sub return value'

PREREQUISITES:

Here is a list of prerequisites you specified and versions we
managed to load:

	  Module Name                        Have     Want
	  LWP                                6.02        0

Perl module toolchain versions installed:
	Module Name                        Have
	CPANPLUS                         0.9104
	CPANPLUS::Dist::Build              0.56
	Cwd                                3.33
	ExtUtils::CBuilder             0.280202
	ExtUtils::Command                  1.16
	ExtUtils::Install                  1.54
	ExtUtils::MakeMaker                6.56
	ExtUtils::Manifest                 1.58
	ExtUtils::ParseXS                2.2206
	File::Spec                         3.33
	Module::Build                    0.3800
	Test::Harness                      3.23
	Test::More                         0.98
	version                            0.88

******************************** NOTE ********************************
The comments above are created mechanically, possibly without manual
checking by the sender.  As there are many people performing automatic
tests on each upload to CPAN, it is likely that you will receive
identical messages about the same problem.

If you believe that the message is mistaken, please reply to the first
one with correction and/or additional informations, and do not take
it personally.  We appreciate your patience. :)
**********************************************************************

Additional comments:


--

Summary of my perl5 (revision 5 version 8 subversion 9) configuration:
  Platform:
    osname=freebsd, osvers=9.0-current-201101, archname=amd64-freebsd
    uname='freebsd flooble.bingosnet.co.uk 9.0-current-201101 freebsd 9.0-current-201101 #0: mon jan 3 22:15:39 utc 2011 root@farrell.cse.buffalo.edu:usrobjusrsrcsysgeneric amd64 '
    config_args='-des -Dprefix=/usr/home/cpan/pit/bare/perl-5.8.9'
    hint=recommended, useposix=true, d_sigaction=define
    usethreads=undef use5005threads=undef useithreads=undef usemultiplicity=undef
    useperlio=define d_sfio=undef uselargefiles=define usesocks=undef
    use64bitint=define use64bitall=define uselongdouble=undef
    usemymalloc=n, bincompat5005=undef
  Compiler:
    cc='cc', ccflags ='-DHAS_FPSETMASK -DHAS_FLOATINGPOINT_H -fno-strict-aliasing -pipe -I/usr/local/include',
    optimize='-O',
    cppflags='-DHAS_FPSETMASK -DHAS_FLOATINGPOINT_H -fno-strict-aliasing -pipe -I/usr/local/include'
    ccversion='', gccversion='4.2.1 20070719  [FreeBSD]', gccosandvers=''
    intsize=4, longsize=8, ptrsize=8, doublesize=8, byteorder=12345678
    d_longlong=define, longlongsize=8, d_longdbl=define, longdblsize=16
    ivtype='long', ivsize=8, nvtype='double', nvsize=8, Off_t='off_t', lseeksize=8
    alignbytes=8, prototype=define
  Linker and Libraries:
    ld='cc', ldflags ='-Wl,-E  -L/usr/local/lib'
    libpth=/usr/lib /usr/local/lib
    libs=-lgdbm -lm -lcrypt -lutil -lc
    perllibs=-lm -lcrypt -lutil -lc
    libc=, so=so, useshrplib=false, libperl=libperl.a
    gnulibc_version=''
  Dynamic Linking:
    dlsrc=dl_dlopen.xs, dlext=so, d_dlsymun=undef, ccdlflags=' '
    cccdlflags='-DPIC -fPIC', lddlflags='-shared  -L/usr/local/lib'


Characteristics of this binary (from libperl): 
  Compile-time options: PERL_MALLOC_WRAP USE_64_BIT_ALL USE_64_BIT_INT
                        USE_FAST_STDIO USE_LARGE_FILES USE_PERLIO
  Built under freebsd
  Compiled at Apr 28 2011 23:17:46
  %ENV:
    PERL5LIB=":/usr/home/cpan/pit/bare/conf/perl-5.8.9/.cpanplus/5.8.9/build/Class-Accessor-0.34/blib/lib:/usr/home/cpan/pit/bare/conf/perl-5.8.9/.cpanplus/5.8.9/build/Class-Accessor-0.34/blib/arch:/usr/home/cpan/pit/bare/conf/perl-5.8.9/.cpanplus/5.8.9/build/List-MoreUtils-0.30/blib/lib:/usr/home/cpan/pit/bare/conf/perl-5.8.9/.cpanplus/5.8.9/build/List-MoreUtils-0.30/blib/arch:/usr/home/cpan/pit/bare/conf/perl-5.8.9/.cpanplus/5.8.9/build/Attribute-Handlers-0.88/blib/lib:/usr/home/cpan/pit/bare/conf/perl-5.8.9/.cpanplus/5.8.9/build/Attribute-Handlers-0.88/blib/arch:/usr/home/cpan/pit/bare/conf/perl-5.8.9/.cpanplus/5.8.9/build/Params-Validate-0.98/blib/lib:/usr/home/cpan/pit/bare/conf/perl-5.8.9/.cpanplus/5.8.9/build/Params-Validate-0.98/blib/arch:/usr/home/cpan/pit/bare/conf/perl-5.8.9/.cpanplus/5.8.9/build/DateTime-Locale-0.45/blib/lib:/usr/home/cpan/pit/bare/conf/perl-5.8.9/.cpanplus/5.8.9/build/DateTime-Locale-0.45/blib/arch:/usr/home/cpan/pit/bare/conf/perl-5.8.9/.cpanplus/5.8.9/build/Try-Tiny-0.09/blib/lib:/usr/home/cpan/pit/bare/conf/perl-5.8.9/.cpanplus/5.8.9/build/Try-Tiny-0.09/blib/arch:/usr/home/cpan/pit/bare/conf/perl-5.8.9/.cpanplus/5.8.9/build/Test-Fatal-0.005/blib/lib:/usr/home/cpan/pit/bare/conf/perl-5.8.9/.cpanplus/5.8.9/build/Test-Fatal-0.005/blib/arch:/usr/home/cpan/pit/bare/conf/perl-5.8.9/.cpanplus/5.8.9/build/Class-Load-0.06/blib/lib:/usr/home/cpan/pit/bare/conf/perl-5.8.9/.cpanplus/5.8.9/build/Class-Load-0.06/blib/arch:/usr/home/cpan/pit/bare/conf/perl-5.8.9/.cpanplus/5.8.9/build/Class-Singleton-1.4/blib/lib:/usr/home/cpan/pit/bare/conf/perl-5.8.9/.cpanplus/5.8.9/build/Class-Singleton-1.4/blib/arch:/usr/home/cpan/pit/bare/conf/perl-5.8.9/.cpanplus/5.8.9/build/parent-0.225/blib/lib:/usr/home/cpan/pit/bare/conf/perl-5.8.9/.cpanplus/5.8.9/build/parent-0.225/blib/arch:/usr/home/cpan/pit/bare/conf/perl-5.8.9/.cpanplus/5.8.9/build/DateTime-TimeZone-1.34/blib/lib:/usr/home/cpan/pit/bare/conf/perl-5.8.9/.cpanplus/5.8.9/build/DateTime-TimeZone-1.34/blib/arch:/usr/home/cpan/pit/bare/conf/perl-5.8.9/.cpanplus/5.8.9/build/Math-Round-0.06/blib/lib:/usr/home/cpan/pit/bare/conf/perl-5.8.9/.cpanplus/5.8.9/build/Math-Round-0.06/blib/arch:/usr/home/cpan/pit/bare/conf/perl-5.8.9/.cpanplus/5.8.9/build/Sub-Uplevel-0.22/blib/lib:/usr/home/cpan/pit/bare/conf/perl-5.8.9/.cpanplus/5.8.9/build/Sub-Uplevel-0.22/blib/arch:/usr/home/cpan/pit/bare/conf/perl-5.8.9/.cpanplus/5.8.9/build/Test-Exception-0.31/blib/lib:/usr/home/cpan/pit/bare/conf/perl-5.8.9/.cpanplus/5.8.9/build/Test-Exception-0.31/blib/arch:/usr/home/cpan/pit/bare/conf/perl-5.8.9/.cpanplus/5.8.9/build/DateTime-0.68/blib/lib:/usr/home/cpan/pit/bare/conf/perl-5.8.9/.cpanplus/5.8.9/build/DateTime-0.68/blib/arch:/usr/home/cpan/pit/bare/conf/perl-5.8.9/.cpanplus/5.8.9/build/DateTime-Format-Mail-0.3001/blib/lib:/usr/home/cpan/pit/bare/conf/perl-5.8.9/.cpanplus/5.8.9/build/DateTime-Format-Mail-0.3001/blib/arch:/usr/home/cpan/pit/bare/conf/perl-5.8.9/.cpanplus/5.8.9/build/DateTime-Format-Strptime-1.5000/blib/lib:/usr/home/cpan/pit/bare/conf/perl-5.8.9/.cpanplus/5.8.9/build/DateTime-Format-Strptime-1.5000/blib/arch:/usr/home/cpan/pit/bare/conf/perl-5.8.9/.cpanplus/5.8.9/build/DateTime-Format-W3CDTF-0.06/blib/lib:/usr/home/cpan/pit/bare/conf/perl-5.8.9/.cpanplus/5.8.9/build/DateTime-Format-W3CDTF-0.06/blib/arch:/usr/home/cpan/pit/bare/conf/perl-5.8.9/.cpanplus/5.8.9/build/Number-Compare-0.01/blib/lib:/usr/home/cpan/pit/bare/conf/perl-5.8.9/.cpanplus/5.8.9/build/Number-Compare-0.01/blib/arch:/usr/home/cpan/pit/bare/conf/perl-5.8.9/.cpanplus/5.8.9/build/Text-Glob-0.09/blib/lib:/usr/home/cpan/pit/bare/conf/perl-5.8.9/.cpanplus/5.8.9/build/Text-Glob-0.09/blib/arch:/usr/home/cpan/pit/bare/conf/perl-5.8.9/.cpanplus/5.8.9/build/File-Find-Rule-0.32/blib/lib:/usr/home/cpan/pit/bare/conf/perl-5.8.9/.cpanplus/5.8.9/build/File-Find-Rule-0.32/blib/arch:/usr/home/cpan/pit/bare/conf/perl-5.8.9/.cpanplus/5.8.9/build/Encode-Locale-1.02/blib/lib:/usr/home/cpan/pit/bare/conf/perl-5.8.9/.cpanplus/5.8.9/build/Encode-Locale-1.02/blib/arch:/usr/home/cpan/pit/bare/conf/perl-5.8.9/.cpanplus/5.8.9/build/HTTP-Date-6.00/blib/lib:/usr/home/cpan/pit/bare/conf/perl-5.8.9/.cpanplus/5.8.9/build/HTTP-Date-6.00/blib/arch:/usr/home/cpan/pit/bare/conf/perl-5.8.9/.cpanplus/5.8.9/build/File-Listing-6.02/blib/lib:/usr/home/cpan/pit/bare/conf/perl-5.8.9/.cpanplus/5.8.9/build/File-Listing-6.02/blib/arch:/usr/home/cpan/pit/bare/conf/perl-5.8.9/.cpanplus/5.8.9/build/HTML-Tagset-3.20/blib/lib:/usr/home/cpan/pit/bare/conf/perl-5.8.9/.cpanplus/5.8.9/build/HTML-Tagset-3.20/blib/arch:/usr/home/cpan/pit/bare/conf/perl-5.8.9/.cpanplus/5.8.9/build/HTML-Parser-3.68/blib/lib:/usr/home/cpan/pit/bare/conf/perl-5.8.9/.cpanplus/5.8.9/build/HTML-Parser-3.68/blib/arch:/usr/home/cpan/pit/bare/conf/perl-5.8.9/.cpanplus/5.8.9/build/LWP-MediaTypes-6.01/blib/lib:/usr/home/cpan/pit/bare/conf/perl-5.8.9/.cpanplus/5.8.9/build/LWP-MediaTypes-6.01/blib/arch:/usr/home/cpan/pit/bare/conf/perl-5.8.9/.cpanplus/5.8.9/build/URI-1.58/blib/lib:/usr/home/cpan/pit/bare/conf/perl-5.8.9/.cpanplus/5.8.9/build/URI-1.58/blib/arch:/usr/home/cpan/pit/bare/conf/perl-5.8.9/.cpanplus/5.8.9/build/HTTP-Message-6.02/blib/lib:/usr/home/cpan/pit/bare/conf/perl-5.8.9/.cpanplus/5.8.9/build/HTTP-Message-6.02/blib/arch:/usr/home/cpan/pit/bare/conf/perl-5.8.9/.cpanplus/5.8.9/build/HTTP-Cookies-6.00/blib/lib:/usr/home/cpan/pit/bare/conf/perl-5.8.9/.cpanplus/5.8.9/build/HTTP-Cookies-6.00/blib/arch:/usr/home/cpan/pit/bare/conf/perl-5.8.9/.cpanplus/5.8.9/build/HTTP-Daemon-6.00/blib/lib:/usr/home/cpan/pit/bare/conf/perl-5.8.9/.cpanplus/5.8.9/build/HTTP-Daemon-6.00/blib/arch:/usr/home/cpan/pit/bare/conf/perl-5.8.9/.cpanplus/5.8.9/build/HTTP-Negotiate-6.00/blib/lib:/usr/home/cpan/pit/bare/conf/perl-5.8.9/.cpanplus/5.8.9/build/HTTP-Negotiate-6.00/blib/arch:/usr/home/cpan/pit/bare/conf/perl-5.8.9/.cpanplus/5.8.9/build/Net-HTTP-6.01/blib/lib:/usr/home/cpan/pit/bare/conf/perl-5.8.9/.cpanplus/5.8.9/build/Net-HTTP-6.01/blib/arch:/usr/home/cpan/pit/bare/conf/perl-5.8.9/.cpanplus/5.8.9/build/WWW-RobotRules-6.01/blib/lib:/usr/home/cpan/pit/bare/conf/perl-5.8.9/.cpanplus/5.8.9/build/WWW-RobotRules-6.01/blib/arch:/usr/home/cpan/pit/bare/conf/perl-5.8.9/.cpanplus/5.8.9/build/libwww-perl-6.02/blib/lib:/usr/home/cpan/pit/bare/conf/perl-5.8.9/.cpanplus/5.8.9/build/libwww-perl-6.02/blib/arch:/usr/home/cpan/pit/bare/conf/perl-5.8.9/.cpanplus/5.8.9/build/AppConfig-1.66/blib/lib:/usr/home/cpan/pit/bare/conf/perl-5.8.9/.cpanplus/5.8.9/build/AppConfig-1.66/blib/arch:/usr/home/cpan/pit/bare/conf/perl-5.8.9/.cpanplus/5.8.9/build/Template-Toolkit-2.22/blib/lib:/usr/home/cpan/pit/bare/conf/perl-5.8.9/.cpanplus/5.8.9/build/Template-Toolkit-2.22/blib/arch:/usr/home/cpan/pit/bare/conf/perl-5.8.9/.cpanplus/5.8.9/build/Template-Provider-Encoding-0.10/blib/lib:/usr/home/cpan/pit/bare/conf/perl-5.8.9/.cpanplus/5.8.9/build/Template-Provider-Encoding-0.10/blib/arch:/usr/home/cpan/pit/bare/conf/perl-5.8.9/.cpanplus/5.8.9/build/Text-Tags-0.04/blib/lib:/usr/home/cpan/pit/bare/conf/perl-5.8.9/.cpanplus/5.8.9/build/Text-Tags-0.04/blib/arch:/usr/home/cpan/pit/bare/conf/perl-5.8.9/.cpanplus/5.8.9/build/UNIVERSAL-require-0.13/blib/lib:/usr/home/cpan/pit/bare/conf/perl-5.8.9/.cpanplus/5.8.9/build/UNIVERSAL-require-0.13/blib/arch:/usr/home/cpan/pit/bare/conf/perl-5.8.9/.cpanplus/5.8.9/build/YAML-0.73/blib/lib:/usr/home/cpan/pit/bare/conf/perl-5.8.9/.cpanplus/5.8.9/build/YAML-0.73/blib/arch:/usr/home/cpan/pit/bare/conf/perl-5.8.9/.cpanplus/5.8.9/build/XML-Parser-2.40/blib/lib:/usr/home/cpan/pit/bare/conf/perl-5.8.9/.cpanplus/5.8.9/build/XML-Parser-2.40/blib/arch"
    PERL5_CPANPLUS_IS_RUNNING="33524"
    PERL5_CPANPLUS_IS_VERSION="0.9104"
    PERL5_MINISMOKEBOX="0.44"
    PERL5_YACSMOKE_BASE="/usr/home/cpan/pit/bare/conf/perl-5.8.9"
    PERL_EXTUTILS_AUTOINSTALL="--defaultdeps"
    PERL_MM_USE_DEFAULT="1"
    PERL_READLINE_NOWARN="1"
  @INC:
    /usr/home/cpan/pit/bare/conf/perl-5.8.9/.cpanplus/5.8.9/build/Class-Accessor-0.34/blib/lib
    /usr/home/cpan/pit/bare/conf/perl-5.8.9/.cpanplus/5.8.9/build/Class-Accessor-0.34/blib/arch
    /usr/home/cpan/pit/bare/conf/perl-5.8.9/.cpanplus/5.8.9/build/List-MoreUtils-0.30/blib/lib
    /usr/home/cpan/pit/bare/conf/perl-5.8.9/.cpanplus/5.8.9/build/List-MoreUtils-0.30/blib/arch
    /usr/home/cpan/pit/bare/conf/perl-5.8.9/.cpanplus/5.8.9/build/Attribute-Handlers-0.88/blib/lib
    /usr/home/cpan/pit/bare/conf/perl-5.8.9/.cpanplus/5.8.9/build/Attribute-Handlers-0.88/blib/arch
    /usr/home/cpan/pit/bare/conf/perl-5.8.9/.cpanplus/5.8.9/build/Params-Validate-0.98/blib/lib
    /usr/home/cpan/pit/bare/conf/perl-5.8.9/.cpanplus/5.8.9/build/Params-Validate-0.98/blib/arch
    /usr/home/cpan/pit/bare/conf/perl-5.8.9/.cpanplus/5.8.9/build/DateTime-Locale-0.45/blib/lib
    /usr/home/cpan/pit/bare/conf/perl-5.8.9/.cpanplus/5.8.9/build/DateTime-Locale-0.45/blib/arch
    /usr/home/cpan/pit/bare/conf/perl-5.8.9/.cpanplus/5.8.9/build/Try-Tiny-0.09/blib/lib
    /usr/home/cpan/pit/bare/conf/perl-5.8.9/.cpanplus/5.8.9/build/Try-Tiny-0.09/blib/arch
    /usr/home/cpan/pit/bare/conf/perl-5.8.9/.cpanplus/5.8.9/build/Test-Fatal-0.005/blib/lib
    /usr/home/cpan/pit/bare/conf/perl-5.8.9/.cpanplus/5.8.9/build/Test-Fatal-0.005/blib/arch
    /usr/home/cpan/pit/bare/conf/perl-5.8.9/.cpanplus/5.8.9/build/Class-Load-0.06/blib/lib
    /usr/home/cpan/pit/bare/conf/perl-5.8.9/.cpanplus/5.8.9/build/Class-Load-0.06/blib/arch
    /usr/home/cpan/pit/bare/conf/perl-5.8.9/.cpanplus/5.8.9/build/Class-Singleton-1.4/blib/lib
    /usr/home/cpan/pit/bare/conf/perl-5.8.9/.cpanplus/5.8.9/build/Class-Singleton-1.4/blib/arch
    /usr/home/cpan/pit/bare/conf/perl-5.8.9/.cpanplus/5.8.9/build/parent-0.225/blib/lib
    /usr/home/cpan/pit/bare/conf/perl-5.8.9/.cpanplus/5.8.9/build/parent-0.225/blib/arch
    /usr/home/cpan/pit/bare/conf/perl-5.8.9/.cpanplus/5.8.9/build/DateTime-TimeZone-1.34/blib/lib
    /usr/home/cpan/pit/bare/conf/perl-5.8.9/.cpanplus/5.8.9/build/DateTime-TimeZone-1.34/blib/arch
    /usr/home/cpan/pit/bare/conf/perl-5.8.9/.cpanplus/5.8.9/build/Math-Round-0.06/blib/lib
    /usr/home/cpan/pit/bare/conf/perl-5.8.9/.cpanplus/5.8.9/build/Math-Round-0.06/blib/arch
    /usr/home/cpan/pit/bare/conf/perl-5.8.9/.cpanplus/5.8.9/build/Sub-Uplevel-0.22/blib/lib
    /usr/home/cpan/pit/bare/conf/perl-5.8.9/.cpanplus/5.8.9/build/Sub-Uplevel-0.22/blib/arch
    /usr/home/cpan/pit/bare/conf/perl-5.8.9/.cpanplus/5.8.9/build/Test-Exception-0.31/blib/lib
    /usr/home/cpan/pit/bare/conf/perl-5.8.9/.cpanplus/5.8.9/build/Test-Exception-0.31/blib/arch
    /usr/home/cpan/pit/bare/conf/perl-5.8.9/.cpanplus/5.8.9/build/DateTime-0.68/blib/lib
    /usr/home/cpan/pit/bare/conf/perl-5.8.9/.cpanplus/5.8.9/build/DateTime-0.68/blib/arch
    /usr/home/cpan/pit/bare/conf/perl-5.8.9/.cpanplus/5.8.9/build/DateTime-Format-Mail-0.3001/blib/lib
    /usr/home/cpan/pit/bare/conf/perl-5.8.9/.cpanplus/5.8.9/build/DateTime-Format-Mail-0.3001/blib/arch
    /usr/home/cpan/pit/bare/conf/perl-5.8.9/.cpanplus/5.8.9/build/DateTime-Format-Strptime-1.5000/blib/lib
    /usr/home/cpan/pit/bare/conf/perl-5.8.9/.cpanplus/5.8.9/build/DateTime-Format-Strptime-1.5000/blib/arch
    /usr/home/cpan/pit/bare/conf/perl-5.8.9/.cpanplus/5.8.9/build/DateTime-Format-W3CDTF-0.06/blib/lib
    /usr/home/cpan/pit/bare/conf/perl-5.8.9/.cpanplus/5.8.9/build/DateTime-Format-W3CDTF-0.06/blib/arch
    /usr/home/cpan/pit/bare/conf/perl-5.8.9/.cpanplus/5.8.9/build/Number-Compare-0.01/blib/lib
    /usr/home/cpan/pit/bare/conf/perl-5.8.9/.cpanplus/5.8.9/build/Number-Compare-0.01/blib/arch
    /usr/home/cpan/pit/bare/conf/perl-5.8.9/.cpanplus/5.8.9/build/Text-Glob-0.09/blib/lib
    /usr/home/cpan/pit/bare/conf/perl-5.8.9/.cpanplus/5.8.9/build/Text-Glob-0.09/blib/arch
    /usr/home/cpan/pit/bare/conf/perl-5.8.9/.cpanplus/5.8.9/build/File-Find-Rule-0.32/blib/lib
    /usr/home/cpan/pit/bare/conf/perl-5.8.9/.cpanplus/5.8.9/build/File-Find-Rule-0.32/blib/arch
    /usr/home/cpan/pit/bare/conf/perl-5.8.9/.cpanplus/5.8.9/build/Encode-Locale-1.02/blib/lib
    /usr/home/cpan/pit/bare/conf/perl-5.8.9/.cpanplus/5.8.9/build/Encode-Locale-1.02/blib/arch
    /usr/home/cpan/pit/bare/conf/perl-5.8.9/.cpanplus/5.8.9/build/HTTP-Date-6.00/blib/lib
    /usr/home/cpan/pit/bare/conf/perl-5.8.9/.cpanplus/5.8.9/build/HTTP-Date-6.00/blib/arch
    /usr/home/cpan/pit/bare/conf/perl-5.8.9/.cpanplus/5.8.9/build/File-Listing-6.02/blib/lib
    /usr/home/cpan/pit/bare/conf/perl-5.8.9/.cpanplus/5.8.9/build/File-Listing-6.02/blib/arch
    /usr/home/cpan/pit/bare/conf/perl-5.8.9/.cpanplus/5.8.9/build/HTML-Tagset-3.20/blib/lib
    /usr/home/cpan/pit/bare/conf/perl-5.8.9/.cpanplus/5.8.9/build/HTML-Tagset-3.20/blib/arch
    /usr/home/cpan/pit/bare/conf/perl-5.8.9/.cpanplus/5.8.9/build/HTML-Parser-3.68/blib/lib
    /usr/home/cpan/pit/bare/conf/perl-5.8.9/.cpanplus/5.8.9/build/HTML-Parser-3.68/blib/arch
    /usr/home/cpan/pit/bare/conf/perl-5.8.9/.cpanplus/5.8.9/build/LWP-MediaTypes-6.01/blib/lib
    /usr/home/cpan/pit/bare/conf/perl-5.8.9/.cpanplus/5.8.9/build/LWP-MediaTypes-6.01/blib/arch
    /usr/home/cpan/pit/bare/conf/perl-5.8.9/.cpanplus/5.8.9/build/URI-1.58/blib/lib
    /usr/home/cpan/pit/bare/conf/perl-5.8.9/.cpanplus/5.8.9/build/URI-1.58/blib/arch
    /usr/home/cpan/pit/bare/conf/perl-5.8.9/.cpanplus/5.8.9/build/HTTP-Message-6.02/blib/lib
    /usr/home/cpan/pit/bare/conf/perl-5.8.9/.cpanplus/5.8.9/build/HTTP-Message-6.02/blib/arch
    /usr/home/cpan/pit/bare/conf/perl-5.8.9/.cpanplus/5.8.9/build/HTTP-Cookies-6.00/blib/lib
    /usr/home/cpan/pit/bare/conf/perl-5.8.9/.cpanplus/5.8.9/build/HTTP-Cookies-6.00/blib/arch
    /usr/home/cpan/pit/bare/conf/perl-5.8.9/.cpanplus/5.8.9/build/HTTP-Daemon-6.00/blib/lib
    /usr/home/cpan/pit/bare/conf/perl-5.8.9/.cpanplus/5.8.9/build/HTTP-Daemon-6.00/blib/arch
    /usr/home/cpan/pit/bare/conf/perl-5.8.9/.cpanplus/5.8.9/build/HTTP-Negotiate-6.00/blib/lib
    /usr/home/cpan/pit/bare/conf/perl-5.8.9/.cpanplus/5.8.9/build/HTTP-Negotiate-6.00/blib/arch
    /usr/home/cpan/pit/bare/conf/perl-5.8.9/.cpanplus/5.8.9/build/Net-HTTP-6.01/blib/lib
    /usr/home/cpan/pit/bare/conf/perl-5.8.9/.cpanplus/5.8.9/build/Net-HTTP-6.01/blib/arch
    /usr/home/cpan/pit/bare/conf/perl-5.8.9/.cpanplus/5.8.9/build/WWW-RobotRules-6.01/blib/lib
    /usr/home/cpan/pit/bare/conf/perl-5.8.9/.cpanplus/5.8.9/build/WWW-RobotRules-6.01/blib/arch
    /usr/home/cpan/pit/bare/conf/perl-5.8.9/.cpanplus/5.8.9/build/libwww-perl-6.02/blib/lib
    /usr/home/cpan/pit/bare/conf/perl-5.8.9/.cpanplus/5.8.9/build/libwww-perl-6.02/blib/arch
    /usr/home/cpan/pit/bare/conf/perl-5.8.9/.cpanplus/5.8.9/build/AppConfig-1.66/blib/lib
    /usr/home/cpan/pit/bare/conf/perl-5.8.9/.cpanplus/5.8.9/build/AppConfig-1.66/blib/arch
    /usr/home/cpan/pit/bare/conf/perl-5.8.9/.cpanplus/5.8.9/build/Template-Toolkit-2.22/blib/lib
    /usr/home/cpan/pit/bare/conf/perl-5.8.9/.cpanplus/5.8.9/build/Template-Toolkit-2.22/blib/arch
    /usr/home/cpan/pit/bare/conf/perl-5.8.9/.cpanplus/5.8.9/build/Template-Provider-Encoding-0.10/blib/lib
    /usr/home/cpan/pit/bare/conf/perl-5.8.9/.cpanplus/5.8.9/build/Template-Provider-Encoding-0.10/blib/arch
    /usr/home/cpan/pit/bare/conf/perl-5.8.9/.cpanplus/5.8.9/build/Text-Tags-0.04/blib/lib
    /usr/home/cpan/pit/bare/conf/perl-5.8.9/.cpanplus/5.8.9/build/Text-Tags-0.04/blib/arch
    /usr/home/cpan/pit/bare/conf/perl-5.8.9/.cpanplus/5.8.9/build/UNIVERSAL-require-0.13/blib/lib
    /usr/home/cpan/pit/bare/conf/perl-5.8.9/.cpanplus/5.8.9/build/UNIVERSAL-require-0.13/blib/arch
    /usr/home/cpan/pit/bare/conf/perl-5.8.9/.cpanplus/5.8.9/build/YAML-0.73/blib/lib
    /usr/home/cpan/pit/bare/conf/perl-5.8.9/.cpanplus/5.8.9/build/YAML-0.73/blib/arch
    /usr/home/cpan/pit/bare/conf/perl-5.8.9/.cpanplus/5.8.9/build/XML-Parser-2.40/blib/lib
    /usr/home/cpan/pit/bare/conf/perl-5.8.9/.cpanplus/5.8.9/build/XML-Parser-2.40/blib/arch
    /usr/home/cpan/pit/bare/perl-5.8.9/lib/5.8.9/amd64-freebsd
    /usr/home/cpan/pit/bare/perl-5.8.9/lib/5.8.9
    /usr/home/cpan/pit/bare/perl-5.8.9/lib/site_perl/5.8.9/amd64-freebsd
    /usr/home/cpan/pit/bare/perl-5.8.9/lib/site_perl/5.8.9
    .