Back
From: metabase:user:320bfe00-2aae-11df-837a-5e0a49663a4f
Subject: FAIL Net-IP-Identifier-0.106 v5.8.9 GNU/Linux
Date: 2015-05-25T22:19:53Z
This distribution has been tested as part of the CPAN Testers
project, supporting the Perl programming language. See
http://wiki.cpantesters.org/ for more information or email
questions to cpan-testers-discuss@perl.org
--
Dear Reid Augustin,
This is a computer-generated report for Net-IP-Identifier-0.106
on perl 5.8.9, created by CPAN-Reporter-1.2014.
Thank you for uploading your work to CPAN. However, there was a problem
testing your distribution.
If you think this report is invalid, please consult the CPAN Testers Wiki
for suggestions on how to avoid getting FAIL reports for missing library
or binary dependencies, unsupported operating systems, and so on:
http://wiki.cpantesters.org/wiki/CPANAuthorNotes
Sections of this report:
* Tester comments
* Program output
* Prerequisites
* Environment and other context
------------------------------
TESTER COMMENTS
------------------------------
Additional comments from tester:
this report is from an automated smoke testing program
and was not reviewed by a human for accuracy
------------------------------
PROGRAM OUTPUT
------------------------------
Output from '/usr/bin/make test':
PERL_DL_NONLAZY=1 "/home/sand/src/perl/repoperls/installed-perls/perl/perl-5.8.9/165a/bin/perl" "-MExtUtils::Command::MM" "-MTest::Harness" "-e" "undef *Test::Harness::Switches; test_harness(0, 'blib/lib', 'blib/arch')" t/*.t
t/010node.t ........ ok
# Failed test 'use Net::IP::Identifier;'
# at t/100base.t line 18.
# Tried to use 'Net::IP::Identifier'.
# Error: Type of arg 1 to shift must be array (not concatenation (.) or string) at /tmp/loop_over_bdir-25865-rcDkKU/Net-IP-Identifier-0.106-EAD58j/blib/lib/Net/IP/Identifier.pm line 133, near "@ARGV;"
# Compilation failed in require at t/100base.t line 18.
# BEGIN failed--compilation aborted at t/100base.t line 18.
Undefined subroutine &Net::IP::Identifier::identify called at t/100base.t line 23.
# Looks like you planned 14 tests but ran 2.
# Looks like you failed 1 test of 2 run.
# Looks like your test exited with 255 just after 2.
t/100base.t ........
Dubious, test returned 255 (wstat 65280, 0xff00)
Failed 13/14 subtests
# Failed test 'use Net::IP::Identifier;'
# at t/103overlap.t line 91.
# Tried to use 'Net::IP::Identifier'.
# Error: Type of arg 1 to shift must be array (not concatenation (.) or string) at /tmp/loop_over_bdir-25865-rcDkKU/Net-IP-Identifier-0.106-EAD58j/blib/lib/Net/IP/Identifier.pm line 133, near "@ARGV;"
# Compilation failed in require at t/103overlap.t line 91.
# BEGIN failed--compilation aborted at t/103overlap.t line 91.
Undefined subroutine &Net::IP::Identifier::identify called at t/103overlap.t line 148.
# Looks like you planned 13 tests but ran 2.
# Looks like you failed 1 test of 2 run.
# Looks like your test exited with 255 just after 2.
t/103overlap.t .....
Dubious, test returned 255 (wstat 65280, 0xff00)
Failed 12/13 subtests
# Failed test 'use Net::IP::Identifier;'
# at t/120range.t line 48.
# Tried to use 'Net::IP::Identifier'.
# Error: Type of arg 1 to shift must be array (not concatenation (.) or string) at /tmp/loop_over_bdir-25865-rcDkKU/Net-IP-Identifier-0.106-EAD58j/blib/lib/Net/IP/Identifier.pm line 133, near "@ARGV;"
# Compilation failed in require at t/120range.t line 48.
# BEGIN failed--compilation aborted at t/120range.t line 48.
Undefined subroutine &Net::IP::Identifier::identify called at t/120range.t line 65.
# Looks like you planned 25 tests but ran 2.
# Looks like you failed 1 test of 2 run.
# Looks like your test exited with 255 just after 2.
t/120range.t .......
Dubious, test returned 255 (wstat 65280, 0xff00)
Failed 24/25 subtests
t/author-critic.t .. skipped: these tests are for testing by the author
Test Summary Report
-------------------
t/100base.t (Wstat: 65280 Tests: 2 Failed: 1)
Failed test: 1
Non-zero exit status: 255
Parse errors: Bad plan. You planned 14 tests but ran 2.
t/103overlap.t (Wstat: 65280 Tests: 2 Failed: 1)
Failed test: 1
Non-zero exit status: 255
Parse errors: Bad plan. You planned 13 tests but ran 2.
t/120range.t (Wstat: 65280 Tests: 2 Failed: 1)
Failed test: 1
Non-zero exit status: 255
Parse errors: Bad plan. You planned 25 tests but ran 2.
Files=5, Tests=22, 1 wallclock secs ( 0.03 usr 0.04 sys + 0.37 cusr 0.10 csys = 0.54 CPU)
Result: FAIL
Failed 3/5 test programs. 3/22 subtests failed.
Makefile:1114: recipe for target 'test_dynamic' failed
make: *** [test_dynamic] Error 255
------------------------------
PREREQUISITES
------------------------------
Prerequisite modules loaded:
requires:
Module Need Have
------------------- ---- ----------
Carp 0 1.36
DBI 0 1.633
File::Spec 0 3.47
Getopt::Long 0 2.45
IPC::Run 0 0.94
Math::BigInt 0 1.9993
Module::Pluggable 0 5.1
Moo 0 2.000001
namespace::clean 0 0.25
Net::IP 0 1.26
overload 0 1.06
parent 0 0.233
Regexp::Common 0 2013031301
Role::Tiny 0 2.000001
Role::Tiny::With 0 2.000001
strict 0 1.03
Try::Tiny 0 0.22
warnings 0 1.05_01
build_requires:
Module Need Have
------------------- ---- ----------
ExtUtils::MakeMaker 0 7.04
Test::More 0 1.001014
configure_requires:
Module Need Have
------------------- ---- ----------
ExtUtils::MakeMaker 0 7.04
------------------------------
ENVIRONMENT AND OTHER CONTEXT
------------------------------
Environment variables:
AUTOMATED_TESTING = 1
LANG = en_US.UTF-8
LANGUAGE = en_US:en
PATH = /home/sand/bin:/usr/local/bin:/usr/bin:/bin:/usr/games:/usr/local/perl/bin:/usr/X11/bin:/sbin:/usr/sbin
PERL5LIB =
PERL5OPT =
PERL5_CPANPLUS_IS_RUNNING = 25866
PERL5_CPAN_IS_RUNNING = 25866
PERL_MM_USE_DEFAULT = 1
SHELL = /usr/bin/zsh
TERM = screen
Perl special variables (and OS-specific diagnostics, for MSWin32):
$^X = /home/sand/src/perl/repoperls/installed-perls/perl/perl-5.8.9/165a/bin/perl
$UID/$EUID = 1005 / 1005
$GID = 1005 1005
$EGID = 1005 1005
Perl module toolchain versions installed:
Module Have
------------------- --------
CPAN 2.10
CPAN::Meta 2.150001
Cwd 3.47
ExtUtils::CBuilder 0.280220
ExtUtils::Command 1.16
ExtUtils::Install 1.54
ExtUtils::MakeMaker 7.04
ExtUtils::Manifest 1.70
ExtUtils::ParseXS 3.24
File::Spec 3.47
JSON 2.90
JSON::PP 2.27203
Module::Build 0.4212
Module::Signature 0.79
Parse::CPAN::Meta 1.4416
Test::Harness 3.35
Test::More 1.001014
YAML 1.15
YAML::Syck 1.29
version 0.9912
--
Summary of my perl5 (revision 5 version 8 subversion 9) configuration:
Platform:
osname=linux, osvers=4.0.0-1-amd64, archname=x86_64-linux
uname='linux k83 4.0.0-1-amd64 #1 smp debian 4.0.2-1 (2015-05-11) x86_64 gnulinux '
config_args='-Dprefix=/home/sand/src/perl/repoperls/installed-perls/perl/perl-5.8.9/165a -Dmyhostname=k83 -Dinstallusrbinperl=n -Uversiononly -Dusedevel -des -Ui_db -Uuseithreads -Uuselongdouble -DDEBUGGING=-g'
hint=recommended, useposix=true, d_sigaction=define
usethreads=undef use5005threads=undef useithreads=undef usemultiplicity=undef
useperlio=define d_sfio=undef uselargefiles=define usesocks=undef
use64bitint=define use64bitall=define uselongdouble=undef
usemymalloc=n, bincompat5005=undef
Compiler:
cc='cc', ccflags ='-fno-strict-aliasing -pipe -I/usr/local/include -D_LARGEFILE_SOURCE -D_FILE_OFFSET_BITS=64',
optimize='-O2 -g',
cppflags='-fno-strict-aliasing -pipe -I/usr/local/include'
ccversion='', gccversion='4.9.2', gccosandvers=''
intsize=4, longsize=8, ptrsize=8, doublesize=8, byteorder=12345678
d_longlong=define, longlongsize=8, d_longdbl=define, longdblsize=16
ivtype='long', ivsize=8, nvtype='double', nvsize=8, Off_t='off_t', lseeksize=8
alignbytes=8, prototype=define
Linker and Libraries:
ld='cc', ldflags =' -L/usr/local/lib'
libpth=/usr/local/lib /lib/x86_64-linux-gnu /lib/../lib /usr/lib/x86_64-linux-gnu /usr/lib/../lib /lib /usr/lib
libs=-lnsl -lgdbm -ldb -ldl -lm -lcrypt -lutil -lc -lgdbm_compat
perllibs=-lnsl -ldl -lm -lcrypt -lutil -lc -lgdbm_compat
libc=libc-2.19.so, so=so, useshrplib=false, libperl=libperl.a
gnulibc_version='2.19'
Dynamic Linking:
dlsrc=dl_dlopen.xs, dlext=so, d_dlsymun=undef, ccdlflags='-Wl,-E'
cccdlflags='-fPIC', lddlflags='-shared -O2 -g -L/usr/local/lib'
Characteristics of this binary (from libperl):
Compile-time options: PERL_MALLOC_WRAP USE_64_BIT_ALL USE_64_BIT_INT
USE_FAST_STDIO USE_LARGE_FILES USE_PERLIO
Built under linux
Compiled at May 14 2015 10:27:31
%ENV:
PERL5LIB=""
PERL5OPT=""
PERL5_CPANPLUS_IS_RUNNING="25866"
PERL5_CPAN_IS_RUNNING="25866"
PERL_MM_USE_DEFAULT="1"
@INC:
/home/sand/src/perl/repoperls/installed-perls/perl/perl-5.8.9/165a/lib/5.8.9/x86_64-linux
/home/sand/src/perl/repoperls/installed-perls/perl/perl-5.8.9/165a/lib/5.8.9
/home/sand/src/perl/repoperls/installed-perls/perl/perl-5.8.9/165a/lib/site_perl/5.8.9/x86_64-linux
/home/sand/src/perl/repoperls/installed-perls/perl/perl-5.8.9/165a/lib/site_perl/5.8.9
.