Back
From: metabase:user:320bfe00-2aae-11df-837a-5e0a49663a4f
Subject: FAIL Time-Format-1.12 v5.21.11 GNU/Linux
Date: 2015-03-31T02:18:06Z
This distribution has been tested as part of the CPAN Testers
project, supporting the Perl programming language. See
http://wiki.cpantesters.org/ for more information or email
questions to cpan-testers-discuss@perl.org
--
Dear Eric J. Roode,
This is a computer-generated report for Time-Format-1.12
on perl 5.21.11, created by CPAN-Reporter-1.2011.
Thank you for uploading your work to CPAN. However, there was a problem
testing your distribution.
If you think this report is invalid, please consult the CPAN Testers Wiki
for suggestions on how to avoid getting FAIL reports for missing library
or binary dependencies, unsupported operating systems, and so on:
http://wiki.cpantesters.org/wiki/CPANAuthorNotes
Sections of this report:
* Tester comments
* Program output
* Prerequisites
* Environment and other context
------------------------------
TESTER COMMENTS
------------------------------
Additional comments from tester:
this report is from an automated smoke testing program
and was not reviewed by a human for accuracy
------------------------------
PROGRAM OUTPUT
------------------------------
Output from './Build test':
t/0-signature.t .. ok
t/1-load.t ....... ok
t/DateManip.t .... ok
t/DateTime.t ..... ok
t/die.t .......... ok
Can't locate package Date::Manip::Obj for @Date::Manip::TZ::ISA at /home/sand/src/perl/repoperls/installed-perls/host/k83x386w/v5.21.10-46-gcb74824/37ba/lib/site_perl/5.21.11/Date/Manip/TZ.pm line 1391, <DATA> line 1.
Can't locate package Date::Manip::TZ_Base for @Date::Manip::TZ::ISA at /home/sand/src/perl/repoperls/installed-perls/host/k83x386w/v5.21.10-46-gcb74824/37ba/lib/site_perl/5.21.11/Date/Manip/TZ.pm line 1391, <DATA> line 1.
Can't locate package Date::Manip::Obj for @Date::Manip::TZ::ISA at /home/sand/src/perl/repoperls/installed-perls/host/k83x386w/v5.21.10-46-gcb74824/37ba/lib/site_perl/5.21.11/Date/Manip/TZ.pm line 1391, <DATA> line 1.
Can't locate package Date::Manip::TZ_Base for @Date::Manip::TZ::ISA at /home/sand/src/perl/repoperls/installed-perls/host/k83x386w/v5.21.10-46-gcb74824/37ba/lib/site_perl/5.21.11/Date/Manip/TZ.pm line 1391, <DATA> line 1.
Can't locate object method "_now" via package "Date::Manip::TZ" at /home/sand/src/perl/repoperls/installed-perls/host/k83x386w/v5.21.10-46-gcb74824/37ba/lib/site_perl/5.21.11/Date/Manip/TZ.pm line 1391, <DATA> line 1.
# Looks like you planned 26 tests but ran 23.
# Looks like your test exited with 255 just after 23.
t/doc.t ..........
Dubious, test returned 255 (wstat 65280, 0xff00)
Failed 3/26 subtests
t/epoch.t ........ ok
t/export1.t ...... ok
t/export2.t ...... ok
t/export3.t ...... ok
Can't locate package Date::Manip::Obj for @Date::Manip::TZ::ISA at /home/sand/src/perl/repoperls/installed-perls/host/k83x386w/v5.21.10-46-gcb74824/37ba/lib/site_perl/5.21.11/Date/Manip/Date.pm line 1998, <DATA> line 1.
Can't locate package Date::Manip::TZ_Base for @Date::Manip::TZ::ISA at /home/sand/src/perl/repoperls/installed-perls/host/k83x386w/v5.21.10-46-gcb74824/37ba/lib/site_perl/5.21.11/Date/Manip/Date.pm line 1998, <DATA> line 1.
Can't locate package Date::Manip::Obj for @Date::Manip::TZ::ISA at /home/sand/src/perl/repoperls/installed-perls/host/k83x386w/v5.21.10-46-gcb74824/37ba/lib/site_perl/5.21.11/Date/Manip/Date.pm line 1998, <DATA> line 1.
Can't locate package Date::Manip::TZ_Base for @Date::Manip::TZ::ISA at /home/sand/src/perl/repoperls/installed-perls/host/k83x386w/v5.21.10-46-gcb74824/37ba/lib/site_perl/5.21.11/Date/Manip/Date.pm line 1998, <DATA> line 1.
Can't locate object method "_fix_year" via package "Date::Manip::TZ" at /home/sand/src/perl/repoperls/installed-perls/host/k83x386w/v5.21.10-46-gcb74824/37ba/lib/site_perl/5.21.11/Date/Manip/Date.pm line 1998, <DATA> line 1.
# Looks like you planned 18 tests but ran 12.
# Looks like your test exited with 255 just after 12.
t/funcs.t ........
Dubious, test returned 255 (wstat 65280, 0xff00)
Failed 6/18 subtests
t/locale.t ....... ok
Can't locate package Date::Manip::Obj for @Date::Manip::TZ::ISA at /home/sand/src/perl/repoperls/installed-perls/host/k83x386w/v5.21.10-46-gcb74824/37ba/lib/site_perl/5.21.11/Date/Manip/Date.pm line 1998.
Can't locate package Date::Manip::TZ_Base for @Date::Manip::TZ::ISA at /home/sand/src/perl/repoperls/installed-perls/host/k83x386w/v5.21.10-46-gcb74824/37ba/lib/site_perl/5.21.11/Date/Manip/Date.pm line 1998.
Can't locate package Date::Manip::Obj for @Date::Manip::TZ::ISA at /home/sand/src/perl/repoperls/installed-perls/host/k83x386w/v5.21.10-46-gcb74824/37ba/lib/site_perl/5.21.11/Date/Manip/Date.pm line 1998.
Can't locate package Date::Manip::TZ_Base for @Date::Manip::TZ::ISA at /home/sand/src/perl/repoperls/installed-perls/host/k83x386w/v5.21.10-46-gcb74824/37ba/lib/site_perl/5.21.11/Date/Manip/Date.pm line 1998.
Can't locate object method "_fix_year" via package "Date::Manip::TZ" at /home/sand/src/perl/repoperls/installed-perls/host/k83x386w/v5.21.10-46-gcb74824/37ba/lib/site_perl/5.21.11/Date/Manip/Date.pm line 1998.
# Looks like you planned 6 tests but ran 1.
# Looks like your test exited with 255 just after 1.
t/manip.t ........
Dubious, test returned 255 (wstat 65280, 0xff00)
Failed 5/6 subtests
t/msec.t ......... ok
t/past.t ......... ok
t/quot.t ......... ok
t/strftime.t ..... ok
t/string.t ....... ok
t/time.t ......... ok
t/xs_DateTime.t .. ok
t/xs_doc.t ....... ok
t/xs_funcs.t ..... ok
t/xs_locale.t .... ok
t/xs_quot.t ...... ok
t/xs_time.t ...... ok
Test Summary Report
-------------------
t/doc.t (Wstat: 65280 Tests: 23 Failed: 0)
Non-zero exit status: 255
Parse errors: Bad plan. You planned 26 tests but ran 23.
t/funcs.t (Wstat: 65280 Tests: 12 Failed: 0)
Non-zero exit status: 255
Parse errors: Bad plan. You planned 18 tests but ran 12.
t/manip.t (Wstat: 65280 Tests: 1 Failed: 0)
Non-zero exit status: 255
Parse errors: Bad plan. You planned 6 tests but ran 1.
Files=25, Tests=459, 6 wallclock secs ( 0.09 usr 0.13 sys + 1.39 cusr 0.52 csys = 2.13 CPU)
Result: FAIL
Failed 3/25 test programs. 0/459 subtests failed.
------------------------------
PREREQUISITES
------------------------------
Prerequisite modules loaded:
requires:
Module Need Have
------------- ---- --------
Time::Local 1.07 1.2300
build_requires:
Module Need Have
------------- ---- --------
Test::Simple 0.40 1.001014
configure_requires:
Module Need Have
------------- ---- --------
Module::Build 0.4 0.4211
------------------------------
ENVIRONMENT AND OTHER CONTEXT
------------------------------
Environment variables:
AUTOMATED_TESTING = 1
LANG = C
PATH = /home/sand/bin:/usr/local/bin:/usr/bin:/bin:/usr/bin/X11:/usr/games:/usr/local/perl/bin:/usr/X11/bin:/sbin:/usr/sbin
PERL5LIB =
PERL5OPT =
PERL5_CPANPLUS_IS_RUNNING = 28117
PERL5_CPAN_IS_RUNNING = 28117
PERL_MM_USE_DEFAULT = 1
SHELL = /usr/bin/zsh
TERM = screen
Perl special variables (and OS-specific diagnostics, for MSWin32):
$^X = /home/sand/src/perl/repoperls/installed-perls/host/k83x386w/v5.21.10-46-gcb74824/37ba/bin/perl
$UID/$EUID = 1005 / 1005
$GID = 1005 1005
$EGID = 1005 1005
Perl module toolchain versions installed:
Module Have
------------------- --------
CPAN 2.10
CPAN::Meta 2.150001
Cwd 3.56
ExtUtils::CBuilder 0.280221
ExtUtils::Command 1.20
ExtUtils::Install 2.04
ExtUtils::MakeMaker 7.04
ExtUtils::Manifest 1.70
ExtUtils::ParseXS 3.28
File::Spec 3.56
JSON 2.90
JSON::PP 2.27300
Module::Build 0.4211
Module::Signature 0.73
Parse::CPAN::Meta 1.4414
Test::Harness 3.35
Test::More 1.001014
YAML 1.14
YAML::Syck 1.29
version 0.9909
--
Summary of my perl5 (revision 5 version 21 subversion 11) configuration:
Commit id: cb74824085db788b8cbf6dbde3c1f1f39d978811
Platform:
osname=linux, osvers=3.2.0-4-686-pae, archname=i686-linux-ld
uname='linux k83x386w 3.2.0-4-686-pae #1 smp debian 3.2.65-1+deb7u2 i686 gnulinux '
config_args='-Dprefix=/home/sand/src/perl/repoperls/installed-perls/host/k83x386w/v5.21.10-46-gcb74824/37ba -Dmyhostname=k83x386w -Dinstallusrbinperl=n -Uversiononly -Dusedevel -des -Ui_db -Uuseithreads -Duselongdouble -DDEBUGGING=-g'
hint=recommended, useposix=true, d_sigaction=define
useithreads=undef, usemultiplicity=undef
use64bitint=undef, use64bitall=undef, uselongdouble=define
usemymalloc=n, bincompat5005=undef
Compiler:
cc='cc', ccflags ='-fwrapv -fno-strict-aliasing -pipe -fstack-protector -I/usr/local/include -D_LARGEFILE_SOURCE -D_FILE_OFFSET_BITS=64 -D_FORTIFY_SOURCE=2',
optimize='-O2 -g',
cppflags='-fwrapv -fno-strict-aliasing -pipe -fstack-protector -I/usr/local/include'
ccversion='', gccversion='4.7.2', gccosandvers=''
intsize=4, longsize=4, ptrsize=4, doublesize=8, byteorder=1234, doublekind=3
d_longlong=define, longlongsize=8, d_longdbl=define, longdblsize=12, longdblkind=3
ivtype='long', ivsize=4, nvtype='long double', nvsize=12, Off_t='off_t', lseeksize=8
alignbytes=4, prototype=define
Linker and Libraries:
ld='cc', ldflags =' -fstack-protector -L/usr/local/lib'
libpth=/usr/local/lib /usr/lib/gcc/i486-linux-gnu/4.7/include-fixed /usr/include/i386-linux-gnu /usr/lib /lib/i386-linux-gnu /lib/../lib /usr/lib/i386-linux-gnu /usr/lib/../lib /lib
libs=-lpthread -lnsl -ldb -ldl -lm -lcrypt -lutil -lc
perllibs=-lpthread -lnsl -ldl -lm -lcrypt -lutil -lc
libc=libc-2.13.so, so=so, useshrplib=false, libperl=libperl.a
gnulibc_version='2.13'
Dynamic Linking:
dlsrc=dl_dlopen.xs, dlext=so, d_dlsymun=undef, ccdlflags='-Wl,-E'
cccdlflags='-fPIC', lddlflags='-shared -O2 -g -L/usr/local/lib -fstack-protector'
Characteristics of this binary (from libperl):
Compile-time options: HAS_TIMES PERLIO_LAYERS PERL_DONT_CREATE_GVSV
PERL_HASH_FUNC_ONE_AT_A_TIME_HARD PERL_MALLOC_WRAP
PERL_NEW_COPY_ON_WRITE PERL_PRESERVE_IVUV
PERL_USE_DEVEL USE_LARGE_FILES USE_LOCALE
USE_LOCALE_COLLATE USE_LOCALE_CTYPE
USE_LOCALE_NUMERIC USE_LOCALE_TIME USE_LONG_DOUBLE
USE_PERLIO USE_PERL_ATOF
Built under linux
Compiled at Mar 30 2015 22:00:46
%ENV:
PERL5LIB=""
PERL5OPT=""
PERL5_CPANPLUS_IS_RUNNING="28117"
PERL5_CPAN_IS_RUNNING="28117"
PERL_MM_USE_DEFAULT="1"
@INC:
/home/sand/src/perl/repoperls/installed-perls/host/k83x386w/v5.21.10-46-gcb74824/37ba/lib/site_perl/5.21.11/i686-linux-ld
/home/sand/src/perl/repoperls/installed-perls/host/k83x386w/v5.21.10-46-gcb74824/37ba/lib/site_perl/5.21.11
/home/sand/src/perl/repoperls/installed-perls/host/k83x386w/v5.21.10-46-gcb74824/37ba/lib/5.21.11/i686-linux-ld
/home/sand/src/perl/repoperls/installed-perls/host/k83x386w/v5.21.10-46-gcb74824/37ba/lib/5.21.11
.