MooseX-DataModel v1.01 Perl 5 v5.12.5 x86_64-linux

Status
Fail
From
Slaven Rezić (SREZIC)
Dist
MooseX-DataModel v1.01
Platform
Perl 5 v5.12.5 x86_64-linux
Date
2019-01-04 08:31:44
ID
2b4c8f1c-0ffb-11e9-bfb1-e40270741c51
This distribution has been tested as part of the CPAN Testers
project, supporting the Perl programming language.  See
http://wiki.cpantesters.org/ for more information or email
questions to cpan-testers-discuss@perl.org


--
Dear Jose Luis Martinez Torres,

This is a computer-generated report for MooseX-DataModel-1.01
on perl 5.12.5, created by CPAN-Reporter-1.2018.

Thank you for uploading your work to CPAN.  However, there was a problem
testing your distribution.

If you think this report is invalid, please consult the CPAN Testers Wiki
for suggestions on how to avoid getting FAIL reports for missing library
or binary dependencies, unsupported operating systems, and so on:

http://wiki.cpantesters.org/wiki/CPANAuthorNotes

Sections of this report:

    * Tester comments
    * Program output
    * Prerequisites
    * Environment and other context

------------------------------
TESTER COMMENTS
------------------------------

Additional comments from tester:

none provided

------------------------------
PROGRAM OUTPUT
------------------------------

Output from '/usr/bin/make test':

PERL_DL_NONLAZY=1 "/opt/perl-5.12.5/bin/perl" "-MExtUtils::Command::MM" "-MTest::Harness" "-e" "undef *Test::Harness::Switches; test_harness(0, 'blib/lib', 'blib/arch')" t/*.t
Invalid version format (non-numeric data) at t/02_requiredness.t line 6, near "package TestKeyNotRequired "
syntax error at t/02_requiredness.t line 7, near "package TestKeyNotRequired {
  "
Execution of t/02_requiredness.t aborted due to compilation errors.
t/02_requiredness.t ......... 
Dubious, test returned 255 (wstat 65280, 0xff00)
No subtests run 
Invalid version format (non-numeric data) at t/03_location.t line 6, near "package TestModel "
syntax error at t/03_location.t line 7, near "package TestModel {
  "
Execution of t/03_location.t aborted due to compilation errors.
t/03_location.t ............. 
Dubious, test returned 255 (wstat 65280, 0xff00)
No subtests run 
Invalid version format (non-numeric data) at t/04_arrays.t line 6, near "package TestModel "
syntax error at t/04_arrays.t line 7, near "package TestModel {
  "
Execution of t/04_arrays.t aborted due to compilation errors.
t/04_arrays.t ............... 
Dubious, test returned 255 (wstat 65280, 0xff00)
No subtests run 
Invalid version format (non-numeric data) at t/05_hashes.t line 6, near "package TestModel "
syntax error at t/05_hashes.t line 7, near "package TestModel {
  "
Execution of t/05_hashes.t aborted due to compilation errors.
t/05_hashes.t ............... 
Dubious, test returned 255 (wstat 65280, 0xff00)
No subtests run 
Invalid version format (non-numeric data) at t/06_validation.t line 11, near "package TestModel "
syntax error at t/06_validation.t line 12, near "package TestModel {
  "
Execution of t/06_validation.t aborted due to compilation errors.
t/06_validation.t ........... 
Dubious, test returned 255 (wstat 65280, 0xff00)
No subtests run 
Invalid version format (non-numeric data) at t/07_validation_inline.t line 7, near "package TestModel "
syntax error at t/07_validation_inline.t line 8, near "package TestModel {
  "
Execution of t/07_validation_inline.t aborted due to compilation errors.
t/07_validation_inline.t .... 
Dubious, test returned 255 (wstat 65280, 0xff00)
No subtests run 
Invalid version format (non-numeric data) at t/08_constructor.t line 6, near "package ResolveArgs "
syntax error at t/08_constructor.t line 7, near "package ResolveArgs {
  "
Execution of t/08_constructor.t aborted due to compilation errors.
t/08_constructor.t .......... 
Dubious, test returned 255 (wstat 65280, 0xff00)
No subtests run 
Invalid version format (non-numeric data) at t/09_validate_keys.t line 8, near "package TestModel "
syntax error at t/09_validate_keys.t line 9, near "package TestModel {
  "
Execution of t/09_validate_keys.t aborted due to compilation errors.
t/09_validate_keys.t ........ 
Dubious, test returned 255 (wstat 65280, 0xff00)
No subtests run 
Invalid version format (non-numeric data) at t/10_autotraits.t line 6, near "package TestModel "
syntax error at t/10_autotraits.t line 7, near "package TestModel {
  "
Execution of t/10_autotraits.t aborted due to compilation errors.
t/10_autotraits.t ........... 
Dubious, test returned 255 (wstat 65280, 0xff00)
No subtests run 
Invalid version format (non-numeric data) at t/11_validation_typetiny.t line 7, near "package TestModel "
syntax error at t/11_validation_typetiny.t line 8, near "package TestModel {
  "
Execution of t/11_validation_typetiny.t aborted due to compilation errors.
t/11_validation_typetiny.t .. 
Dubious, test returned 255 (wstat 65280, 0xff00)
No subtests run 
Invalid version format (non-numeric data) at t/12_conflictive_keys.t line 7, near "package TestModel "
syntax error at t/12_conflictive_keys.t line 8, near "package TestModel {
  "
Execution of t/12_conflictive_keys.t aborted due to compilation errors.
t/12_conflictive_keys.t ..... 
Dubious, test returned 255 (wstat 65280, 0xff00)
No subtests run 
Invalid version format (non-numeric data) at t/13_predeclaredcoercion.t line 15, near "package TestModel "
syntax error at t/13_predeclaredcoercion.t line 16, near "package TestModel {
  "
Execution of t/13_predeclaredcoercion.t aborted due to compilation errors.
t/13_predeclaredcoercion.t .. 
Dubious, test returned 255 (wstat 65280, 0xff00)
No subtests run 
Invalid version format (non-numeric data) at t/14_coercion.t line 8, near "package AnObject "
syntax error at t/14_coercion.t line 9, near "package AnObject {
  "
Execution of t/14_coercion.t aborted due to compilation errors.
t/14_coercion.t ............. 
Dubious, test returned 255 (wstat 65280, 0xff00)
No subtests run 
Invalid version format (non-numeric data) at t/15_booleans.t line 6, near "package TestModel "
syntax error at t/15_booleans.t line 7, near "package TestModel {
  "
Execution of t/15_booleans.t aborted due to compilation errors.
t/15_booleans.t ............. 
Dubious, test returned 255 (wstat 65280, 0xff00)
No subtests run 
Invalid version format (non-numeric data) at t/50_model.t line 18, near "package Test01 "
syntax error at t/50_model.t line 19, near "package Test01 {
  "
Execution of t/50_model.t aborted due to compilation errors.
t/50_model.t ................ 
Dubious, test returned 255 (wstat 65280, 0xff00)
No subtests run 

Test Summary Report
-------------------
t/02_requiredness.t       (Wstat: 65280 Tests: 0 Failed: 0)
  Non-zero exit status: 255
  Parse errors: No plan found in TAP output
t/03_location.t           (Wstat: 65280 Tests: 0 Failed: 0)
  Non-zero exit status: 255
  Parse errors: No plan found in TAP output
t/04_arrays.t             (Wstat: 65280 Tests: 0 Failed: 0)
  Non-zero exit status: 255
  Parse errors: No plan found in TAP output
t/05_hashes.t             (Wstat: 65280 Tests: 0 Failed: 0)
  Non-zero exit status: 255
  Parse errors: No plan found in TAP output
t/06_validation.t         (Wstat: 65280 Tests: 0 Failed: 0)
  Non-zero exit status: 255
  Parse errors: No plan found in TAP output
t/07_validation_inline.t  (Wstat: 65280 Tests: 0 Failed: 0)
  Non-zero exit status: 255
  Parse errors: No plan found in TAP output
t/08_constructor.t        (Wstat: 65280 Tests: 0 Failed: 0)
  Non-zero exit status: 255
  Parse errors: No plan found in TAP output
t/09_validate_keys.t      (Wstat: 65280 Tests: 0 Failed: 0)
  Non-zero exit status: 255
  Parse errors: No plan found in TAP output
t/10_autotraits.t         (Wstat: 65280 Tests: 0 Failed: 0)
  Non-zero exit status: 255
  Parse errors: No plan found in TAP output
t/11_validation_typetiny.t (Wstat: 65280 Tests: 0 Failed: 0)
  Non-zero exit status: 255
  Parse errors: No plan found in TAP output
t/12_conflictive_keys.t   (Wstat: 65280 Tests: 0 Failed: 0)
  Non-zero exit status: 255
  Parse errors: No plan found in TAP output
t/13_predeclaredcoercion.t (Wstat: 65280 Tests: 0 Failed: 0)
  Non-zero exit status: 255
  Parse errors: No plan found in TAP output
t/14_coercion.t           (Wstat: 65280 Tests: 0 Failed: 0)
  Non-zero exit status: 255
  Parse errors: No plan found in TAP output
t/15_booleans.t           (Wstat: 65280 Tests: 0 Failed: 0)
  Non-zero exit status: 255
  Parse errors: No plan found in TAP output
t/50_model.t              (Wstat: 65280 Tests: 0 Failed: 0)
  Non-zero exit status: 255
  Parse errors: No plan found in TAP output
Files=15, Tests=0,  1 wallclock secs ( 0.04 usr  0.07 sys +  0.62 cusr  0.15 csys =  0.88 CPU)
Result: FAIL
Failed 15/15 test programs. 0/0 subtests failed.
Makefile:855: recipe for target 'test_dynamic' failed
make: *** [test_dynamic] Error 255

------------------------------
PREREQUISITES
------------------------------

Prerequisite modules loaded:

requires:

    Module              Need Have    
    ------------------- ---- --------
    JSON::MaybeXS       0    1.004000
    Moose               0    2.2011  

build_requires:

    Module              Need Have    
    ------------------- ---- --------
    Data::Printer       0    0.40    
    ExtUtils::MakeMaker 0    7.34    
    Test::Exception     0    0.43    
    Test::More          0    1.302141
    Types::Standard     0    1.004002

configure_requires:

    Module              Need Have    
    ------------------- ---- --------
    ExtUtils::MakeMaker 0    7.34    


------------------------------
ENVIRONMENT AND OTHER CONTEXT
------------------------------

Environment variables:

    LANG = C
    PATH = /usr/local/bin:/usr/bin:/bin:/usr/local/sbin:/usr/sbin:/sbin:/home/cpansand/bin/linux-gnu:/home/cpansand/bin/sh:/home/cpansand/bin:/usr/games:/home/cpansand/devel:/home/eserte/src/srezic-misc/scripts
    PERL5LIB = 
    PERL5OPT = 
    PERL5_CPANPLUS_IS_RUNNING = 30761
    PERL5_CPAN_IS_RUNNING = 30761
    PERL5_CPAN_IS_RUNNING_IN_RECURSION = 30233,30761
    PERLDOC = -MPod::Perldoc::ToTextOverstrike
    PERL_BATCH = yes
    PERL_CANARY_STABILITY_NOPROMPT = 1
    PERL_CPAN_REPORTER_CONFIG = /var/tmp/cpansmoker-1023/2019010407/cpanreporter_001_config.ini
    PERL_EXTUTILS_AUTOINSTALL = --defaultdeps
    PERL_USE_UNSAFE_INC = 1
    SHELL = /usr/bin/zsh
    TERM = screen
    TMPDIR = /var/tmp/cpansmoker-1023/2019010407

Perl special variables (and OS-specific diagnostics, for MSWin32):

    $^X = /opt/perl-5.12.5/bin/perl
    $UID/$EUID = 1023 / 1023
    $GID = 1023 1023
    $EGID = 1023 1023

Perl module toolchain versions installed:

    Module              Have    
    ------------------- --------
    CPAN                2.22    
    CPAN::Meta          2.143240
    Cwd                 3.75    
    ExtUtils::CBuilder  0.27    
    ExtUtils::Command   7.34    
    ExtUtils::Install   2.06    
    ExtUtils::MakeMaker 7.34    
    ExtUtils::Manifest  1.70    
    ExtUtils::ParseXS   3.35    
    File::Spec          3.75    
    JSON                4.00    
    JSON::PP            4.00    
    Module::Build       0.4224  
    Module::Signature   n/a     
    Parse::CPAN::Meta   1.4414  
    Test::Harness       3.42    
    Test::More          1.302141
    YAML                1.27    
    YAML::Syck          1.31    
    version             0.9924  


--

Summary of my perl5 (revision 5 version 12 subversion 5) configuration:
   
  Platform:
    osname=linux, osvers=4.15.0-42-generic, archname=x86_64-linux
    uname='linux eserte 4.15.0-42-generic #45-ubuntu smp thu nov 15 19:32:57 utc 2018 x86_64 gnulinux '
    config_args='-ds -e -Dprefix=/opt/perl-5.12.5 -Dcf_email=srezic@cpan.org'
    hint=recommended, useposix=true, d_sigaction=define
    useithreads=undef, usemultiplicity=undef
    useperlio=define, d_sfio=undef, uselargefiles=define, usesocks=undef
    use64bitint=define, use64bitall=define, uselongdouble=undef
    usemymalloc=n, bincompat5005=undef
  Compiler:
    cc='cc', ccflags ='-fno-strict-aliasing -pipe -fstack-protector -I/usr/local/include -D_LARGEFILE_SOURCE -D_FILE_OFFSET_BITS=64',
    optimize='-O2',
    cppflags='-fno-strict-aliasing -pipe -fstack-protector -I/usr/local/include'
    ccversion='', gccversion='6.3.0 20170516', gccosandvers=''
    intsize=4, longsize=8, ptrsize=8, doublesize=8, byteorder=12345678
    d_longlong=define, longlongsize=8, d_longdbl=define, longdblsize=16
    ivtype='long', ivsize=8, nvtype='double', nvsize=8, Off_t='off_t', lseeksize=8
    alignbytes=8, prototype=define
  Linker and Libraries:
    ld='cc', ldflags =' -fstack-protector -L/usr/local/lib'
    libpth=/usr/local/lib /lib/x86_64-linux-gnu /lib/../lib /usr/lib/x86_64-linux-gnu /usr/lib/../lib /lib /usr/lib
    libs=-lnsl -ldb -ldl -lm -lcrypt -lutil -lc
    perllibs=-lnsl -ldl -lm -lcrypt -lutil -lc
    libc=libc-2.24.so, so=so, useshrplib=false, libperl=libperl.a
    gnulibc_version='2.24'
  Dynamic Linking:
    dlsrc=dl_dlopen.xs, dlext=so, d_dlsymun=undef, ccdlflags='-Wl,-E'
    cccdlflags='-fPIC', lddlflags='-shared -O2 -L/usr/local/lib -fstack-protector'


Characteristics of this binary (from libperl): 
  Compile-time options: PERL_DONT_CREATE_GVSV PERL_MALLOC_WRAP USE_64_BIT_ALL
                        USE_64_BIT_INT USE_LARGE_FILES USE_PERLIO
                        USE_PERL_ATOF
  Locally applied patches:
	Devel::PatchPerl 1.46
  Built under linux
  Compiled at Dec 22 2018 17:04:18
  %ENV:
    PERL5LIB=""
    PERL5OPT=""
    PERL5_CPANPLUS_IS_RUNNING="30761"
    PERL5_CPAN_IS_RUNNING="30761"
    PERL5_CPAN_IS_RUNNING_IN_RECURSION="30233,30761"
    PERLDOC="-MPod::Perldoc::ToTextOverstrike"
    PERL_BATCH="yes"
    PERL_CANARY_STABILITY_NOPROMPT="1"
    PERL_CPAN_REPORTER_CONFIG="/var/tmp/cpansmoker-1023/2019010407/cpanreporter_001_config.ini"
    PERL_EXTUTILS_AUTOINSTALL="--defaultdeps"
    PERL_USE_UNSAFE_INC="1"
  @INC:
    /opt/perl-5.12.5/lib/site_perl/5.12.5/x86_64-linux
    /opt/perl-5.12.5/lib/site_perl/5.12.5
    /opt/perl-5.12.5/lib/5.12.5/x86_64-linux
    /opt/perl-5.12.5/lib/5.12.5
    .