Back
From: metabase:user:0d96120c-29e2-11e5-b049-ede3035d37de
Subject: FAIL Module-Info-0.35 v5.22.0 Windows (Cygwin)
Date: 2015-07-28T09:03:22Z
This distribution has been tested as part of the CPAN Testers
project, supporting the Perl programming language. See
http://wiki.cpantesters.org/ for more information or email
questions to cpan-testers-discuss@perl.org
--
Dear Mattia Barbon,
This is a computer-generated report for Module-Info-0.35
on perl 5.22.0, created by CPAN-Reporter-1.2014.
Thank you for uploading your work to CPAN. However, there was a problem
testing your distribution.
If you think this report is invalid, please consult the CPAN Testers Wiki
for suggestions on how to avoid getting FAIL reports for missing library
or binary dependencies, unsupported operating systems, and so on:
http://wiki.cpantesters.org/wiki/CPANAuthorNotes
Sections of this report:
* Tester comments
* Program output
* Prerequisites
* Environment and other context
------------------------------
TESTER COMMENTS
------------------------------
Additional comments from tester:
this report is from an automated smoke testing program
and was not reviewed by a human for accuracy
------------------------------
PROGRAM OUTPUT
------------------------------
Output from './Build test':
# Failed test (t/Module-Info.t at line 82)
# got: '4'
# expected: '3'
# Failed test (t/Module-Info.t at line 83)
# Structures begin differing at:
# $got->[3] = 'Subroutine B::OP::parent redefined at blib/lib/B/BUtils.pm line 217.'
# $expected->[3] = Does not exist
# Failed test (t/Module-Info.t at line 88)
# got: '4'
# expected: '3'
# Failed test (t/Module-Info.t at line 89)
# got: undef
# expected: '0.35'
# Failed test (t/Module-Info.t at line 185)
# got: '3'
# expected: '2'
# Failed test (t/Module-Info.t at line 186)
# Failed test (t/Module-Info.t at line 189)
# got: '3'
# expected: '2'
# Failed test (t/Module-Info.t at line 190)
# got: 'Illegal division by zero at -e line 1.'
# expected: '7.254'
# Failed test (t/Module-Info.t at line 191)
# got: '7.254'
# expected: undef
# Looks like you failed 9 tests of 59.
t/Module-Info.t ..........
Dubious, test returned 9 (wstat 2304, 0x900)
Failed 9/59 subtests
t/n0_die_on_error.t ...... ok
t/n1_modules_required.t .. ok
t/n2_safe.t .............. ok
t/n3_version.t ........... ok
t/zy_pod_coverage.t ...... ok
t/zz_pod.t ............... ok
Test Summary Report
-------------------
t/Module-Info.t (Wstat: 2304 Tests: 59 Failed: 9)
Failed tests: 10-13, 43-47
Non-zero exit status: 9
Files=7, Tests=118, 5 wallclock secs ( 0.06 usr 0.08 sys + 1.81 cusr 5.00 csys = 6.95 CPU)
Result: FAIL
Failed 1/7 test programs. 9/118 subtests failed.
------------------------------
PREREQUISITES
------------------------------
Prerequisite modules loaded:
requires:
Module Need Have
------------- ---- ------
File::Spec 0.08 3.56
configure_requires:
Module Need Have
------------- ---- ------
Module::Build 0.40 0.4214
------------------------------
ENVIRONMENT AND OTHER CONTEXT
------------------------------
Environment variables:
AUTOMATED_TESTING = 1
COMSPEC = C:\Windows\system32\cmd.exe
LANG = en_US.UTF-8
NUMBER_OF_PROCESSORS = 2
PATH = /home/jmaslak/perl5/perlbrew/bin:/home/jmaslak/perl5/perlbrew/perls/perl-5.22.0/bin:/usr/local/bin:/usr/bin:/cygdrive/c/Windows/system32:/cygdrive/c/Windows:/cygdrive/c/Windows/System32/Wbem:/cygdrive/c/Windows/System32/WindowsPowerShell/v1.0:/usr/lib/lapack:/usr/sbin:~/perltest/bin
PERL5LIB = /home/jmaslak/.cpan/build/IO-Handle-Util-0.01-Cy_zav/blib/arch:/home/jmaslak/.cpan/build/IO-Handle-Util-0.01-Cy_zav/blib/lib:/home/jmaslak/.cpan/build/asa-1.03-gYgR2P/blib/arch:/home/jmaslak/.cpan/build/asa-1.03-gYgR2P/blib/lib:/home/jmaslak/.cpan/build/Marpa-R2-3.000000-15frru/blib/arch:/home/jmaslak/.cpan/build/Marpa-R2-3.000000-15frru/blib/lib:/home/jmaslak/.cpan/build/Config-AutoConf-0.311-cD9u85/blib/arch:/home/jmaslak/.cpan/build/Config-AutoConf-0.311-cD9u85/blib/lib
PERL5OPT =
PERL5_CPANPLUS_IS_RUNNING = 5664
PERL5_CPAN_IS_RUNNING = 5664
PERL5_CPAN_IS_RUNNING_IN_RECURSION = 664,5664
PERLBREW_BASHRC_VERSION = 0.73
PERLBREW_HOME = /home/jmaslak/.perlbrew
PERLBREW_MANPATH = /home/jmaslak/perl5/perlbrew/perls/perl-5.22.0/man
PERLBREW_PATH = /home/jmaslak/perl5/perlbrew/bin:/home/jmaslak/perl5/perlbrew/perls/perl-5.22.0/bin
PERLBREW_PERL = perl-5.22.0
PERLBREW_ROOT = /home/jmaslak/perl5/perlbrew
PERLBREW_VERSION = 0.73
PERL_CR_SMOKER_CURRENT = Catmandu-Store-Lucy-0.0101
PERL_EXTUTILS_AUTOINSTALL = --defaultdeps
PERL_MM_USE_DEFAULT = 1
PROCESSOR_IDENTIFIER = Intel64 Family 6 Model 63 Stepping 2, GenuineIntel
SHELL = /bin/bash
TEMP = /tmp
TERM = xterm-256color
Perl special variables (and OS-specific diagnostics, for MSWin32):
$^X = /home/jmaslak/perl5/perlbrew/perls/perl-5.22.0/bin/perl
$UID/$EUID = 197609 / 197609
$GID = 197121 197121 545
$EGID = 197121 197121 545
Perl module toolchain versions installed:
Module Have
------------------- --------
CPAN 2.11
CPAN::Meta 2.150001
Cwd 3.56
ExtUtils::CBuilder 0.280221
ExtUtils::Command 1.20
ExtUtils::Install 2.04
ExtUtils::MakeMaker 7.04_01
ExtUtils::Manifest 1.70
ExtUtils::ParseXS 3.28
File::Spec 3.56
JSON 2.90
JSON::PP 2.27300
Module::Build 0.4214
Module::Signature n/a
Parse::CPAN::Meta 1.4414
Test::Harness 3.35
Test::More 1.001014
YAML 1.15
YAML::Syck n/a
version 0.9909
--
Summary of my perl5 (revision 5 version 22 subversion 0) configuration:
Platform:
osname=cygwin, osvers=2.1.0(0.28753), archname=cygwin-thread-multi
uname='cygwin_nt-10.0 win-cvlv0hlkdu7 2.1.0(0.28753) 2015-07-14 21:28 x86_64 cygwin '
config_args='-de -Dprefix=/home/jmaslak/perl5/perlbrew/perls/perl-5.22.0 -Aeval:scriptdir=/home/jmaslak/perl5/perlbrew/perls/perl-5.22.0/bin'
hint=recommended, useposix=true, d_sigaction=define
useithreads=define, usemultiplicity=define
use64bitint=define, use64bitall=define, uselongdouble=undef
usemymalloc=n, bincompat5005=undef
Compiler:
cc='gcc', ccflags ='-DPERL_USE_SAFE_PUTENV -U__STRICT_ANSI__ -fwrapv -fno-strict-aliasing -pipe -fstack-protector-strong -D_FORTIFY_SOURCE=2',
optimize='-O3',
cppflags='-DPERL_USE_SAFE_PUTENV -U__STRICT_ANSI__ -fwrapv -fno-strict-aliasing -pipe -fstack-protector-strong'
ccversion='', gccversion='4.9.3', gccosandvers=''
intsize=4, longsize=8, ptrsize=8, doublesize=8, byteorder=12345678, doublekind=3
d_longlong=define, longlongsize=8, d_longdbl=define, longdblsize=16, longdblkind=3
ivtype='long', ivsize=8, nvtype='double', nvsize=8, Off_t='off_t', lseeksize=8
alignbytes=8, prototype=define
Linker and Libraries:
ld='g++', ldflags =' -Wl,--enable-auto-import -Wl,--export-all-symbols -Wl,--enable-auto-image-base -fstack-protector-strong -L/usr/local/lib'
libpth=/usr/lib/gcc/x86_64-pc-cygwin/4.9.3/include-fixed /usr/lib /usr/lib/gcc/x86_64-pc-cygwin/4.9.3/../../../../lib/../include/w32api /usr/local/lib /lib
libs=-lpthread -ldb -ldl -lcrypt
perllibs=-lpthread -ldl -lcrypt
libc=/usr/lib/libc.a, so=dll, useshrplib=true, libperl=cygperl5_22_0.dll
gnulibc_version=''
Dynamic Linking:
dlsrc=dl_dlopen.xs, dlext=dll, d_dlsymun=undef, ccdlflags=' '
cccdlflags=' ', lddlflags=' --shared -Wl,--enable-auto-import -Wl,--export-all-symbols -Wl,--enable-auto-image-base -L/usr/local/lib -fstack-protector-strong'
Characteristics of this binary (from libperl):
Compile-time options: HAS_TIMES MULTIPLICITY PERLIO_LAYERS
PERL_DONT_CREATE_GVSV
PERL_HASH_FUNC_ONE_AT_A_TIME_HARD
PERL_IMPLICIT_CONTEXT PERL_NEW_COPY_ON_WRITE
PERL_PRESERVE_IVUV PERL_USE_SAFE_PUTENV
USE_64_BIT_ALL USE_64_BIT_INT USE_ITHREADS
USE_LARGE_FILES USE_LOCALE USE_LOCALE_COLLATE
USE_LOCALE_CTYPE USE_LOCALE_NUMERIC USE_LOCALE_TIME
USE_PERLIO USE_PERL_ATOF USE_REENTRANT_API
Locally applied patches:
Devel::PatchPerl 1.38
Built under cygwin
Compiled at Jul 27 2015 18:29:57
%ENV:
PERL5LIB="/home/jmaslak/.cpan/build/IO-Handle-Util-0.01-Cy_zav/blib/arch:/home/jmaslak/.cpan/build/IO-Handle-Util-0.01-Cy_zav/blib/lib:/home/jmaslak/.cpan/build/asa-1.03-gYgR2P/blib/arch:/home/jmaslak/.cpan/build/asa-1.03-gYgR2P/blib/lib:/home/jmaslak/.cpan/build/Marpa-R2-3.000000-15frru/blib/arch:/home/jmaslak/.cpan/build/Marpa-R2-3.000000-15frru/blib/lib:/home/jmaslak/.cpan/build/Config-AutoConf-0.311-cD9u85/blib/arch:/home/jmaslak/.cpan/build/Config-AutoConf-0.311-cD9u85/blib/lib"
PERL5OPT=""
PERL5_CPANPLUS_IS_RUNNING="5664"
PERL5_CPAN_IS_RUNNING="5664"
PERL5_CPAN_IS_RUNNING_IN_RECURSION="664,5664"
PERLBREW_BASHRC_VERSION="0.73"
PERLBREW_HOME="/home/jmaslak/.perlbrew"
PERLBREW_MANPATH="/home/jmaslak/perl5/perlbrew/perls/perl-5.22.0/man"
PERLBREW_PATH="/home/jmaslak/perl5/perlbrew/bin:/home/jmaslak/perl5/perlbrew/perls/perl-5.22.0/bin"
PERLBREW_PERL="perl-5.22.0"
PERLBREW_ROOT="/home/jmaslak/perl5/perlbrew"
PERLBREW_VERSION="0.73"
PERL_CR_SMOKER_CURRENT="Catmandu-Store-Lucy-0.0101"
PERL_EXTUTILS_AUTOINSTALL="--defaultdeps"
PERL_MM_USE_DEFAULT="1"
@INC:
/home/jmaslak/.cpan/build/IO-Handle-Util-0.01-Cy_zav/blib/arch
/home/jmaslak/.cpan/build/IO-Handle-Util-0.01-Cy_zav/blib/lib
/home/jmaslak/.cpan/build/asa-1.03-gYgR2P/blib/arch
/home/jmaslak/.cpan/build/asa-1.03-gYgR2P/blib/lib
/home/jmaslak/.cpan/build/Marpa-R2-3.000000-15frru/blib/arch
/home/jmaslak/.cpan/build/Marpa-R2-3.000000-15frru/blib/lib
/home/jmaslak/.cpan/build/Config-AutoConf-0.311-cD9u85/blib/arch
/home/jmaslak/.cpan/build/Config-AutoConf-0.311-cD9u85/blib/lib
/home/jmaslak/perl5/perlbrew/perls/perl-5.22.0/lib/site_perl/5.22.0/cygwin-thread-multi
/home/jmaslak/perl5/perlbrew/perls/perl-5.22.0/lib/site_perl/5.22.0
/home/jmaslak/perl5/perlbrew/perls/perl-5.22.0/lib/5.22.0/cygwin-thread-multi
/home/jmaslak/perl5/perlbrew/perls/perl-5.22.0/lib/5.22.0
.