Report for Tree-Persist-1.00

Back
From: metabase:user:30977d10-2aae-11df-837a-5e0a49663a4f
Subject: FAIL Tree-Persist-1.00 v5.13.5 GNU/Linux
Date: 2010-09-21T18:00:50Z

This distribution has been tested as part of the CPAN Testers
project, supporting the Perl programming language.  See
http://wiki.cpantesters.org/ for more information or email
questions to cpan-testers-discuss@perl.org


--
Dear Rob Kinyon,

This is a computer-generated report for Tree-Persist-1.00
on perl 5.13.5, created by CPAN-Reporter-1.18.

Thank you for uploading your work to CPAN.  However, there was a problem
testing your distribution.

If you think this report is invalid, please consult the CPAN Testers Wiki
for suggestions on how to avoid getting FAIL reports for missing library
or binary dependencies, unsupported operating systems, and so on:

http://wiki.cpantesters.org/wiki/CPANAuthorNotes

Sections of this report:

    * Tester comments
    * Program output
    * Prerequisites
    * Environment and other context

------------------------------
TESTER COMMENTS
------------------------------

Additional comments from tester:

this report is from an automated smoke testing program
and was not reviewed by a human for accuracy

------------------------------
PROGRAM OUTPUT
------------------------------

Output from './Build test':

t/000_interface.t ............ ok
t/001_load_from_file.t ....... ok
t/002_save_to_file.t ......... ok
t/003_associate_with_file.t .. ok
t/004_autocommit.t ........... ok
install_driver(mysql) failed: Can't locate DBD/mysql.pm in @INC (@INC contains: /home/stro/cpan/build/5.13.5-th/Tree-Persist-1.00-HkoUh1/blib/lib /home/stro/cpan/build/5.13.5-th/Tree-Persist-1.00-HkoUh1/blib/arch /home/stro/perl/perl5135th/lib/site_perl/5.13.5/i686-linux-thread-multi /home/stro/perl/perl5135th/lib/site_perl/5.13.5 /home/stro/perl/perl5135th/lib/5.13.5/i686-linux-thread-multi /home/stro/perl/perl5135th/lib/5.13.5 .) at (eval 14) line 3.
Perhaps the DBD::mysql perl module hasn't been fully installed,
or perhaps the capitalisation of 'mysql' isn't right.
Available drivers: DBM, ExampleP, File, Gofer, Proxy, SQLite, Sponge.
 at t/005_load_from_db.t line 17
# Looks like you planned 47 tests but ran 1.
# Looks like your test exited with 2 just after 1.
t/005_load_from_db.t ......... 
Dubious, test returned 2 (wstat 512, 0x200)
Failed 46/47 subtests 
install_driver(mysql) failed: Can't locate DBD/mysql.pm in @INC (@INC contains: /home/stro/cpan/build/5.13.5-th/Tree-Persist-1.00-HkoUh1/blib/lib /home/stro/cpan/build/5.13.5-th/Tree-Persist-1.00-HkoUh1/blib/arch /home/stro/perl/perl5135th/lib/site_perl/5.13.5/i686-linux-thread-multi /home/stro/perl/perl5135th/lib/site_perl/5.13.5 /home/stro/perl/perl5135th/lib/5.13.5/i686-linux-thread-multi /home/stro/perl/perl5135th/lib/5.13.5 .) at (eval 16) line 3.
Perhaps the DBD::mysql perl module hasn't been fully installed,
or perhaps the capitalisation of 'mysql' isn't right.
Available drivers: DBM, ExampleP, File, Gofer, Proxy, SQLite, Sponge.
 at t/006_save_to_db.t line 19
# Looks like you planned 5 tests but ran 2.
# Looks like your test exited with 2 just after 2.
t/006_save_to_db.t ........... 
Dubious, test returned 2 (wstat 512, 0x200)
Failed 3/5 subtests 
install_driver(mysql) failed: Can't locate DBD/mysql.pm in @INC (@INC contains: /home/stro/cpan/build/5.13.5-th/Tree-Persist-1.00-HkoUh1/blib/lib /home/stro/cpan/build/5.13.5-th/Tree-Persist-1.00-HkoUh1/blib/arch /home/stro/perl/perl5135th/lib/site_perl/5.13.5/i686-linux-thread-multi /home/stro/perl/perl5135th/lib/site_perl/5.13.5 /home/stro/perl/perl5135th/lib/5.13.5/i686-linux-thread-multi /home/stro/perl/perl5135th/lib/5.13.5 .) at (eval 14) line 3.
Perhaps the DBD::mysql perl module hasn't been fully installed,
or perhaps the capitalisation of 'mysql' isn't right.
Available drivers: DBM, ExampleP, File, Gofer, Proxy, SQLite, Sponge.
 at t/007_associate_with_db.t line 17
# Looks like you planned 22 tests but ran 1.
# Looks like your test exited with 2 just after 1.
t/007_associate_with_db.t .... 
Dubious, test returned 2 (wstat 512, 0x200)
Failed 21/22 subtests 
t/998_pod.t .................. ok
t/999_pod_coverage.t ......... ok

Test Summary Report
-------------------
t/005_load_from_db.t       (Wstat: 512 Tests: 1 Failed: 0)
  Non-zero exit status: 2
  Parse errors: Bad plan.  You planned 47 tests but ran 1.
t/006_save_to_db.t         (Wstat: 512 Tests: 2 Failed: 0)
  Non-zero exit status: 2
  Parse errors: Bad plan.  You planned 5 tests but ran 2.
t/007_associate_with_db.t  (Wstat: 512 Tests: 1 Failed: 0)
  Non-zero exit status: 2
  Parse errors: Bad plan.  You planned 22 tests but ran 1.
Files=10, Tests=90,  3 wallclock secs ( 0.03 usr  0.09 sys +  0.61 cusr  0.29 csys =  1.02 CPU)
Result: FAIL
Failed 3/10 test programs. 0/90 subtests failed.

------------------------------
PREREQUISITES
------------------------------

Prerequisite modules loaded:

requires:

    Module               Need   Have    
    -------------------- ------ --------
    perl                 v5.6.0 5.013005
    Scalar::Util         1.10   1.23    
    Tree                 1.00   1.01    
    UNIVERSAL::require   0.10   0.13    

build_requires:

    Module               Need   Have    
    -------------------- ------ --------
    File::Copy           0.01   2.20    
    File::Spec           0.01   3.32    
    Scalar::Util         1.10   1.23    
    Test::File           1.10   1.29    
    Test::File::Cleaner  0.02   0.03    
    Test::File::Contents 0.02   0.05    
    Test::More           0.47   0.97_01 


------------------------------
ENVIRONMENT AND OTHER CONTEXT
------------------------------

Environment variables:

    AUTOMATED_TESTING = 1
    LANG = en_US.UTF-8
    PATH = /usr/local/bin:/usr/bin:/bin:/usr/games
    PERL5LIB = 
    PERL5OPT = 
    PERL5_CPANPLUS_IS_RUNNING = 8806
    PERL5_CPAN_IS_RUNNING = 8806
    PERL5_CPAN_IS_RUNNING_IN_RECURSION = 7559,8806
    PERL_CR_SMOKER_CURRENT = DBIx-Tree-Persist-1.00
    PERL_EXTUTILS_AUTOINSTALL = --defaultdeps
    PERL_MM_USE_DEFAULT = 1
    SHELL = /bin/bash
    TERM = xterm

Perl special variables (and OS-specific diagnostics, for MSWin32):

    $^X = /home/stro/perl/perl5135th/bin/perl
    $UID/$EUID = 1000 / 1000
    $GID = 1000 20 24 25 29 44 46 1000
    $EGID = 1000 20 24 25 29 44 46 1000

Perl module toolchain versions installed:

    Module              Have   
    ------------------- -------
    CPAN                1.94_57
    Cwd                 3.32   
    ExtUtils::CBuilder  0.2703 
    ExtUtils::Command   1.16   
    ExtUtils::Install   1.55   
    ExtUtils::MakeMaker 6.57_05
    ExtUtils::Manifest  1.58   
    ExtUtils::ParseXS   2.2207 
    File::Spec          3.32   
    Module::Build       0.3607 
    Module::Signature   n/a    
    Test::Harness       3.22   
    Test::More          0.97_01
    YAML                0.72   
    YAML::Syck          1.14   
    version             0.82   


--

Summary of my perl5 (revision 5 version 13 subversion 5) configuration:
   
  Platform:
    osname=linux, osvers=2.6.26-2-686, archname=i686-linux-thread-multi
    uname='linux debian5 2.6.26-2-686 #1 smp mon jun 21 05:58:44 utc 2010 i686 gnulinux '
    config_args=''
    hint=recommended, useposix=true, d_sigaction=define
    useithreads=define, usemultiplicity=define
    useperlio=define, d_sfio=undef, uselargefiles=define, usesocks=undef
    use64bitint=undef, use64bitall=undef, uselongdouble=undef
    usemymalloc=n, bincompat5005=undef
  Compiler:
    cc='cc', ccflags ='-D_REENTRANT -D_GNU_SOURCE -fno-strict-aliasing -pipe -fstack-protector -I/usr/local/include -D_LARGEFILE_SOURCE -D_FILE_OFFSET_BITS=64',
    optimize='-O2',
    cppflags='-D_REENTRANT -D_GNU_SOURCE -fno-strict-aliasing -pipe -fstack-protector -I/usr/local/include'
    ccversion='', gccversion='4.3.2', gccosandvers=''
    intsize=4, longsize=4, ptrsize=4, doublesize=8, byteorder=1234
    d_longlong=define, longlongsize=8, d_longdbl=define, longdblsize=12
    ivtype='long', ivsize=4, nvtype='double', nvsize=8, Off_t='off_t', lseeksize=8
    alignbytes=4, prototype=define
  Linker and Libraries:
    ld='cc', ldflags =' -fstack-protector -L/usr/local/lib'
    libpth=/usr/local/lib /lib /usr/lib
    libs=-lnsl -ldb -ldl -lm -lcrypt -lutil -lpthread -lc
    perllibs=-lnsl -ldl -lm -lcrypt -lutil -lpthread -lc
    libc=/lib/libc-2.7.so, so=so, useshrplib=false, libperl=libperl.a
    gnulibc_version='2.7'
  Dynamic Linking:
    dlsrc=dl_dlopen.xs, dlext=so, d_dlsymun=undef, ccdlflags='-Wl,-E'
    cccdlflags='-fPIC', lddlflags='-shared -O2 -L/usr/local/lib -fstack-protector'


Characteristics of this binary (from libperl): 
  Compile-time options: MULTIPLICITY PERL_DONT_CREATE_GVSV
                        PERL_IMPLICIT_CONTEXT PERL_MALLOC_WRAP USE_ITHREADS
                        USE_LARGE_FILES USE_PERLIO USE_PERL_ATOF
                        USE_REENTRANT_API
  Built under linux
  Compiled at Sep 20 2010 16:33:23
  %ENV:
    PERL5LIB=""
    PERL5OPT=""
    PERL5_CPANPLUS_IS_RUNNING="8806"
    PERL5_CPAN_IS_RUNNING="8806"
    PERL5_CPAN_IS_RUNNING_IN_RECURSION="7559,8806"
    PERL_CR_SMOKER_CURRENT="DBIx-Tree-Persist-1.00"
    PERL_EXTUTILS_AUTOINSTALL="--defaultdeps"
    PERL_MM_USE_DEFAULT="1"
  @INC:
    /home/stro/perl/perl5135th/lib/site_perl/5.13.5/i686-linux-thread-multi
    /home/stro/perl/perl5135th/lib/site_perl/5.13.5
    /home/stro/perl/perl5135th/lib/5.13.5/i686-linux-thread-multi
    /home/stro/perl/perl5135th/lib/5.13.5
    .