Time-Format v1.13 Perl 5 v5.14.4 OpenBSD.amd64-openbsd

Status
Fail
From
Nigel Horne
Dist
Time-Format v1.13
Platform
Perl 5 v5.14.4 OpenBSD.amd64-openbsd
Date
2019-07-18 21:15:29
ID
2bb0b34e-a9a1-11e9-8fa9-99a29f1e7dde
This distribution has been tested as part of the CPAN Testers
project, supporting the Perl programming language.  See
http://wiki.cpantesters.org/ for more information or email
questions to cpan-testers-discuss@perl.org


--
Dear Eric J. Roode,

This is a computer-generated report for Time-Format-1.13
on perl 5.14.4, created by CPAN-Reporter-1.2018.

Thank you for uploading your work to CPAN.  However, there was a problem
testing your distribution.

If you think this report is invalid, please consult the CPAN Testers Wiki
for suggestions on how to avoid getting FAIL reports for missing library
or binary dependencies, unsupported operating systems, and so on:

http://wiki.cpantesters.org/wiki/CPANAuthorNotes

Sections of this report:

    * Tester comments
    * Program output
    * Prerequisites
    * Environment and other context

------------------------------
TESTER COMMENTS
------------------------------

Additional comments from tester:

this report is from an automated smoke testing program
and was not reviewed by a human for accuracy

------------------------------
PROGRAM OUTPUT
------------------------------

Output from './Build test':

t/0-signature.t .. ok
t/1-load.t ....... ok
t/DateManip.t .... ok
t/DateTime.t ..... ok
t/die.t .......... ok
t/doc.t .......... ok
t/epoch.t ........ ok
t/export1.t ...... ok
t/export2.t ...... ok
t/export3.t ...... ok
t/funcs.t ........ ok

#   Failed test 'Mois français'
#   at t/locale.t line 57.
#          got: 'june'
#     expected: 'juin'

#   Failed test 'Jour de la semaine français'
#   at t/locale.t line 58.
#          got: 'thursday'
#     expected: 'jeudi'

#   Failed test 'Deutscher Monat'
#   at t/locale.t line 65.
#          got: 'june'
#     expected: 'juni'

#   Failed test 'Deutscher Wochentag'
#   at t/locale.t line 66.
#          got: 'thursday'
#     expected: 'donnerstag'

#   Failed test 'Mes español'
#   at t/locale.t line 73.
#          got: 'june'
#     expected: 'junio'

#   Failed test 'Día español de la semana'
#   at t/locale.t line 74.
#          got: 'thursday'
#     expected: 'jueves'
# Looks like you failed 6 tests of 9.
t/locale.t ....... 
Dubious, test returned 6 (wstat 1536, 0x600)
Failed 6/9 subtests 
t/manip.t ........ ok
t/msec.t ......... ok
t/past.t ......... ok
t/quot.t ......... ok
t/strftime.t ..... ok
t/string.t ....... ok
t/time.t ......... ok
t/xs_DateTime.t .. ok
t/xs_doc.t ....... ok
t/xs_funcs.t ..... ok
t/xs_locale.t .... ok
t/xs_quot.t ...... ok
t/xs_time.t ...... ok

Test Summary Report
-------------------
t/locale.t     (Wstat: 1536 Tests: 9 Failed: 6)
  Failed tests:  4-9
  Non-zero exit status: 6
Files=25, Tests=473, 21 wallclock secs ( 0.49 usr  0.79 sys +  9.01 cusr  3.11 csys = 13.40 CPU)
Result: FAIL
Failed 1/25 test programs. 6/473 subtests failed.

------------------------------
PREREQUISITES
------------------------------

Prerequisite modules loaded:

requires:

    Module        Need Have    
    ------------- ---- --------
    Time::Local   1.07 1.2000  

build_requires:

    Module        Need Have    
    ------------- ---- --------
    FindBin       0    1.50    
    Symbol        0    1.07    
    Test::Simple  0.40 1.302140

configure_requires:

    Module        Need Have    
    ------------- ---- --------
    Module::Build 0.4  0.4224  


------------------------------
ENVIRONMENT AND OTHER CONTEXT
------------------------------

Environment variables:

    AUTOMATED_TESTING = 1
    PATH = /home/njh/perl5/perlbrew/bin:/home/njh/perl5/perlbrew/perls/perl-5.14.4/bin:src/njh/smoker/bin:/usr/bin:/bin:/usr/sbin:/sbin:/usr/X11R6/bin:/usr/local/bin:/usr/local/sbin
    PERL5LIB = 
    PERL5OPT = 
    PERL5_CPANPLUS_IS_RUNNING = 59895
    PERL5_CPAN_IS_RUNNING = 59895
    PERL5_CPAN_IS_RUNNING_IN_RECURSION = 70403,59895
    PERLBREW_HOME = /home/njh/.perlbrew
    PERLBREW_MANPATH = /home/njh/perl5/perlbrew/perls/perl-5.14.4/man
    PERLBREW_PATH = /home/njh/perl5/perlbrew/bin:/home/njh/perl5/perlbrew/perls/perl-5.14.4/bin
    PERLBREW_PERL = perl-5.14.4
    PERLBREW_ROOT = /home/njh/perl5/perlbrew
    PERLBREW_SHELLRC_VERSION = 0.84
    PERLBREW_VERSION = 0.84
    SHELL = /bin/sh
    TMPDIR = /tmp/testwrapper.22460

Perl special variables (and OS-specific diagnostics, for MSWin32):

    $^X = /home/njh/perl5/perlbrew/perls/perl-5.14.4/bin/perl
    $UID/$EUID = 1000 / 1000
    $GID = 1000 1000 0
    $EGID = 1000 1000 0

Perl module toolchain versions installed:

    Module              Have    
    ------------------- --------
    CPAN                2.16    
    CPAN::Meta          2.143240
    Cwd                 3.75    
    ExtUtils::CBuilder  0.280203
    ExtUtils::Command   7.30    
    ExtUtils::Install   2.06    
    ExtUtils::MakeMaker 7.30    
    ExtUtils::Manifest  1.70    
    ExtUtils::ParseXS   3.35    
    File::Spec          3.75    
    JSON                2.97001 
    JSON::PP            2.97001 
    Module::Build       0.4224  
    Module::Signature   n/a     
    Parse::CPAN::Meta   1.4414  
    Test::Harness       3.39    
    Test::More          1.302140
    YAML                1.27    
    YAML::Syck          1.30    
    version             0.88    


--

Summary of my perl5 (revision 5 version 14 subversion 4) configuration:
   
  Platform:
    osname=openbsd, osvers=6.2, archname=OpenBSD.amd64-openbsd
    uname='openbsd netgate1.bandsman.co.uk 6.2 generic.mp#2 amd64 '
    config_args='-de -Dprefix=/home/njh/perl5/perlbrew/perls/perl-5.14.4 -Aeval:scriptdir=/home/njh/perl5/perlbrew/perls/perl-5.14.4/bin'
    hint=recommended, useposix=true, d_sigaction=define
    useithreads=undef, usemultiplicity=undef
    useperlio=define, d_sfio=undef, uselargefiles=define, usesocks=undef
    use64bitint=define, use64bitall=define, uselongdouble=undef
    usemymalloc=n, bincompat5005=undef
  Compiler:
    cc='cc', ccflags ='-fno-strict-aliasing -pipe -fstack-protector -I/usr/local/include',
    optimize='-O2',
    cppflags='-fno-strict-aliasing -pipe -fstack-protector -I/usr/local/include'
    ccversion='', gccversion='4.2.1 Compatible OpenBSD Clang 4.0.0 (tags/RELEASE_400/final)', gccosandvers=''
    intsize=4, longsize=8, ptrsize=8, doublesize=8, byteorder=12345678
    d_longlong=define, longlongsize=8, d_longdbl=define, longdblsize=16
    ivtype='long', ivsize=8, nvtype='double', nvsize=8, Off_t='off_t', lseeksize=8
    alignbytes=8, prototype=define
  Linker and Libraries:
    ld='cc', ldflags ='-Wl,-E  -fstack-protector -L/usr/local/lib'
    libpth=/usr/local/lib /usr/lib
    libs=-lm -lutil -lc
    perllibs=-lm -lutil -lc
    libc=/usr/lib/libc.so.90.0, so=so, useshrplib=false, libperl=libperl.a
    gnulibc_version=''
  Dynamic Linking:
    dlsrc=dl_dlopen.xs, dlext=so, d_dlsymun=undef, ccdlflags=' '
    cccdlflags='-DPIC -fPIC ', lddlflags='-shared -fPIC  -L/usr/local/lib -fstack-protector'


Characteristics of this binary (from libperl): 
  Compile-time options: PERL_DONT_CREATE_GVSV PERL_MALLOC_WRAP
                        PERL_PRESERVE_IVUV USE_64_BIT_ALL USE_64_BIT_INT
                        USE_LARGE_FILES USE_PERLIO USE_PERL_ATOF
  Locally applied patches:
	Devel::PatchPerl 1.48
  Built under openbsd
  Compiled at Jan 25 2018 01:59:47
  %ENV:
    PERL5LIB=""
    PERL5OPT=""
    PERL5_CPANPLUS_IS_RUNNING="59895"
    PERL5_CPAN_IS_RUNNING="59895"
    PERL5_CPAN_IS_RUNNING_IN_RECURSION="70403,59895"
    PERLBREW_HOME="/home/njh/.perlbrew"
    PERLBREW_MANPATH="/home/njh/perl5/perlbrew/perls/perl-5.14.4/man"
    PERLBREW_PATH="/home/njh/perl5/perlbrew/bin:/home/njh/perl5/perlbrew/perls/perl-5.14.4/bin"
    PERLBREW_PERL="perl-5.14.4"
    PERLBREW_ROOT="/home/njh/perl5/perlbrew"
    PERLBREW_SHELLRC_VERSION="0.84"
    PERLBREW_VERSION="0.84"
  @INC:
    /home/njh/perl5/perlbrew/perls/perl-5.14.4/lib/site_perl/5.14.4/OpenBSD.amd64-openbsd
    /home/njh/perl5/perlbrew/perls/perl-5.14.4/lib/site_perl/5.14.4
    /home/njh/perl5/perlbrew/perls/perl-5.14.4/lib/5.14.4/OpenBSD.amd64-openbsd
    /home/njh/perl5/perlbrew/perls/perl-5.14.4/lib/5.14.4
    .