Back
From: metabase:user:314402c4-2aae-11df-837a-5e0a49663a4f
Subject: FAIL Dancer-Plugin-TagHelper-0.01 v5.20.3 GNU/Linux
Date: 2017-05-19T07:52:56Z
This distribution has been tested as part of the CPAN Testers
project, supporting the Perl programming language. See
http://wiki.cpantesters.org/ for more information or email
questions to cpan-testers-discuss@perl.org
--
Dear Jeff Rao,
This is a computer-generated report for Dancer-Plugin-TagHelper-0.01
on perl 5.20.3, created by CPAN-Reporter-1.2018.
Thank you for uploading your work to CPAN. However, there was a problem
testing your distribution.
If you think this report is invalid, please consult the CPAN Testers Wiki
for suggestions on how to avoid getting FAIL reports for missing library
or binary dependencies, unsupported operating systems, and so on:
http://wiki.cpantesters.org/wiki/CPANAuthorNotes
Sections of this report:
* Tester comments
* Program output
* Prerequisites
* Environment and other context
------------------------------
TESTER COMMENTS
------------------------------
Additional comments from tester:
none provided
------------------------------
PROGRAM OUTPUT
------------------------------
Output from '/usr/bin/make test':
PERL_DL_NONLAZY=1 "/bbbike/perl-5.20.3/bin/perl" "-MExtUtils::Command::MM" "-MTest::Harness" "-e" "undef *Test::Harness::Switches; test_harness(0, 'blib/lib', 'blib/arch')" t/*.t
simple donot support taghelper at /tmpfs/.cpan-build-cpansand/2017051906/Dancer-Plugin-TagHelper-0.01-0/blib/lib/Dancer/Plugin/TagHelper.pm line 48, <DATA> line 1.
# Testing Dancer::Plugin::TagHelper 0.01, Perl 5.020003, /bbbike/perl-5.20.3/bin/perl
t/00-load.t ....... ok
t/boilerplate.t ... ok
t/manifest.t ...... skipped: Author tests not required for installation
simple donot support taghelper at /tmpfs/.cpan-build-cpansand/2017051906/Dancer-Plugin-TagHelper-0.01-0/blib/lib/Dancer/Plugin/TagHelper.pm line 48, <DATA> line 1.
t/pod-coverage.t .. ok
# Failed test 'POD test for blib/lib/Dancer/Plugin/TagHelper.pm'
# at /opt/perl-5.20.3/lib/site_perl/5.20.3/Test/Pod.pm line 187.
# blib/lib/Dancer/Plugin/TagHelper.pm (83): Unterminated C< ... > sequence
# Looks like you failed 1 test of 1.
t/pod.t ...........
Dubious, test returned 1 (wstat 256, 0x100)
Failed 1/1 subtests
Test Summary Report
-------------------
t/boilerplate.t (Wstat: 0 Tests: 3 Failed: 0)
TODO passed: 2-3
t/pod.t (Wstat: 256 Tests: 1 Failed: 1)
Failed test: 1
Non-zero exit status: 1
Files=5, Tests=6, 1 wallclock secs ( 0.02 usr 0.01 sys + 0.79 cusr 0.11 csys = 0.93 CPU)
Result: FAIL
Failed 1/5 test programs. 1/6 subtests failed.
Makefile:859: recipe for target 'test_dynamic' failed
make: *** [test_dynamic] Error 1
------------------------------
PREREQUISITES
------------------------------
Prerequisite modules loaded:
requires:
Module Need Have
------------------- ----- --------
Dancer 0 1.3202
HTML::TagHelper 0 0.04
perl 5.006 5.020003
build_requires:
Module Need Have
------------------- ----- --------
Test::More 0 1.302085
configure_requires:
Module Need Have
------------------- ----- --------
ExtUtils::MakeMaker 0 7.24
------------------------------
ENVIRONMENT AND OTHER CONTEXT
------------------------------
Environment variables:
LANG = C
PATH = /usr/local/bin:/usr/bin:/bin:/usr/local/sbin:/usr/sbin:/sbin:/home/cpansand/bin/linux-gnu:/home/cpansand/bin/sh:/home/cpansand/bin:/usr/games:/home/cpansand/devel:/home/eserte/src/srezic-misc/scripts
PERL5LIB = /home/cpansand/.cpan/build/2017051906/HTML-TagHelper-0.04-0/blib/arch:/home/cpansand/.cpan/build/2017051906/HTML-TagHelper-0.04-0/blib/lib
PERL5OPT =
PERL5_CPANPLUS_IS_RUNNING = 5886
PERL5_CPAN_IS_RUNNING = 5886
PERL5_CPAN_IS_RUNNING_IN_RECURSION = 2226,5886
PERLDOC = -MPod::Perldoc::ToTextOverstrike
PERL_BATCH = yes
PERL_CANARY_STABILITY_NOPROMPT = 1
PERL_CPAN_REPORTER_CONFIG = /var/tmp/cpansmoker-1023/2017051818/cpanreporter_000_config.ini
PERL_EXTUTILS_AUTOINSTALL = --defaultdeps
PERL_USE_UNSAFE_INC = 1
SHELL = /bin/zsh
TERM = screen
TMPDIR = /var/tmp/cpansmoker-1023/2017051818
Perl special variables (and OS-specific diagnostics, for MSWin32):
$^X = /bbbike/perl-5.20.3/bin/perl
$UID/$EUID = 1023 / 1023
$GID = 1023 1023
$EGID = 1023 1023
Perl module toolchain versions installed:
Module Have
------------------- --------
CPAN 2.16
CPAN::Meta 2.150010
Cwd 3.62
ExtUtils::CBuilder 0.280224
ExtUtils::Command 7.24
ExtUtils::Install 2.10
ExtUtils::MakeMaker 7.24
ExtUtils::Manifest 1.70
ExtUtils::ParseXS 3.24
File::Spec 3.62
JSON 2.92
JSON::PP 2.27400
Module::Build 0.4220
Module::Signature 0.79
Parse::CPAN::Meta 2.150010
Test::Harness 3.38
Test::More 1.302085
YAML 1.20
YAML::Syck 1.29
version 0.9917
--
Summary of my perl5 (revision 5 version 20 subversion 3) configuration:
Platform:
osname=linux, osvers=3.16.0-4-amd64, archname=x86_64-linux
uname='linux eserte 3.16.0-4-amd64 #1 smp debian 3.16.7-ckt25-2 (2016-04-08) x86_64 gnulinux '
config_args='-ds -e -Dprefix=/opt/perl-5.20.3 -Dcf_email=srezic@cpan.org'
hint=recommended, useposix=true, d_sigaction=define
useithreads=undef, usemultiplicity=undef
use64bitint=define, use64bitall=define, uselongdouble=undef
usemymalloc=n, bincompat5005=undef
Compiler:
cc='cc', ccflags ='-fwrapv -fno-strict-aliasing -pipe -fstack-protector -I/usr/local/include -D_LARGEFILE_SOURCE -D_FILE_OFFSET_BITS=64',
optimize='-O2',
cppflags='-fwrapv -fno-strict-aliasing -pipe -fstack-protector -I/usr/local/include'
ccversion='', gccversion='4.9.2', gccosandvers=''
intsize=4, longsize=8, ptrsize=8, doublesize=8, byteorder=12345678
d_longlong=define, longlongsize=8, d_longdbl=define, longdblsize=16
ivtype='long', ivsize=8, nvtype='double', nvsize=8, Off_t='off_t', lseeksize=8
alignbytes=8, prototype=define
Linker and Libraries:
ld='cc', ldflags =' -fstack-protector -L/usr/local/lib'
libpth=/usr/local/lib /usr/lib/gcc/x86_64-linux-gnu/4.9/include-fixed /usr/include/x86_64-linux-gnu /usr/lib /lib/x86_64-linux-gnu /lib/../lib /usr/lib/x86_64-linux-gnu /usr/lib/../lib /lib
libs=-lpthread -lnsl -lgdbm -ldb -ldl -lm -lcrypt -lutil -lc -lgdbm_compat
perllibs=-lpthread -lnsl -ldl -lm -lcrypt -lutil -lc
libc=libc-2.19.so, so=so, useshrplib=false, libperl=libperl.a
gnulibc_version='2.19'
Dynamic Linking:
dlsrc=dl_dlopen.xs, dlext=so, d_dlsymun=undef, ccdlflags='-Wl,-E'
cccdlflags='-fPIC', lddlflags='-shared -O2 -L/usr/local/lib -fstack-protector'
Characteristics of this binary (from libperl):
Compile-time options: HAS_TIMES PERLIO_LAYERS PERL_DONT_CREATE_GVSV
PERL_HASH_FUNC_ONE_AT_A_TIME_HARD PERL_MALLOC_WRAP
PERL_NEW_COPY_ON_WRITE PERL_PRESERVE_IVUV
USE_64_BIT_ALL USE_64_BIT_INT USE_LARGE_FILES
USE_LOCALE USE_LOCALE_COLLATE USE_LOCALE_CTYPE
USE_LOCALE_NUMERIC USE_PERLIO USE_PERL_ATOF
Locally applied patches:
Devel::PatchPerl 1.42
Built under linux
Compiled at May 7 2016 12:07:58
%ENV:
PERL5LIB="/home/cpansand/.cpan/build/2017051906/HTML-TagHelper-0.04-0/blib/arch:/home/cpansand/.cpan/build/2017051906/HTML-TagHelper-0.04-0/blib/lib"
PERL5OPT=""
PERL5_CPANPLUS_IS_RUNNING="5886"
PERL5_CPAN_IS_RUNNING="5886"
PERL5_CPAN_IS_RUNNING_IN_RECURSION="2226,5886"
PERLDOC="-MPod::Perldoc::ToTextOverstrike"
PERL_BATCH="yes"
PERL_CANARY_STABILITY_NOPROMPT="1"
PERL_CPAN_REPORTER_CONFIG="/var/tmp/cpansmoker-1023/2017051818/cpanreporter_000_config.ini"
PERL_EXTUTILS_AUTOINSTALL="--defaultdeps"
PERL_USE_UNSAFE_INC="1"
@INC:
/home/cpansand/.cpan/build/2017051906/HTML-TagHelper-0.04-0/blib/arch
/home/cpansand/.cpan/build/2017051906/HTML-TagHelper-0.04-0/blib/lib
/opt/perl-5.20.3/lib/site_perl/5.20.3/x86_64-linux
/opt/perl-5.20.3/lib/site_perl/5.20.3
/opt/perl-5.20.3/lib/5.20.3/x86_64-linux
/opt/perl-5.20.3/lib/5.20.3
.