Report for XSLoader-0.16

Back
From: metabase:user:1eed3a18-483e-11e2-a87b-a3931c712682
Subject: FAIL XSLoader-0.16 v5.8.9 Mac OS X
Date: 2014-04-12T06:17:49Z

This distribution has been tested as part of the CPAN Testers
project, supporting the Perl programming language.  See
http://wiki.cpantesters.org/ for more information or email
questions to cpan-testers-discuss@perl.org


--
Dear SAPER,

This is a computer-generated report for XSLoader-0.16
on perl 5.8.9, created by App::cpanminus::reporter 0.10 (1.7000).

Thank you for uploading your work to CPAN.  However, there was a problem
testing your distribution.

If you think this report is invalid, please consult the CPAN Testers Wiki
for suggestions on how to avoid getting FAIL reports for missing library
or binary dependencies, unsupported operating systems, and so on:

http://wiki.cpantesters.org/wiki/CPANAuthorNotes

Sections of this report:

    * Tester comments
    * Program output
    * Prerequisites
    * Environment and other context

------------------------------
TESTER COMMENTS
------------------------------

Additional comments from tester:

none provided

------------------------------
PROGRAM OUTPUT
------------------------------

Output from '':

Building and testing XSLoader-0.16
/Users/stas/perl5/perlbrew/perls/perl-5.8.9/bin/perl XSLoader_pm.PL XSLoader.pm
cp XSLoader.pm blib/arch/XSLoader.pm
Manifying blib/man3/XSLoader.3
PERL_DL_NONLAZY=1 /Users/stas/perl5/perlbrew/perls/perl-5.8.9/bin/perl "-MExtUtils::Command::MM" "-MTest::Harness" "-e" "undef *Test::Harness::Switches; test_harness(0, 'blib/lib', 'blib/arch')" t/*.t
# testing XSLoader v0.16 under Perl 5.008009
t/00-load.t ... ok
t/01-api.t .... ok
t/distchk.t ... skipped: Test::Distribution required for checking distribution
t/pod.t ....... ok
t/podcover.t .. ok
t/portfs.t .... ok

#   Failed test 'calling XSLoader::load() with a XS module and an incorrect version'
#   at t/XSLoader.t line 82.
#                   'Can't load '/Users/stas/perl5/perlbrew/perls/perl-5.8.9/lib/5.8.9/darwin-2level/auto/Cwd/Cwd.bundle' for module Cwd: dlopen(/Users/stas/perl5/perlbrew/perls/perl-5.8.9/lib/5.8.9/darwin-2level/auto/Cwd/Cwd.bundle, 2): Symbol not found: _croak_xs_usage
#   Referenced from: /Users/stas/perl5/perlbrew/perls/perl-5.8.9/lib/5.8.9/darwin-2level/auto/Cwd/Cwd.bundle
#   Expected in: dynamic lookup
#  at t/XSLoader.t line 81.
# '
#     doesn't match '/^Cwd object version \S+ does not match bootstrap parameter 12345678/'

#   Failed test 'XSLoader::load(Cwd)'
#   at t/XSLoader.t line 86.
#          got: 'Can't load '/Users/stas/perl5/perlbrew/perls/perl-5.8.9/lib/5.8.9/darwin-2level/auto/Cwd/Cwd.bundle' for module Cwd: dlopen(/Users/stas/perl5/perlbrew/perls/perl-5.8.9/lib/5.8.9/darwin-2level/auto/Cwd/Cwd.bundle, 2): Symbol not found: _croak_xs_usage
#   Referenced from: /Users/stas/perl5/perlbrew/perls/perl-5.8.9/lib/5.8.9/darwin-2level/auto/Cwd/Cwd.bundle
#   Expected in: dynamic lookup
#  at t/XSLoader.t line 85.
# '
#     expected: ''

#   Failed test 'Cwd->can('fastcwd')'
#   at (eval 14) line 1.
#     Cwd->can('fastcwd') failed
# Looks like you failed 3 tests of 23.
t/XSLoader.t .. 
Dubious, test returned 3 (wstat 768, 0x300)
Failed 3/23 subtests 
	(less 1 skipped subtest: 19 okay)

Test Summary Report
-------------------
t/XSLoader.t (Wstat: 768 Tests: 23 Failed: 3)
  Failed tests:  8-10
  Non-zero exit status: 3
Files=7, Tests=29,  0 wallclock secs ( 0.03 usr  0.02 sys +  0.20 cusr  0.03 csys =  0.28 CPU)
Result: FAIL

------------------------------
PREREQUISITES
------------------------------

Prerequisite modules loaded:

    No requirements found

------------------------------
ENVIRONMENT AND OTHER CONTEXT
------------------------------

Environment variables:

    LANG = en_US.UTF-8
    LC_ALL = en_US.UTF-8
    LC_CTYPE = en_US.UTF-8
    PATH = /Users/stas/perl5/perlbrew/bin:/Users/stas/perl5/perlbrew/perls/perl-5.8.9/bin:/Users/stas/.vim/bin:/Users/stas/bin:/Users/stas/node_modules/.bin:/opt/local/Library/Frameworks/Python.framework/Versions/2.7/bin:/opt/local/lib/postgresql92/bin:/opt/local/bin:/opt/local/sbin:/usr/bin:/bin:/usr/sbin:/sbin:/usr/local/bin:/opt/X11/bin:/Users/stas/.vim/bin:/Users/stas/bin:/Users/stas/node_modules/.bin:/opt/local/Library/Frameworks/Python.framework/Versions/2.7/bin:/opt/local/lib/postgresql92/bin:/opt/local/bin:/opt/local/sbin
    PERLBREW_BASHRC_VERSION = 0.67
    PERLBREW_HOME = /Users/stas/.perlbrew
    PERLBREW_MANPATH = /Users/stas/perl5/perlbrew/perls/perl-5.8.9/man
    PERLBREW_PATH = /Users/stas/perl5/perlbrew/bin:/Users/stas/perl5/perlbrew/perls/perl-5.8.9/bin
    PERLBREW_PERL = perl-5.8.9
    PERLBREW_ROOT = /Users/stas/perl5/perlbrew
    PERLBREW_VERSION = 0.67
    PERL_MM_USE_DEFAULT = 1
    SHELL = /opt/local/bin/zsh
    TERM = screen
    TMPDIR = /var/folders/k7/cj2hxbn162362g2150r7t9480000gn/T/

Perl special variables (and OS-specific diagnostics, for MSWin32):

    EGID = 20 20 508 12 61 79 80 81 98 398 399 33 100 204
    EUID = 501
    EXECUTABLE_NAME = /Users/stas/perl5/perlbrew/perls/perl-5.8.9/bin/perl
    GID = 20 20 508 12 61 79 80 81 98 398 399 33 100 204
    UID = 501

Perl module toolchain versions installed:

    Module              Have    
    ------------------- --------
    CPAN                2.00    
    CPAN::Meta          2.140640
    Cwd                 3.40    
    ExtUtils::CBuilder  0.280216
    ExtUtils::Command   1.18    
    ExtUtils::Install   1.64    
    ExtUtils::MakeMaker 6.96    
    ExtUtils::Manifest  1.63    
    ExtUtils::ParseXS   3.24    
    File::Spec          3.40    
    JSON                2.90    
    JSON::PP            2.27203 
    Module::Build       0.4205  
    Module::Signature   0.73    
    Parse::CPAN::Meta   1.4414  
    Test::Harness       3.30    
    Test::More          1.001003
    YAML                0.90    
    YAML::Syck          1.27    
    version             0.9908  


--

Summary of my perl5 (revision 5 version 8 subversion 9) configuration:
  Platform:
    osname=darwin, osvers=13.0.0, archname=darwin-2level
    uname='darwin stas-macbook 13.0.0 darwin kernel version 13.0.0: thu sep 19 22:22:27 pdt 2013; root:xnu-2422.1.72~6release_x86_64 x86_64 '
    config_args='-de -Dprefix=/Users/stas/perl5/perlbrew/perls/perl-5.8.9 -Aeval:scriptdir=/Users/stas/perl5/perlbrew/perls/perl-5.8.9/bin'
    hint=recommended, useposix=true, d_sigaction=define
    usethreads=undef use5005threads=undef useithreads=undef usemultiplicity=undef
    useperlio=define d_sfio=undef uselargefiles=define usesocks=undef
    use64bitint=define use64bitall=define uselongdouble=undef
    usemymalloc=n, bincompat5005=undef
  Compiler:
    cc='cc', ccflags ='-fno-common -DPERL_DARWIN -fno-strict-aliasing -pipe -I/opt/local/include',
    optimize='-O3',
    cppflags='-fno-common -DPERL_DARWIN -fno-strict-aliasing -pipe -I/opt/local/include'
    ccversion='', gccversion='4.2.1 Compatible Apple LLVM 5.0 (clang-500.2.79)', gccosandvers=''
    intsize=4, longsize=8, ptrsize=8, doublesize=8, byteorder=12345678
    d_longlong=define, longlongsize=8, d_longdbl=define, longdblsize=16
    ivtype='long', ivsize=8, nvtype='double', nvsize=8, Off_t='off_t', lseeksize=8
    alignbytes=8, prototype=define
  Linker and Libraries:
    ld='env MACOSX_DEPLOYMENT_TARGET=10.3 cc', ldflags =' -L/usr/local/lib -L/opt/local/lib'
    libpth=/usr/local/lib /opt/local/lib /usr/lib
    libs=-lgdbm -ldbm -ldl -lm -lutil -lc
    perllibs=-ldl -lm -lutil -lc
    libc=, so=dylib, useshrplib=false, libperl=libperl.a
    gnulibc_version=''
  Dynamic Linking:
    dlsrc=dl_dlopen.xs, dlext=bundle, d_dlsymun=undef, ccdlflags=' '
    cccdlflags=' ', lddlflags=' -bundle -undefined dynamic_lookup -L/usr/local/lib -L/opt/local/lib'


Characteristics of this binary (from libperl): 
  Compile-time options: PERL_MALLOC_WRAP USE_64_BIT_ALL USE_64_BIT_INT
                        USE_FAST_STDIO USE_LARGE_FILES USE_PERLIO
  Built under darwin
  Compiled at Dec 25 2013 17:36:43
  %ENV:
    PERLBREW_BASHRC_VERSION="0.67"
    PERLBREW_HOME="/Users/stas/.perlbrew"
    PERLBREW_MANPATH="/Users/stas/perl5/perlbrew/perls/perl-5.8.9/man"
    PERLBREW_PATH="/Users/stas/perl5/perlbrew/bin:/Users/stas/perl5/perlbrew/perls/perl-5.8.9/bin"
    PERLBREW_PERL="perl-5.8.9"
    PERLBREW_ROOT="/Users/stas/perl5/perlbrew"
    PERLBREW_VERSION="0.67"
    PERL_MM_USE_DEFAULT="1"
  @INC:
    /Users/stas/perl5/perlbrew/perls/perl-5.8.9/lib/5.8.9/darwin-2level
    /Users/stas/perl5/perlbrew/perls/perl-5.8.9/lib/5.8.9
    /Users/stas/perl5/perlbrew/perls/perl-5.8.9/lib/site_perl/5.8.9/darwin-2level
    /Users/stas/perl5/perlbrew/perls/perl-5.8.9/lib/site_perl/5.8.9
    .