Report for Web-AssetLib-0.042

Back
From: metabase:user:314402c4-2aae-11df-837a-5e0a49663a4f
Subject: NA Web-AssetLib-0.042 v5.8.9 FreeBSD
Date: 2017-03-29T02:26:53Z

This distribution has been tested as part of the CPAN Testers
project, supporting the Perl programming language.  See
http://wiki.cpantesters.org/ for more information or email
questions to cpan-testers-discuss@perl.org


--
Dear Ryan Lang,

This is a computer-generated report for Web-AssetLib-0.042
on perl 5.8.9, created by CPAN-Reporter-1.2018.

Thank you for uploading your work to CPAN.  While attempting to build or test
this distribution, the distribution signaled that support is not available
either for this operating system or this version of Perl.  Nevertheless, any
diagnostic output produced is provided below for reference.  If this is not
what you expect, you may wish to consult the CPAN Testers Wiki:

http://wiki.cpantesters.org/wiki/CPANAuthorNotes

Sections of this report:

    * Tester comments
    * Program output
    * Prerequisites
    * Environment and other context

------------------------------
TESTER COMMENTS
------------------------------

Additional comments from tester:

none provided

------------------------------
PROGRAM OUTPUT
------------------------------

Output from './Build test':

# Compilation of Web::AssetLib::MinifierEngine failed: Perl v5.14.0 required--this is only v5.8.9, stopped at /usr/home/eserte/.cpan/build/2017032903/Web-AssetLib-0.042-1/blib/lib/Web/AssetLib/Role/Logger.pm line 7.
# BEGIN failed--compilation aborted at /usr/home/eserte/.cpan/build/2017032903/Web-AssetLib-0.042-1/blib/lib/Web/AssetLib/Role/Logger.pm line 7.
# Compilation failed in require at /usr/perl5.8.9/lib/site_perl/5.8.9/Module/Runtime.pm line 313.
# Compilation failed in require at /usr/perl5.8.9/lib/site_perl/5.8.9/Test/Compile/Internal.pm line 197.

#   Failed test 'blib/lib/Web/AssetLib/MinifierEngine.pm compiles'
#   at t/00_compile.t line 6.
# Compilation of Web::AssetLib::Util failed: Perl v5.14.0 required--this is only v5.8.9, stopped at /usr/home/eserte/.cpan/build/2017032903/Web-AssetLib-0.042-1/blib/lib/Web/AssetLib/Util.pm line 8.
# BEGIN failed--compilation aborted at /usr/home/eserte/.cpan/build/2017032903/Web-AssetLib-0.042-1/blib/lib/Web/AssetLib/Util.pm line 8.
# Compilation failed in require at /usr/perl5.8.9/lib/site_perl/5.8.9/Test/Compile/Internal.pm line 197.

#   Failed test 'blib/lib/Web/AssetLib/Util.pm compiles'
#   at t/00_compile.t line 6.
# Compilation of Web::AssetLib::Library failed: Perl v5.14.0 required--this is only v5.8.9, stopped at /usr/home/eserte/.cpan/build/2017032903/Web-AssetLib-0.042-1/blib/lib/Web/AssetLib/Util.pm line 8.
# BEGIN failed--compilation aborted at /usr/home/eserte/.cpan/build/2017032903/Web-AssetLib-0.042-1/blib/lib/Web/AssetLib/Util.pm line 8.
# Compilation failed in require at /usr/home/eserte/.cpan/build/2017032903/Web-AssetLib-0.042-1/blib/lib/Web/AssetLib/Asset.pm line 8.
# BEGIN failed--compilation aborted at /usr/home/eserte/.cpan/build/2017032903/Web-AssetLib-0.042-1/blib/lib/Web/AssetLib/Asset.pm line 8.
# Compilation failed in require at /usr/home/eserte/.cpan/build/2017032903/Web-AssetLib-0.042-1/blib/lib/Web/AssetLib/Library.pm line 8.
# BEGIN failed--compilation aborted at /usr/home/eserte/.cpan/build/2017032903/Web-AssetLib-0.042-1/blib/lib/Web/AssetLib/Library.pm line 8.
# Compilation failed in require at /usr/perl5.8.9/lib/site_perl/5.8.9/Test/Compile/Internal.pm line 197.

#   Failed test 'blib/lib/Web/AssetLib/Library.pm compiles'
#   at t/00_compile.t line 6.
# Compilation of Web::AssetLib::Bundle failed: Perl v5.14.0 required--this is only v5.8.9, stopped at /usr/home/eserte/.cpan/build/2017032903/Web-AssetLib-0.042-1/blib/lib/Web/AssetLib/Util.pm line 8.
# BEGIN failed--compilation aborted at /usr/home/eserte/.cpan/build/2017032903/Web-AssetLib-0.042-1/blib/lib/Web/AssetLib/Util.pm line 8.
# Compilation failed in require at /usr/home/eserte/.cpan/build/2017032903/Web-AssetLib-0.042-1/blib/lib/Web/AssetLib/Bundle.pm line 6.
# BEGIN failed--compilation aborted at /usr/home/eserte/.cpan/build/2017032903/Web-AssetLib-0.042-1/blib/lib/Web/AssetLib/Bundle.pm line 6.
# Compilation failed in require at /usr/perl5.8.9/lib/site_perl/5.8.9/Test/Compile/Internal.pm line 197.

#   Failed test 'blib/lib/Web/AssetLib/Bundle.pm compiles'
#   at t/00_compile.t line 6.
# Compilation of Web::AssetLib::Asset failed: Perl v5.14.0 required--this is only v5.8.9, stopped at /usr/home/eserte/.cpan/build/2017032903/Web-AssetLib-0.042-1/blib/lib/Web/AssetLib/Util.pm line 8.
# BEGIN failed--compilation aborted at /usr/home/eserte/.cpan/build/2017032903/Web-AssetLib-0.042-1/blib/lib/Web/AssetLib/Util.pm line 8.
# Compilation failed in require at /usr/home/eserte/.cpan/build/2017032903/Web-AssetLib-0.042-1/blib/lib/Web/AssetLib/Asset.pm line 8.
# BEGIN failed--compilation aborted at /usr/home/eserte/.cpan/build/2017032903/Web-AssetLib-0.042-1/blib/lib/Web/AssetLib/Asset.pm line 8.
# Compilation failed in require at /usr/perl5.8.9/lib/site_perl/5.8.9/Test/Compile/Internal.pm line 197.

#   Failed test 'blib/lib/Web/AssetLib/Asset.pm compiles'
#   at t/00_compile.t line 6.
# Compilation of Web::AssetLib::OutputEngine failed: Perl v5.14.0 required--this is only v5.8.9, stopped at /usr/home/eserte/.cpan/build/2017032903/Web-AssetLib-0.042-1/blib/lib/Web/AssetLib/OutputEngine.pm line 10.
# BEGIN failed--compilation aborted at /usr/home/eserte/.cpan/build/2017032903/Web-AssetLib-0.042-1/blib/lib/Web/AssetLib/OutputEngine.pm line 10.
# Compilation failed in require at /usr/perl5.8.9/lib/site_perl/5.8.9/Test/Compile/Internal.pm line 197.

#   Failed test 'blib/lib/Web/AssetLib/OutputEngine.pm compiles'
#   at t/00_compile.t line 6.
# Compilation of Web::AssetLib::InputEngine failed: Perl v5.14.0 required--this is only v5.8.9, stopped at /usr/home/eserte/.cpan/build/2017032903/Web-AssetLib-0.042-1/blib/lib/Web/AssetLib/Role/Logger.pm line 7.
# BEGIN failed--compilation aborted at /usr/home/eserte/.cpan/build/2017032903/Web-AssetLib-0.042-1/blib/lib/Web/AssetLib/Role/Logger.pm line 7.
# Compilation failed in require at /usr/perl5.8.9/lib/site_perl/5.8.9/Module/Runtime.pm line 313.
# Compilation failed in require at /usr/perl5.8.9/lib/site_perl/5.8.9/Test/Compile/Internal.pm line 197.

#   Failed test 'blib/lib/Web/AssetLib/InputEngine.pm compiles'
#   at t/00_compile.t line 6.
# Compilation of Web::AssetLib::Role::Logger failed: Perl v5.14.0 required--this is only v5.8.9, stopped at /usr/home/eserte/.cpan/build/2017032903/Web-AssetLib-0.042-1/blib/lib/Web/AssetLib/Role/Logger.pm line 7.
# BEGIN failed--compilation aborted at /usr/home/eserte/.cpan/build/2017032903/Web-AssetLib-0.042-1/blib/lib/Web/AssetLib/Role/Logger.pm line 7.
# Compilation failed in require at /usr/perl5.8.9/lib/site_perl/5.8.9/Test/Compile/Internal.pm line 197.

#   Failed test 'blib/lib/Web/AssetLib/Role/Logger.pm compiles'
#   at t/00_compile.t line 6.
# Compilation of Web::AssetLib::OutputEngine::String failed: Perl v5.14.0 required--this is only v5.8.9, stopped at /usr/home/eserte/.cpan/build/2017032903/Web-AssetLib-0.042-1/blib/lib/Web/AssetLib/Util.pm line 8.
# BEGIN failed--compilation aborted at /usr/home/eserte/.cpan/build/2017032903/Web-AssetLib-0.042-1/blib/lib/Web/AssetLib/Util.pm line 8.
# Compilation failed in require at /usr/home/eserte/.cpan/build/2017032903/Web-AssetLib-0.042-1/blib/lib/Web/AssetLib/OutputEngine/String.pm line 7.
# BEGIN failed--compilation aborted at /usr/home/eserte/.cpan/build/2017032903/Web-AssetLib-0.042-1/blib/lib/Web/AssetLib/OutputEngine/String.pm line 7.
# Compilation failed in require at /usr/perl5.8.9/lib/site_perl/5.8.9/Test/Compile/Internal.pm line 197.

#   Failed test 'blib/lib/Web/AssetLib/OutputEngine/String.pm compiles'
#   at t/00_compile.t line 6.
# Compilation of Web::AssetLib::OutputEngine::LocalFile failed: Perl v5.14.0 required--this is only v5.8.9, stopped at /usr/home/eserte/.cpan/build/2017032903/Web-AssetLib-0.042-1/blib/lib/Web/AssetLib/Util.pm line 8.
# BEGIN failed--compilation aborted at /usr/home/eserte/.cpan/build/2017032903/Web-AssetLib-0.042-1/blib/lib/Web/AssetLib/Util.pm line 8.
# Compilation failed in require at /usr/home/eserte/.cpan/build/2017032903/Web-AssetLib-0.042-1/blib/lib/Web/AssetLib/OutputEngine/LocalFile.pm line 7.
# BEGIN failed--compilation aborted at /usr/home/eserte/.cpan/build/2017032903/Web-AssetLib-0.042-1/blib/lib/Web/AssetLib/OutputEngine/LocalFile.pm line 7.
# Compilation failed in require at /usr/perl5.8.9/lib/site_perl/5.8.9/Test/Compile/Internal.pm line 197.

#   Failed test 'blib/lib/Web/AssetLib/OutputEngine/LocalFile.pm compiles'
#   at t/00_compile.t line 6.
# Compilation of Web::AssetLib::InputEngine::Content failed: Perl v5.14.0 required--this is only v5.8.9, stopped at /usr/home/eserte/.cpan/build/2017032903/Web-AssetLib-0.042-1/blib/lib/Web/AssetLib/Role/Logger.pm line 7.
# BEGIN failed--compilation aborted at /usr/home/eserte/.cpan/build/2017032903/Web-AssetLib-0.042-1/blib/lib/Web/AssetLib/Role/Logger.pm line 7.
# Compilation failed in require at /usr/perl5.8.9/lib/site_perl/5.8.9/Module/Runtime.pm line 313.
# Compilation failed in require at /usr/perl5.8.9/lib/site_perl/5.8.9/Module/Runtime.pm line 313.
# Compilation failed in require at /usr/perl5.8.9/lib/site_perl/5.8.9/Test/Compile/Internal.pm line 197.

#   Failed test 'blib/lib/Web/AssetLib/InputEngine/Content.pm compiles'
#   at t/00_compile.t line 6.
# Compilation of Web::AssetLib::InputEngine::RemoteFile failed: Perl v5.14.0 required--this is only v5.8.9, stopped at /usr/home/eserte/.cpan/build/2017032903/Web-AssetLib-0.042-1/blib/lib/Web/AssetLib/Role/Logger.pm line 7.
# BEGIN failed--compilation aborted at /usr/home/eserte/.cpan/build/2017032903/Web-AssetLib-0.042-1/blib/lib/Web/AssetLib/Role/Logger.pm line 7.
# Compilation failed in require at /usr/perl5.8.9/lib/site_perl/5.8.9/Module/Runtime.pm line 313.
# Compilation failed in require at /usr/perl5.8.9/lib/site_perl/5.8.9/Module/Runtime.pm line 313.
# Compilation failed in require at /usr/perl5.8.9/lib/site_perl/5.8.9/Test/Compile/Internal.pm line 197.

#   Failed test 'blib/lib/Web/AssetLib/InputEngine/RemoteFile.pm compiles'
#   at t/00_compile.t line 6.
# Compilation of Web::AssetLib::InputEngine::LocalFile failed: Perl v5.14.0 required--this is only v5.8.9, stopped at /usr/home/eserte/.cpan/build/2017032903/Web-AssetLib-0.042-1/blib/lib/Web/AssetLib/InputEngine/LocalFile.pm line 9.
# BEGIN failed--compilation aborted at /usr/home/eserte/.cpan/build/2017032903/Web-AssetLib-0.042-1/blib/lib/Web/AssetLib/InputEngine/LocalFile.pm line 9.
# Compilation failed in require at /usr/perl5.8.9/lib/site_perl/5.8.9/Test/Compile/Internal.pm line 197.

#   Failed test 'blib/lib/Web/AssetLib/InputEngine/LocalFile.pm compiles'
#   at t/00_compile.t line 6.
# Compilation of Web::AssetLib::MinifierEngine::Standard failed: Perl v5.14.0 required--this is only v5.8.9, stopped at /usr/home/eserte/.cpan/build/2017032903/Web-AssetLib-0.042-1/blib/lib/Web/AssetLib/Util.pm line 8.
# BEGIN failed--compilation aborted at /usr/home/eserte/.cpan/build/2017032903/Web-AssetLib-0.042-1/blib/lib/Web/AssetLib/Util.pm line 8.
# Compilation failed in require at /usr/home/eserte/.cpan/build/2017032903/Web-AssetLib-0.042-1/blib/lib/Web/AssetLib/MinifierEngine/Standard.pm line 7.
# BEGIN failed--compilation aborted at /usr/home/eserte/.cpan/build/2017032903/Web-AssetLib-0.042-1/blib/lib/Web/AssetLib/MinifierEngine/Standard.pm line 7.
# Compilation failed in require at /usr/perl5.8.9/lib/site_perl/5.8.9/Test/Compile/Internal.pm line 197.

#   Failed test 'blib/lib/Web/AssetLib/MinifierEngine/Standard.pm compiles'
#   at t/00_compile.t line 6.
# Compilation of Test::Web::AssetLib::TestRole failed: Perl v5.14.0 required--this is only v5.8.9, stopped at /usr/home/eserte/.cpan/build/2017032903/Web-AssetLib-0.042-1/blib/lib/Test/Web/AssetLib/TestRole.pm line 10.
# BEGIN failed--compilation aborted at /usr/home/eserte/.cpan/build/2017032903/Web-AssetLib-0.042-1/blib/lib/Test/Web/AssetLib/TestRole.pm line 10.
# Compilation failed in require at /usr/perl5.8.9/lib/site_perl/5.8.9/Test/Compile/Internal.pm line 197.

#   Failed test 'blib/lib/Test/Web/AssetLib/TestRole.pm compiles'
#   at t/00_compile.t line 6.
# Compilation of Test::Web::AssetLib::TestLibrary failed: Perl v5.14.0 required--this is only v5.8.9, stopped at /usr/home/eserte/.cpan/build/2017032903/Web-AssetLib-0.042-1/blib/lib/Web/AssetLib/InputEngine/LocalFile.pm line 9.
# BEGIN failed--compilation aborted at /usr/home/eserte/.cpan/build/2017032903/Web-AssetLib-0.042-1/blib/lib/Web/AssetLib/InputEngine/LocalFile.pm line 9.
# Compilation failed in require at /usr/home/eserte/.cpan/build/2017032903/Web-AssetLib-0.042-1/blib/lib/Test/Web/AssetLib/TestLibrary.pm line 7.
# BEGIN failed--compilation aborted at /usr/home/eserte/.cpan/build/2017032903/Web-AssetLib-0.042-1/blib/lib/Test/Web/AssetLib/TestLibrary.pm line 7.
# Compilation failed in require at /usr/perl5.8.9/lib/site_perl/5.8.9/Test/Compile/Internal.pm line 197.

#   Failed test 'blib/lib/Test/Web/AssetLib/TestLibrary.pm compiles'
#   at t/00_compile.t line 6.
# Looks like you failed 16 tests of 20.
t/00_compile.t ................. 
Dubious, test returned 16 (wstat 4096, 0x1000)
Failed 16/20 subtests 
Perl v5.14.0 required--this is only v5.8.9, stopped at /usr/home/eserte/.cpan/build/2017032903/Web-AssetLib-0.042-1/blib/lib/Web/AssetLib/Util.pm line 8.
BEGIN failed--compilation aborted at /usr/home/eserte/.cpan/build/2017032903/Web-AssetLib-0.042-1/blib/lib/Web/AssetLib/Util.pm line 8.
Compilation failed in require at /usr/home/eserte/.cpan/build/2017032903/Web-AssetLib-0.042-1/blib/lib/Web/AssetLib/Bundle.pm line 6.
BEGIN failed--compilation aborted at /usr/home/eserte/.cpan/build/2017032903/Web-AssetLib-0.042-1/blib/lib/Web/AssetLib/Bundle.pm line 6.
Compilation failed in require at t/20-Library.t line 16.
BEGIN failed--compilation aborted at t/20-Library.t line 16.
t/20-Library.t ................. skipped: (no reason given)
Perl v5.14.0 required--this is only v5.8.9, stopped at /usr/home/eserte/.cpan/build/2017032903/Web-AssetLib-0.042-1/blib/lib/Web/AssetLib/Util.pm line 8.
BEGIN failed--compilation aborted at /usr/home/eserte/.cpan/build/2017032903/Web-AssetLib-0.042-1/blib/lib/Web/AssetLib/Util.pm line 8.
Compilation failed in require at /usr/home/eserte/.cpan/build/2017032903/Web-AssetLib-0.042-1/blib/lib/Web/AssetLib/Bundle.pm line 6.
BEGIN failed--compilation aborted at /usr/home/eserte/.cpan/build/2017032903/Web-AssetLib-0.042-1/blib/lib/Web/AssetLib/Bundle.pm line 6.
Compilation failed in require at t/25-InputEngine-RemoteFile.t line 16.
BEGIN failed--compilation aborted at t/25-InputEngine-RemoteFile.t line 16.
t/25-InputEngine-RemoteFile.t .. skipped: (no reason given)
Perl v5.14.0 required--this is only v5.8.9, stopped at /usr/home/eserte/.cpan/build/2017032903/Web-AssetLib-0.042-1/blib/lib/Web/AssetLib/Util.pm line 8.
BEGIN failed--compilation aborted at /usr/home/eserte/.cpan/build/2017032903/Web-AssetLib-0.042-1/blib/lib/Web/AssetLib/Util.pm line 8.
Compilation failed in require at /usr/home/eserte/.cpan/build/2017032903/Web-AssetLib-0.042-1/blib/lib/Web/AssetLib/Bundle.pm line 6.
BEGIN failed--compilation aborted at /usr/home/eserte/.cpan/build/2017032903/Web-AssetLib-0.042-1/blib/lib/Web/AssetLib/Bundle.pm line 6.
Compilation failed in require at t/30-OutputEngine-LocalFile.t line 16.
BEGIN failed--compilation aborted at t/30-OutputEngine-LocalFile.t line 16.
t/30-OutputEngine-LocalFile.t .. skipped: (no reason given)
Perl v5.14.0 required--this is only v5.8.9, stopped at /usr/home/eserte/.cpan/build/2017032903/Web-AssetLib-0.042-1/blib/lib/Web/AssetLib/Util.pm line 8.
BEGIN failed--compilation aborted at /usr/home/eserte/.cpan/build/2017032903/Web-AssetLib-0.042-1/blib/lib/Web/AssetLib/Util.pm line 8.
Compilation failed in require at /usr/home/eserte/.cpan/build/2017032903/Web-AssetLib-0.042-1/blib/lib/Web/AssetLib/Bundle.pm line 6.
BEGIN failed--compilation aborted at /usr/home/eserte/.cpan/build/2017032903/Web-AssetLib-0.042-1/blib/lib/Web/AssetLib/Bundle.pm line 6.
Compilation failed in require at t/30-OutputEngine-String.t line 16.
BEGIN failed--compilation aborted at t/30-OutputEngine-String.t line 16.
t/30-OutputEngine-String.t ..... skipped: (no reason given)

Test Summary Report
-------------------
t/00_compile.t               (Wstat: 4096 Tests: 20 Failed: 16)
  Failed tests:  2-4, 6-15, 18-20
  Non-zero exit status: 16
t/20-Library.t               (Wstat: 65280 Tests: 0 Failed: 0)
  Non-zero exit status: 255
t/25-InputEngine-RemoteFile.t (Wstat: 65280 Tests: 0 Failed: 0)
  Non-zero exit status: 255
t/30-OutputEngine-LocalFile.t (Wstat: 65280 Tests: 0 Failed: 0)
  Non-zero exit status: 255
t/30-OutputEngine-String.t   (Wstat: 65280 Tests: 0 Failed: 0)
  Non-zero exit status: 255
Files=5, Tests=20, 43 wallclock secs ( 0.09 usr  0.05 sys + 25.14 cusr  1.71 csys = 26.99 CPU)
Result: FAIL

------------------------------
PREREQUISITES
------------------------------

Prerequisite modules loaded:

requires:

    Module                   Need  Have    
    ------------------------ ----- --------
    Data::Dump               0     1.22    
    HTML::Element            0     5.03    
    HTTP::Request            0     6.11    
    Log::Log4perl            0     1.49    
    LWP::UserAgent           0     6.24    
    Method::Signatures       0     20141021
    Moo                      0     2.003001
    Moose                    0     2.2001  
    MooseX::Aliases          0     0.11    
    MooseX::Log::Log4perl    0     0.47    
    Path::Tiny               0     0.098   
    Types::Standard          0     1.000006

build_requires:

    Module                   Need  Have    
    ------------------------ ----- --------
    CSS::Minifier::XS        0     0.09    
    JavaScript::Minifier::XS 0     0.11    
    LWP::Protocol::https     0     6.06    
    Test::Compile            0     v1.3.0  
    Test::More               0.98  1.302078
    Test::Most               0     0.35    

configure_requires:

    Module                   Need  Have    
    ------------------------ ----- --------
    Module::Build::Tiny      0.035 0.039   


------------------------------
ENVIRONMENT AND OTHER CONTEXT
------------------------------

Environment variables:

    LC_ALL = de_DE.ISO8859-1
    PATH = /usr/local/bin:/usr/bin:/bin:/usr/local/sbin:/usr/sbin:/sbin:/home/cpansand/bin/freebsd9.3:/home/cpansand/bin/sh:/home/cpansand/bin:/usr/games:/home/cpansand/devel:/usr/home/eserte/src/srezic-misc/scripts
    PERL5LIB = 
    PERL5OPT = 
    PERL5_CPANPLUS_IS_RUNNING = 56943
    PERL5_CPAN_IS_RUNNING = 56943
    PERL5_CPAN_IS_RUNNING_IN_RECURSION = 56891,56943
    PERLDOC = -MPod::Perldoc::ToTextOverstrike
    PERL_BATCH = yes
    PERL_CANARY_STABILITY_NOPROMPT = 1
    PERL_CPAN_REPORTER_CONFIG = /var/tmp/cpansmoker-1023/2017032903/cpanreporter_000_config.ini
    PERL_EXTUTILS_AUTOINSTALL = --defaultdeps
    SHELL = /usr/local/bin/zsh
    TERM = screen
    TMPDIR = /var/tmp/cpansmoker-1023/2017032903

Perl special variables (and OS-specific diagnostics, for MSWin32):

    $^X = /usr/perl5.8.9/bin/perl
    $UID/$EUID = 1023 / 1023
    $GID = 1023 1023
    $EGID = 1023 1023

Perl module toolchain versions installed:

    Module              Have    
    ------------------- --------
    CPAN                2.16    
    CPAN::Meta          2.150010
    Cwd                 3.62    
    ExtUtils::CBuilder  0.280224
    ExtUtils::Command   7.24    
    ExtUtils::Install   2.04    
    ExtUtils::MakeMaker 7.24    
    ExtUtils::Manifest  1.70    
    ExtUtils::ParseXS   3.30    
    File::Spec          3.62    
    JSON                2.90    
    JSON::PP            2.27400 
    Module::Build       0.4220  
    Module::Signature   0.79    
    Parse::CPAN::Meta   2.150010
    Test::Harness       3.36    
    Test::More          1.302078
    YAML                1.23    
    YAML::Syck          1.29    
    version             0.9914  


--

Summary of my perl5 (revision 5 version 8 subversion 9) configuration:
  Platform:
    osname=freebsd, osvers=9.2-release-p4, archname=amd64-freebsd
    uname='freebsd cvrsnica-freebsd-92 9.2-release-p4 freebsd 9.2-release-p4 #0: tue apr 8 18:08:22 utc 2014 root@amd64-builder.daemonology.net:usrobjusrsrcsysgeneric amd64 '
    config_args='-ds -e -Dprefix=/usr/perl5.8.9'
    hint=recommended, useposix=true, d_sigaction=define
    usethreads=undef use5005threads=undef useithreads=undef usemultiplicity=undef
    useperlio=define d_sfio=undef uselargefiles=define usesocks=undef
    use64bitint=define use64bitall=define uselongdouble=undef
    usemymalloc=n, bincompat5005=undef
  Compiler:
    cc='cc', ccflags ='-DHAS_FPSETMASK -DHAS_FLOATINGPOINT_H -fno-strict-aliasing -pipe -I/usr/local/include',
    optimize='-O',
    cppflags='-DHAS_FPSETMASK -DHAS_FLOATINGPOINT_H -fno-strict-aliasing -pipe -I/usr/local/include'
    ccversion='', gccversion='4.2.1 20070831 patched [FreeBSD]', gccosandvers=''
    intsize=4, longsize=8, ptrsize=8, doublesize=8, byteorder=12345678
    d_longlong=define, longlongsize=8, d_longdbl=define, longdblsize=16
    ivtype='long', ivsize=8, nvtype='double', nvsize=8, Off_t='off_t', lseeksize=8
    alignbytes=8, prototype=define
  Linker and Libraries:
    ld='cc', ldflags ='-Wl,-E  -L/usr/local/lib'
    libpth=/usr/lib /usr/local/lib
    libs=-lgdbm -lm -lcrypt -lutil -lc
    perllibs=-lm -lcrypt -lutil -lc
    libc=, so=so, useshrplib=false, libperl=libperl.a
    gnulibc_version=''
  Dynamic Linking:
    dlsrc=dl_dlopen.xs, dlext=so, d_dlsymun=undef, ccdlflags=' '
    cccdlflags='-DPIC -fPIC', lddlflags='-shared  -L/usr/local/lib'


Characteristics of this binary (from libperl): 
  Compile-time options: PERL_MALLOC_WRAP USE_64_BIT_ALL USE_64_BIT_INT
                        USE_FAST_STDIO USE_LARGE_FILES USE_PERLIO
  Built under freebsd
  Compiled at May 15 2014 22:27:57
  %ENV:
    PERL5LIB=""
    PERL5OPT=""
    PERL5_CPANPLUS_IS_RUNNING="56943"
    PERL5_CPAN_IS_RUNNING="56943"
    PERL5_CPAN_IS_RUNNING_IN_RECURSION="56891,56943"
    PERLDOC="-MPod::Perldoc::ToTextOverstrike"
    PERL_BATCH="yes"
    PERL_CANARY_STABILITY_NOPROMPT="1"
    PERL_CPAN_REPORTER_CONFIG="/var/tmp/cpansmoker-1023/2017032903/cpanreporter_000_config.ini"
    PERL_EXTUTILS_AUTOINSTALL="--defaultdeps"
  @INC:
    /usr/perl5.8.9/lib/5.8.9/amd64-freebsd
    /usr/perl5.8.9/lib/5.8.9
    /usr/perl5.8.9/lib/site_perl/5.8.9/amd64-freebsd
    /usr/perl5.8.9/lib/site_perl/5.8.9
    .