Report for DateTime-Event-NameDay-0.02

Back
From: metabase:user:0b91ce32-3676-11e1-a1bc-bfed0df65b4f
Subject: FAIL DateTime-Event-NameDay-0.02 v5.15.6 GNU/Linux
Date: 2012-02-12T10:49:01Z

This distribution has been tested as part of the CPAN Testers
project, supporting the Perl programming language.  See
http://wiki.cpantesters.org/ for more information or email
questions to cpan-testers-discuss@perl.org


--
Dear Benjamin Bennett,

This is a computer-generated report for DateTime-Event-NameDay-0.02
on perl 5.15.6, created by CPAN-Reporter-1.2003.

Thank you for uploading your work to CPAN.  However, there was a problem
testing your distribution.

If you think this report is invalid, please consult the CPAN Testers Wiki
for suggestions on how to avoid getting FAIL reports for missing library
or binary dependencies, unsupported operating systems, and so on:

http://wiki.cpantesters.org/wiki/CPANAuthorNotes

Sections of this report:

    * Tester comments
    * Program output
    * Prerequisites
    * Environment and other context

------------------------------
TESTER COMMENTS
------------------------------

Additional comments from tester:

none provided

------------------------------
PROGRAM OUTPUT
------------------------------

Output from './Build test':

Constant subroutine SCALAR redefined at /opt/perl-5.15.6/lib/site_perl/5.15.6/i686-linux-thread-multi-64int-ld/Params/Validate/XS.pm line 4294967295.
Constant subroutine ARRAYREF redefined at /opt/perl-5.15.6/lib/site_perl/5.15.6/i686-linux-thread-multi-64int-ld/Params/Validate/XS.pm line 4294967295.
Constant subroutine HASHREF redefined at /opt/perl-5.15.6/lib/site_perl/5.15.6/i686-linux-thread-multi-64int-ld/Params/Validate/XS.pm line 4294967295.
Constant subroutine CODEREF redefined at /opt/perl-5.15.6/lib/site_perl/5.15.6/i686-linux-thread-multi-64int-ld/Params/Validate/XS.pm line 4294967295.
Constant subroutine GLOB redefined at /opt/perl-5.15.6/lib/site_perl/5.15.6/i686-linux-thread-multi-64int-ld/Params/Validate/XS.pm line 4294967295.
Constant subroutine GLOBREF redefined at /opt/perl-5.15.6/lib/site_perl/5.15.6/i686-linux-thread-multi-64int-ld/Params/Validate/XS.pm line 4294967295.
Constant subroutine SCALARREF redefined at /opt/perl-5.15.6/lib/site_perl/5.15.6/i686-linux-thread-multi-64int-ld/Params/Validate/XS.pm line 4294967295.
Constant subroutine UNKNOWN redefined at /opt/perl-5.15.6/lib/site_perl/5.15.6/i686-linux-thread-multi-64int-ld/Params/Validate/XS.pm line 4294967295.
Constant subroutine UNDEF redefined at /opt/perl-5.15.6/lib/site_perl/5.15.6/i686-linux-thread-multi-64int-ld/Params/Validate/XS.pm line 4294967295.
Constant subroutine OBJECT redefined at /opt/perl-5.15.6/lib/site_perl/5.15.6/i686-linux-thread-multi-64int-ld/Params/Validate/XS.pm line 4294967295.
Constant subroutine HANDLE redefined at /opt/perl-5.15.6/lib/site_perl/5.15.6/i686-linux-thread-multi-64int-ld/Params/Validate/XS.pm line 4294967295.
Constant subroutine BOOLEAN redefined at /opt/perl-5.15.6/lib/site_perl/5.15.6/i686-linux-thread-multi-64int-ld/Params/Validate/XS.pm line 4294967295.
^* matches null string many times in regex; marked by <-- HERE in m/^* <-- HERE / at /root/.cpan/build/DateTime-Event-NameDay-0.02-7wUVl1/blib/lib/DateTime/Event/NameDay.pm line 273.
t/00load.t ......... ok
Constant subroutine SCALAR redefined at /opt/perl-5.15.6/lib/site_perl/5.15.6/i686-linux-thread-multi-64int-ld/Params/Validate/XS.pm line 4294967295.
Constant subroutine ARRAYREF redefined at /opt/perl-5.15.6/lib/site_perl/5.15.6/i686-linux-thread-multi-64int-ld/Params/Validate/XS.pm line 4294967295.
Constant subroutine HASHREF redefined at /opt/perl-5.15.6/lib/site_perl/5.15.6/i686-linux-thread-multi-64int-ld/Params/Validate/XS.pm line 4294967295.
Constant subroutine CODEREF redefined at /opt/perl-5.15.6/lib/site_perl/5.15.6/i686-linux-thread-multi-64int-ld/Params/Validate/XS.pm line 4294967295.
Constant subroutine GLOB redefined at /opt/perl-5.15.6/lib/site_perl/5.15.6/i686-linux-thread-multi-64int-ld/Params/Validate/XS.pm line 4294967295.
Constant subroutine GLOBREF redefined at /opt/perl-5.15.6/lib/site_perl/5.15.6/i686-linux-thread-multi-64int-ld/Params/Validate/XS.pm line 4294967295.
Constant subroutine SCALARREF redefined at /opt/perl-5.15.6/lib/site_perl/5.15.6/i686-linux-thread-multi-64int-ld/Params/Validate/XS.pm line 4294967295.
Constant subroutine UNKNOWN redefined at /opt/perl-5.15.6/lib/site_perl/5.15.6/i686-linux-thread-multi-64int-ld/Params/Validate/XS.pm line 4294967295.
Constant subroutine UNDEF redefined at /opt/perl-5.15.6/lib/site_perl/5.15.6/i686-linux-thread-multi-64int-ld/Params/Validate/XS.pm line 4294967295.
Constant subroutine OBJECT redefined at /opt/perl-5.15.6/lib/site_perl/5.15.6/i686-linux-thread-multi-64int-ld/Params/Validate/XS.pm line 4294967295.
Constant subroutine HANDLE redefined at /opt/perl-5.15.6/lib/site_perl/5.15.6/i686-linux-thread-multi-64int-ld/Params/Validate/XS.pm line 4294967295.
Constant subroutine BOOLEAN redefined at /opt/perl-5.15.6/lib/site_perl/5.15.6/i686-linux-thread-multi-64int-ld/Params/Validate/XS.pm line 4294967295.
^* matches null string many times in regex; marked by <-- HERE in m/^* <-- HERE / at /root/.cpan/build/DateTime-Event-NameDay-0.02-7wUVl1/blib/lib/DateTime/Event/NameDay.pm line 273.
"my" variable @names masks earlier declaration in same scope at t/01names.t line 30.
"my" variable $names masks earlier declaration in same scope at t/01names.t line 32.
t/01names.t ........ ok
Constant subroutine SCALAR redefined at /opt/perl-5.15.6/lib/site_perl/5.15.6/i686-linux-thread-multi-64int-ld/Params/Validate/XS.pm line 4294967295.
Constant subroutine ARRAYREF redefined at /opt/perl-5.15.6/lib/site_perl/5.15.6/i686-linux-thread-multi-64int-ld/Params/Validate/XS.pm line 4294967295.
Constant subroutine HASHREF redefined at /opt/perl-5.15.6/lib/site_perl/5.15.6/i686-linux-thread-multi-64int-ld/Params/Validate/XS.pm line 4294967295.
Constant subroutine CODEREF redefined at /opt/perl-5.15.6/lib/site_perl/5.15.6/i686-linux-thread-multi-64int-ld/Params/Validate/XS.pm line 4294967295.
Constant subroutine GLOB redefined at /opt/perl-5.15.6/lib/site_perl/5.15.6/i686-linux-thread-multi-64int-ld/Params/Validate/XS.pm line 4294967295.
Constant subroutine GLOBREF redefined at /opt/perl-5.15.6/lib/site_perl/5.15.6/i686-linux-thread-multi-64int-ld/Params/Validate/XS.pm line 4294967295.
Constant subroutine SCALARREF redefined at /opt/perl-5.15.6/lib/site_perl/5.15.6/i686-linux-thread-multi-64int-ld/Params/Validate/XS.pm line 4294967295.
Constant subroutine UNKNOWN redefined at /opt/perl-5.15.6/lib/site_perl/5.15.6/i686-linux-thread-multi-64int-ld/Params/Validate/XS.pm line 4294967295.
Constant subroutine UNDEF redefined at /opt/perl-5.15.6/lib/site_perl/5.15.6/i686-linux-thread-multi-64int-ld/Params/Validate/XS.pm line 4294967295.
Constant subroutine OBJECT redefined at /opt/perl-5.15.6/lib/site_perl/5.15.6/i686-linux-thread-multi-64int-ld/Params/Validate/XS.pm line 4294967295.
Constant subroutine HANDLE redefined at /opt/perl-5.15.6/lib/site_perl/5.15.6/i686-linux-thread-multi-64int-ld/Params/Validate/XS.pm line 4294967295.
Constant subroutine BOOLEAN redefined at /opt/perl-5.15.6/lib/site_perl/5.15.6/i686-linux-thread-multi-64int-ld/Params/Validate/XS.pm line 4294967295.
^* matches null string many times in regex; marked by <-- HERE in m/^* <-- HERE / at /root/.cpan/build/DateTime-Event-NameDay-0.02-7wUVl1/blib/lib/DateTime/Event/NameDay.pm line 273.
The 'second' parameter ("-1") to DateTime::new did not pass the 'an integer between 0 and 61' callback
 at /opt/perl-5.15.6/lib/site_perl/5.15.6/i686-linux-thread-multi-64int-ld/DateTime.pm line 200
	DateTime::new(undef, 'hour', 0, 'minute', 0, 'second', -1, 'month', 12, ...) called at /opt/perl-5.15.6/lib/site_perl/5.15.6/i686-linux-thread-multi-64int-ld/DateTime.pm line 565
	DateTime::from_object(undef, 'object', 'DateTime::Infinite::Future=HASH(0x971e1ac)') called at /opt/perl-5.15.6/lib/site_perl/5.15.6/DateTime/Calendar/Christian.pm line 197
	DateTime::Calendar::Christian::from_object('DateTime::Calendar::Christian', 'object', 'DateTime::Infinite::Future=HASH(0x971e1ac)', 'reform_date', 'DateTime=HASH(0x9d95898)') called at /root/.cpan/build/DateTime-Event-NameDay-0.02-7wUVl1/blib/lib/DateTime/Event/NameDay.pm line 182
	DateTime::Event::NameDay::_make_recurrence('DateTime::Infinite::Future=HASH(0x971e1ac)', 'DateTime=HASH(0x9d95898)', 1, 3, -1, 'HASH(0x98087fc)') called at /root/.cpan/build/DateTime-Event-NameDay-0.02-7wUVl1/blib/lib/DateTime/Event/NameDay.pm line 171
	DateTime::Event::NameDay::__ANON__('DateTime::Infinite::Future=HASH(0x971e1ac)') called at /opt/perl-5.15.6/lib/site_perl/5.15.6/DateTime/Set.pm line 223
	DateTime::Set::__ANON__('DateTime::Infinite::Future=HASH(0x9b8baa8)') called at /opt/perl-5.15.6/lib/site_perl/5.15.6/DateTime/Set.pm line 245
	DateTime::Set::from_recurrence('DateTime::Set', 'next', 'CODE(0x9d89b60)', 'previous', 'CODE(0x971dec8)') called at /root/.cpan/build/DateTime-Event-NameDay-0.02-7wUVl1/blib/lib/DateTime/Event/NameDay.pm line 174
	DateTime::Event::NameDay::get_namedays(undef, 'country', 'sweden', 'name', 'Alfred') called at t/02set.t line 27
# Looks like your test exited with 255 before it could output anything.
t/02set.t .......... 
Dubious, test returned 255 (wstat 65280, 0xff00)
Failed 2/2 subtests 
Constant subroutine SCALAR redefined at /opt/perl-5.15.6/lib/site_perl/5.15.6/i686-linux-thread-multi-64int-ld/Params/Validate/XS.pm line 4294967295.
Constant subroutine ARRAYREF redefined at /opt/perl-5.15.6/lib/site_perl/5.15.6/i686-linux-thread-multi-64int-ld/Params/Validate/XS.pm line 4294967295.
Constant subroutine HASHREF redefined at /opt/perl-5.15.6/lib/site_perl/5.15.6/i686-linux-thread-multi-64int-ld/Params/Validate/XS.pm line 4294967295.
Constant subroutine CODEREF redefined at /opt/perl-5.15.6/lib/site_perl/5.15.6/i686-linux-thread-multi-64int-ld/Params/Validate/XS.pm line 4294967295.
Constant subroutine GLOB redefined at /opt/perl-5.15.6/lib/site_perl/5.15.6/i686-linux-thread-multi-64int-ld/Params/Validate/XS.pm line 4294967295.
Constant subroutine GLOBREF redefined at /opt/perl-5.15.6/lib/site_perl/5.15.6/i686-linux-thread-multi-64int-ld/Params/Validate/XS.pm line 4294967295.
Constant subroutine SCALARREF redefined at /opt/perl-5.15.6/lib/site_perl/5.15.6/i686-linux-thread-multi-64int-ld/Params/Validate/XS.pm line 4294967295.
Constant subroutine UNKNOWN redefined at /opt/perl-5.15.6/lib/site_perl/5.15.6/i686-linux-thread-multi-64int-ld/Params/Validate/XS.pm line 4294967295.
Constant subroutine UNDEF redefined at /opt/perl-5.15.6/lib/site_perl/5.15.6/i686-linux-thread-multi-64int-ld/Params/Validate/XS.pm line 4294967295.
Constant subroutine OBJECT redefined at /opt/perl-5.15.6/lib/site_perl/5.15.6/i686-linux-thread-multi-64int-ld/Params/Validate/XS.pm line 4294967295.
Constant subroutine HANDLE redefined at /opt/perl-5.15.6/lib/site_perl/5.15.6/i686-linux-thread-multi-64int-ld/Params/Validate/XS.pm line 4294967295.
Constant subroutine BOOLEAN redefined at /opt/perl-5.15.6/lib/site_perl/5.15.6/i686-linux-thread-multi-64int-ld/Params/Validate/XS.pm line 4294967295.
^* matches null string many times in regex; marked by <-- HERE in m/^* <-- HERE / at /root/.cpan/build/DateTime-Event-NameDay-0.02-7wUVl1/blib/lib/DateTime/Event/NameDay.pm line 273.
Use of uninitialized value $DateTime::Event::NameDay::slovakia::scar in concatenation (.) or string at /root/.cpan/build/DateTime-Event-NameDay-0.02-7wUVl1/blib/lib/DateTime/Event/NameDay/slovakia.pm line 11.
Use of uninitialized value $DateTime::Event::NameDay::slovakia::scar in concatenation (.) or string at /root/.cpan/build/DateTime-Event-NameDay-0.02-7wUVl1/blib/lib/DateTime/Event/NameDay/slovakia.pm line 11.
t/03countries.t .... ok
Constant subroutine SCALAR redefined at /opt/perl-5.15.6/lib/site_perl/5.15.6/i686-linux-thread-multi-64int-ld/Params/Validate/XS.pm line 4294967295.
Constant subroutine ARRAYREF redefined at /opt/perl-5.15.6/lib/site_perl/5.15.6/i686-linux-thread-multi-64int-ld/Params/Validate/XS.pm line 4294967295.
Constant subroutine HASHREF redefined at /opt/perl-5.15.6/lib/site_perl/5.15.6/i686-linux-thread-multi-64int-ld/Params/Validate/XS.pm line 4294967295.
Constant subroutine CODEREF redefined at /opt/perl-5.15.6/lib/site_perl/5.15.6/i686-linux-thread-multi-64int-ld/Params/Validate/XS.pm line 4294967295.
Constant subroutine GLOB redefined at /opt/perl-5.15.6/lib/site_perl/5.15.6/i686-linux-thread-multi-64int-ld/Params/Validate/XS.pm line 4294967295.
Constant subroutine GLOBREF redefined at /opt/perl-5.15.6/lib/site_perl/5.15.6/i686-linux-thread-multi-64int-ld/Params/Validate/XS.pm line 4294967295.
Constant subroutine SCALARREF redefined at /opt/perl-5.15.6/lib/site_perl/5.15.6/i686-linux-thread-multi-64int-ld/Params/Validate/XS.pm line 4294967295.
Constant subroutine UNKNOWN redefined at /opt/perl-5.15.6/lib/site_perl/5.15.6/i686-linux-thread-multi-64int-ld/Params/Validate/XS.pm line 4294967295.
Constant subroutine UNDEF redefined at /opt/perl-5.15.6/lib/site_perl/5.15.6/i686-linux-thread-multi-64int-ld/Params/Validate/XS.pm line 4294967295.
Constant subroutine OBJECT redefined at /opt/perl-5.15.6/lib/site_perl/5.15.6/i686-linux-thread-multi-64int-ld/Params/Validate/XS.pm line 4294967295.
Constant subroutine HANDLE redefined at /opt/perl-5.15.6/lib/site_perl/5.15.6/i686-linux-thread-multi-64int-ld/Params/Validate/XS.pm line 4294967295.
Constant subroutine BOOLEAN redefined at /opt/perl-5.15.6/lib/site_perl/5.15.6/i686-linux-thread-multi-64int-ld/Params/Validate/XS.pm line 4294967295.
^* matches null string many times in regex; marked by <-- HERE in m/^* <-- HERE / at /root/.cpan/build/DateTime-Event-NameDay-0.02-7wUVl1/blib/lib/DateTime/Event/NameDay.pm line 273.
"my" variable @names masks earlier declaration in same scope at t/04constructor.t line 32.
"my" variable $names masks earlier declaration in same scope at t/04constructor.t line 34.
t/04constructor.t .. ok

Test Summary Report
-------------------
t/02set.t        (Wstat: 65280 Tests: 0 Failed: 0)
  Non-zero exit status: 255
  Parse errors: Bad plan.  You planned 2 tests but ran 0.
Files=5, Tests=9,  5 wallclock secs ( 0.09 usr  0.02 sys +  3.49 cusr  0.24 csys =  3.84 CPU)
Result: FAIL
Failed 1/5 test programs. 0/9 subtests failed.

------------------------------
PREREQUISITES
------------------------------

Prerequisite modules loaded:

requires:

    Module                        Need Have
    ----------------------------- ---- ----
    Carp                          0    1.24
    DateTime                      0    0.72
    DateTime::Calendar::Christian 0    0.04
    DateTime::Set                 0    0.31
    Params::Validate              0.52 1.03
    Test::More                    0    0.98


------------------------------
ENVIRONMENT AND OTHER CONTEXT
------------------------------

Environment variables:

    LANG = en_US.UTF-8
    PATH = /usr/kerberos/sbin:/usr/kerberos/bin:/usr/local/sbin:/usr/local/bin:/sbin:/bin:/usr/sbin:/usr/bin:/opt/real/RealPlayer:/root/bin:/opt/real/RealPlayer
    PERL5LIB = 
    PERL5OPT = 
    PERL5_CPANPLUS_IS_RUNNING = 13496
    PERL5_CPAN_IS_RUNNING = 13496
    SHELL = /bin/bash
    TERM = xterm

Perl special variables (and OS-specific diagnostics, for MSWin32):

    $^X = /opt/perl-5.15.6/bin/perl
    $UID/$EUID = 0 / 0
    $GID = 0 0 1 2 3 4 6 10
    $EGID = 0 0 1 2 3 4 6 10

Perl module toolchain versions installed:

    Module              Have    
    ------------------- --------
    CPAN                1.9800  
    CPAN::Meta          2.120351
    Cwd                 3.33    
    ExtUtils::CBuilder  0.280202
    ExtUtils::Command   1.17    
    ExtUtils::Install   1.54    
    ExtUtils::MakeMaker 6.62    
    ExtUtils::Manifest  1.60    
    ExtUtils::ParseXS   3.15    
    File::Spec          3.33    
    JSON                2.53    
    JSON::PP            2.27200 
    Module::Build       0.3800  
    Module::Signature   0.68    
    Parse::CPAN::Meta   1.4402  
    Test::Harness       3.23    
    Test::More          0.98    
    YAML                0.78    
    YAML::Syck          1.19    
    version             0.96    


--

Summary of my perl5 (revision 5 version 15 subversion 6) configuration:
   
  Platform:
    osname=linux, osvers=2.6.18-1.2798.fc6, archname=i686-linux-thread-multi-64int-ld
    uname='linux localhost.localdomain 2.6.18-1.2798.fc6 #1 smp mon oct 16 14:37:32 edt 2006 i686 i686 i386 gnulinux '
    config_args='-Dprefix=/opt/perl-5.15.6 -Dusedevel -Dusethreads -Uuselargefiles -Duse64bitint -Duselongdoubles -Duseshrplib'
    hint=recommended, useposix=true, d_sigaction=define
    useithreads=define, usemultiplicity=define
    useperlio=define, d_sfio=undef, uselargefiles=define, usesocks=undef
    use64bitint=define, use64bitall=undef, uselongdouble=define
    usemymalloc=n, bincompat5005=undef
  Compiler:
    cc='cc', ccflags ='-D_REENTRANT -D_GNU_SOURCE -fno-strict-aliasing -pipe -fstack-protector -I/usr/local/include -D_LARGEFILE_SOURCE -D_FILE_OFFSET_BITS=64',
    optimize='-O2',
    cppflags='-D_REENTRANT -D_GNU_SOURCE -fno-strict-aliasing -pipe -fstack-protector -I/usr/local/include'
    ccversion='', gccversion='4.1.1 20061011 (Red Hat 4.1.1-30)', gccosandvers=''
    intsize=4, longsize=4, ptrsize=4, doublesize=8, byteorder=12345678
    d_longlong=define, longlongsize=8, d_longdbl=define, longdblsize=12
    ivtype='long long', ivsize=8, nvtype='long double', nvsize=12, Off_t='off_t', lseeksize=8
    alignbytes=4, prototype=define
  Linker and Libraries:
    ld='cc', ldflags =' -fstack-protector -L/usr/local/lib'
    libpth=/usr/local/lib /lib /usr/lib
    libs=-lnsl -lgdbm -ldb -ldl -lm -lcrypt -lutil -lpthread -lc
    perllibs=-lnsl -ldl -lm -lcrypt -lutil -lpthread -lc
    libc=/lib/libc-2.5.so, so=so, useshrplib=true, libperl=libperl.so
    gnulibc_version='2.5'
  Dynamic Linking:
    dlsrc=dl_dlopen.xs, dlext=so, d_dlsymun=undef, ccdlflags='-Wl,-E -Wl,-rpath,/opt/perl-5.15.6/lib/5.15.6/i686-linux-thread-multi-64int-ld/CORE'
    cccdlflags='-fPIC', lddlflags='-shared -O2 -L/usr/local/lib -fstack-protector'


Characteristics of this binary (from libperl): 
  Compile-time options: HAS_TIMES MULTIPLICITY PERLIO_LAYERS
                        PERL_DONT_CREATE_GVSV PERL_IMPLICIT_CONTEXT
                        PERL_MALLOC_WRAP PERL_PRESERVE_IVUV PERL_USE_DEVEL
                        USE_64_BIT_INT USE_FAST_STDIO USE_ITHREADS
                        USE_LARGE_FILES USE_LOCALE USE_LOCALE_COLLATE
                        USE_LOCALE_CTYPE USE_LOCALE_NUMERIC USE_LONG_DOUBLE
                        USE_PERLIO USE_PERL_ATOF USE_REENTRANT_API
  Built under linux
  Compiled at Dec 24 2011 00:09:58
  %ENV:
    PERL5LIB=""
    PERL5OPT=""
    PERL5_CPANPLUS_IS_RUNNING="13496"
    PERL5_CPAN_IS_RUNNING="13496"
  @INC:
    /opt/perl-5.15.6/lib/site_perl/5.15.6/i686-linux-thread-multi-64int-ld
    /opt/perl-5.15.6/lib/site_perl/5.15.6
    /opt/perl-5.15.6/lib/5.15.6/i686-linux-thread-multi-64int-ld
    /opt/perl-5.15.6/lib/5.15.6
    .