Back
From: metabase:user:320bfe00-2aae-11df-837a-5e0a49663a4f
Subject: FAIL Data-Dumper-OneLine-0.02 v5.21.0 GNU/Linux
Date: 2014-06-12T06:17:04Z
This distribution has been tested as part of the CPAN Testers
project, supporting the Perl programming language. See
http://wiki.cpantesters.org/ for more information or email
questions to cpan-testers-discuss@perl.org
--
Dear Hiroki Honda,
This is a computer-generated report for Data-Dumper-OneLine-0.02
on perl 5.21.0, created by CPAN-Reporter-1.2011.
Thank you for uploading your work to CPAN. However, there was a problem
testing your distribution.
If you think this report is invalid, please consult the CPAN Testers Wiki
for suggestions on how to avoid getting FAIL reports for missing library
or binary dependencies, unsupported operating systems, and so on:
http://wiki.cpantesters.org/wiki/CPANAuthorNotes
Sections of this report:
* Tester comments
* Program output
* Prerequisites
* Environment and other context
------------------------------
TESTER COMMENTS
------------------------------
Additional comments from tester:
this report is from an automated smoke testing program
and was not reviewed by a human for accuracy
------------------------------
PROGRAM OUTPUT
------------------------------
Output from './Build test':
# Failed test 'use Data::Dumper::OneLine;'
# at t/00_compile.t line 4.
# Tried to use 'Data::Dumper::OneLine'.
# Error: Can't locate Data/Recursive/Encode.pm in @INC (you may need to install the Data::Recursive::Encode module) (@INC contains: /tmp/loop_over_bdir-5301-7M4TIS/Data-Dumper-OneLine-0.02-prJdld/blib/lib /tmp/loop_over_bdir-5301-7M4TIS/Data-Dumper-OneLine-0.02-prJdld/blib/arch /tmp/loop_over_bdir-5301-7M4TIS/Data-Dumper-OneLine-0.02-prJdld/_build/lib /home/sand/src/perl/repoperls/installed-perls/perl/v5.21.0/9980/lib/site_perl/5.21.0/x86_64-linux-thread-multi /home/sand/src/perl/repoperls/installed-perls/perl/v5.21.0/9980/lib/site_perl/5.21.0 /home/sand/src/perl/repoperls/installed-perls/perl/v5.21.0/9980/lib/5.21.0/x86_64-linux-thread-multi /home/sand/src/perl/repoperls/installed-perls/perl/v5.21.0/9980/lib/5.21.0 .) at /tmp/loop_over_bdir-5301-7M4TIS/Data-Dumper-OneLine-0.02-prJdld/blib/lib/Data/Dumper/OneLine.pm line 6.
# BEGIN failed--compilation aborted at /tmp/loop_over_bdir-5301-7M4TIS/Data-Dumper-OneLine-0.02-prJdld/blib/lib/Data/Dumper/OneLine.pm line 6.
# Compilation failed in require at t/00_compile.t line 4.
# BEGIN failed--compilation aborted at t/00_compile.t line 4.
# Looks like you failed 1 test of 1.
t/00_compile.t ..
Dubious, test returned 1 (wstat 256, 0x100)
Failed 1/1 subtests
Can't locate Data/Recursive/Encode.pm in @INC (you may need to install the Data::Recursive::Encode module) (@INC contains: t/lib /tmp/loop_over_bdir-5301-7M4TIS/Data-Dumper-OneLine-0.02-prJdld/blib/lib /tmp/loop_over_bdir-5301-7M4TIS/Data-Dumper-OneLine-0.02-prJdld/blib/arch /tmp/loop_over_bdir-5301-7M4TIS/Data-Dumper-OneLine-0.02-prJdld/_build/lib /home/sand/src/perl/repoperls/installed-perls/perl/v5.21.0/9980/lib/site_perl/5.21.0/x86_64-linux-thread-multi /home/sand/src/perl/repoperls/installed-perls/perl/v5.21.0/9980/lib/site_perl/5.21.0 /home/sand/src/perl/repoperls/installed-perls/perl/v5.21.0/9980/lib/5.21.0/x86_64-linux-thread-multi /home/sand/src/perl/repoperls/installed-perls/perl/v5.21.0/9980/lib/5.21.0 .) at /tmp/loop_over_bdir-5301-7M4TIS/Data-Dumper-OneLine-0.02-prJdld/blib/lib/Data/Dumper/OneLine.pm line 6.
BEGIN failed--compilation aborted at /tmp/loop_over_bdir-5301-7M4TIS/Data-Dumper-OneLine-0.02-prJdld/blib/lib/Data/Dumper/OneLine.pm line 6.
Compilation failed in require at t/basic.t line 7.
BEGIN failed--compilation aborted at t/basic.t line 7.
t/basic.t .......
Dubious, test returned 2 (wstat 512, 0x200)
No subtests run
Can't locate Data/Recursive/Encode.pm in @INC (you may need to install the Data::Recursive::Encode module) (@INC contains: t/lib /tmp/loop_over_bdir-5301-7M4TIS/Data-Dumper-OneLine-0.02-prJdld/blib/lib /tmp/loop_over_bdir-5301-7M4TIS/Data-Dumper-OneLine-0.02-prJdld/blib/arch /tmp/loop_over_bdir-5301-7M4TIS/Data-Dumper-OneLine-0.02-prJdld/_build/lib /home/sand/src/perl/repoperls/installed-perls/perl/v5.21.0/9980/lib/site_perl/5.21.0/x86_64-linux-thread-multi /home/sand/src/perl/repoperls/installed-perls/perl/v5.21.0/9980/lib/site_perl/5.21.0 /home/sand/src/perl/repoperls/installed-perls/perl/v5.21.0/9980/lib/5.21.0/x86_64-linux-thread-multi /home/sand/src/perl/repoperls/installed-perls/perl/v5.21.0/9980/lib/5.21.0 .) at /tmp/loop_over_bdir-5301-7M4TIS/Data-Dumper-OneLine-0.02-prJdld/blib/lib/Data/Dumper/OneLine.pm line 6.
BEGIN failed--compilation aborted at /tmp/loop_over_bdir-5301-7M4TIS/Data-Dumper-OneLine-0.02-prJdld/blib/lib/Data/Dumper/OneLine.pm line 6.
Compilation failed in require at t/encoding.t line 6.
BEGIN failed--compilation aborted at t/encoding.t line 6.
t/encoding.t ....
Dubious, test returned 2 (wstat 512, 0x200)
No subtests run
Test Summary Report
-------------------
t/00_compile.t (Wstat: 256 Tests: 1 Failed: 1)
Failed test: 1
Non-zero exit status: 1
t/basic.t (Wstat: 512 Tests: 0 Failed: 0)
Non-zero exit status: 2
Parse errors: No plan found in TAP output
t/encoding.t (Wstat: 512 Tests: 0 Failed: 0)
Non-zero exit status: 2
Parse errors: No plan found in TAP output
Files=3, Tests=1, 0 wallclock secs ( 0.02 usr 0.00 sys + 0.06 cusr 0.02 csys = 0.10 CPU)
Result: FAIL
Failed 3/3 test programs. 1/1 subtests failed.
------------------------------
PREREQUISITES
------------------------------
Prerequisite modules loaded:
requires:
Module Need Have
------------------- -------- --------
perl 5.008005 5.021000
build_requires:
Module Need Have
------------------- -------- --------
ExtUtils::CBuilder 0 0.280216
Test::More 0.98 1.001003
configure_requires:
Module Need Have
------------------- -------- --------
CPAN::Meta 0 2.141520
CPAN::Meta::Prereqs 0 2.141520
Module::Build 0.38 0.4205
------------------------------
ENVIRONMENT AND OTHER CONTEXT
------------------------------
Environment variables:
AUTOMATED_TESTING = 1
LANG = en_US.UTF-8
LANGUAGE = en_US:en
PATH = /usr/lib/ccache:/home/sand/bin:/usr/local/bin:/usr/bin:/bin:/usr/games:/usr/local/perl/bin:/usr/X11/bin:/sbin:/usr/sbin
PERL5LIB =
PERL5OPT =
PERL5_CPANPLUS_IS_RUNNING = 5302
PERL5_CPAN_IS_RUNNING = 5302
PERL_MM_USE_DEFAULT = 1
SHELL = /usr/bin/zsh
TERM = screen
Perl special variables (and OS-specific diagnostics, for MSWin32):
$^X = /home/sand/src/perl/repoperls/installed-perls/perl/v5.21.0/9980/bin/perl
$UID/$EUID = 1005 / 1005
$GID = 1005 1005
$EGID = 1005 1005
Perl module toolchain versions installed:
Module Have
------------------- --------
CPAN 2.05
CPAN::Meta 2.141520
Cwd 3.47
ExtUtils::CBuilder 0.280216
ExtUtils::Command 1.18
ExtUtils::Install 1.67
ExtUtils::MakeMaker 6.98
ExtUtils::Manifest 1.63
ExtUtils::ParseXS 3.24
File::Spec 3.47
JSON 2.90
JSON::PP 2.27203
Module::Build 0.4205
Module::Signature 0.73
Parse::CPAN::Meta 1.4414
Test::Harness 3.32
Test::More 1.001003
YAML 0.92
YAML::Syck 1.28_01
version 0.9908
--
Summary of my perl5 (revision 5 version 21 subversion 0) configuration:
Commit id: a1cd002ea458184fef7f26c878e4e28b5241458d
Platform:
osname=linux, osvers=3.14-1-amd64, archname=x86_64-linux-thread-multi
uname='linux k83 3.14-1-amd64 #1 smp debian 3.14.5-1 (2014-06-05) x86_64 gnulinux '
config_args='-Dprefix=/home/sand/src/perl/repoperls/installed-perls/perl/v5.21.0/9980 -Dmyhostname=k83 -Dinstallusrbinperl=n -Uversiononly -Dusedevel -des -Ui_db -Duseithreads -Uuselongdouble -DDEBUGGING=-g'
hint=recommended, useposix=true, d_sigaction=define
useithreads=define, usemultiplicity=define
use64bitint=define, use64bitall=define, uselongdouble=undef
usemymalloc=n, bincompat5005=undef
Compiler:
cc='cc', ccflags ='-D_REENTRANT -D_GNU_SOURCE -fwrapv -fno-strict-aliasing -pipe -fstack-protector -I/usr/local/include -D_LARGEFILE_SOURCE -D_FILE_OFFSET_BITS=64',
optimize='-O2 -g',
cppflags='-D_REENTRANT -D_GNU_SOURCE -fwrapv -fno-strict-aliasing -pipe -fstack-protector -I/usr/local/include'
ccversion='', gccversion='4.8.3', gccosandvers=''
intsize=4, longsize=8, ptrsize=8, doublesize=8, byteorder=12345678
d_longlong=define, longlongsize=8, d_longdbl=define, longdblsize=16
ivtype='long', ivsize=8, nvtype='double', nvsize=8, Off_t='off_t', lseeksize=8
alignbytes=8, prototype=define
Linker and Libraries:
ld='cc', ldflags =' -fstack-protector -L/usr/local/lib'
libpth=/usr/local/lib /usr/lib/gcc/x86_64-linux-gnu/4.8/include-fixed /usr/include/x86_64-linux-gnu /usr/lib /lib/x86_64-linux-gnu /lib/../lib /usr/lib/x86_64-linux-gnu /usr/lib/../lib /lib
libs=-lnsl -lgdbm -ldb -ldl -lm -lcrypt -lutil -lpthread -lc -lgdbm_compat
perllibs=-lnsl -ldl -lm -lcrypt -lutil -lpthread -lc
libc=libc-2.19.so, so=so, useshrplib=false, libperl=libperl.a
gnulibc_version='2.19'
Dynamic Linking:
dlsrc=dl_dlopen.xs, dlext=so, d_dlsymun=undef, ccdlflags='-Wl,-E'
cccdlflags='-fPIC', lddlflags='-shared -O2 -g -L/usr/local/lib -fstack-protector'
Characteristics of this binary (from libperl):
Compile-time options: HAS_TIMES MULTIPLICITY PERLIO_LAYERS
PERL_DONT_CREATE_GVSV
PERL_HASH_FUNC_ONE_AT_A_TIME_HARD
PERL_IMPLICIT_CONTEXT PERL_MALLOC_WRAP
PERL_NEW_COPY_ON_WRITE PERL_PRESERVE_IVUV
PERL_USE_DEVEL USE_64_BIT_ALL USE_64_BIT_INT
USE_ITHREADS USE_LARGE_FILES USE_LOCALE
USE_LOCALE_COLLATE USE_LOCALE_CTYPE
USE_LOCALE_NUMERIC USE_PERLIO USE_PERL_ATOF
USE_REENTRANT_API
Built under linux
Compiled at Jun 10 2014 09:04:11
%ENV:
PERL5LIB=""
PERL5OPT=""
PERL5_CPANPLUS_IS_RUNNING="5302"
PERL5_CPAN_IS_RUNNING="5302"
PERL_MM_USE_DEFAULT="1"
@INC:
/home/sand/src/perl/repoperls/installed-perls/perl/v5.21.0/9980/lib/site_perl/5.21.0/x86_64-linux-thread-multi
/home/sand/src/perl/repoperls/installed-perls/perl/v5.21.0/9980/lib/site_perl/5.21.0
/home/sand/src/perl/repoperls/installed-perls/perl/v5.21.0/9980/lib/5.21.0/x86_64-linux-thread-multi
/home/sand/src/perl/repoperls/installed-perls/perl/v5.21.0/9980/lib/5.21.0
.