Terse v0.20 Perl 5 v5.20.3 MSWin32-x86-multi-thread-64int
- Status
- Fail
- From
- NONAME
- Dist
-
Terse v0.20
- Platform
- Perl 5 v5.20.3 MSWin32-x86-multi-thread-64int
- Date
- 2023-09-09 08:30:12
- ID
- 2cf63ba0-6cfb-1014-a88b-fac7e3396204
This distribution has been tested as part of the CPAN Testers
project, supporting the Perl programming language. See
http://wiki.cpantesters.org/ for more information or email
questions to cpan-testers-discuss@perl.org
--
Dear Robert Acock,
This is a computer-generated report for Terse-0.20
on perl 5.20.3, created by CPAN-Reporter-1.2018.
Thank you for uploading your work to CPAN. However, there was a problem
testing your distribution.
If you think this report is invalid, please consult the CPAN Testers Wiki
for suggestions on how to avoid getting FAIL reports for missing library
or binary dependencies, unsupported operating systems, and so on:
http://wiki.cpantesters.org/wiki/CPANAuthorNotes
Sections of this report:
* Tester comments
* Program output
* Prerequisites
* Environment and other context
------------------------------
TESTER COMMENTS
------------------------------
Additional comments from tester:
none provided
------------------------------
PROGRAM OUTPUT
------------------------------
Output from 'c:\Strawberry\c\bin\dmake.exe test':
C:\"Strawberry\perl\bin\perl.exe" "-MExtUtils::Command::MM" "-MTest::Harness" "-e" "undef *Test::Harness::Switches; test_harness(0, 'blib\lib', 'blib\arch')" t/*.t
# Testing Terse 0.20, Perl 5.020003, C:\Strawberry\perl\bin\perl.exe
t/000-load.t .............. ok
t/001-basic.t ............. ok
t/100-terse-new.t ......... ok
# Failed test 'instance is array - is_deeply'
# at C:\home\grape\perl5\lib\perl5/Test/Instruction.pm line 288.
# Structures begin differing at:
# $got->[1][3] = 'sid=d14b87d8df67517f42ea35ea9630b545fb99be174e328de50ce789c32bf668b3; path=/; expires=Wed, 18-Jul-2018 13:54:57 GMT; secure'
# $expected->[1][3] = 'sid=d14b87d8df67517f42ea35ea9630b545fb99be174e328de50ce789c32bf668b3; path=/; expires=Wed, 18-Jul-2018 13:54:57 GMT; SameSite=None; secure'
# Failed test 'instructions: Success Test - tested 1 instructions - success: 0 - failure: 1'
# at C:\home\grape\perl5\lib\perl5/Test/Instruction.pm line 425.
# Looks like you failed 2 tests of 9.
t/101-terse-run.t .........
Dubious, test returned 2 (wstat 512, 0x200)
Failed 2/9 subtests
t/102-terse-to_app.t ...... ok
t/103-terse_logger.t ...... ok
t/104-terse_logError.t .... ok
t/105-terse_logInfo.t ..... ok
t/106-terse_raiseError.t .. ok
t/107-graft.t ............. ok
t/108-pretty.t ............ ok
t/109-serialize.t ......... ok
t/200-controller.t ........ ok
t/manifest.t .............. skipped: Author tests not required for installation
t/pod-coverage.t .......... skipped: Author tests not required for installation
t/pod.t ................... skipped: Author tests not required for installation
Test Summary Report
-------------------
t/101-terse-run.t (Wstat: 512 (exited 2) Tests: 9 Failed: 2)
Failed tests: 2-3
Non-zero exit status: 2
Files=16, Tests=156, 30 wallclock secs ( 0.31 usr + 0.09 sys = 0.41 CPU)
Result: FAIL
Failed 1/16 test programs. 2/156 subtests failed.
dmake.exe: Error code 255, while making 'test_dynamic'
------------------------------
PREREQUISITES
------------------------------
Prerequisite modules loaded:
requires:
Module Need Have
------------------- ----- ---------
B 0 1.48
Cpanel::JSON::XS 0 4.36
Digest::SHA 0 6.04
perl 5.006 5.020003
Plack::Request 0 1.0050
Plack::Response 0 1.0050
Scalar::Util 0 1.63
Struct::WOP 0.15 0.20
Test::Instruction 0 0.04
Time::HiRes 0 1.9764_02
URI 0 5.21
Want 0 0.29
build_requires:
Module Need Have
------------------- ----- ---------
ExtUtils::MakeMaker 0 7.70
Test::More 0 1.302195
configure_requires:
Module Need Have
------------------- ----- ---------
ExtUtils::MakeMaker 0 7.70
------------------------------
ENVIRONMENT AND OTHER CONTEXT
------------------------------
Environment variables:
COMSPEC = C:\windows\system32\cmd.exe
NONINTERACTIVE_TESTING = 1
NUMBER_OF_PROCESSORS = 4
PATH = C:\home\grape\perl5\bin;C:\windows\system32;C:\windows;C:\windows\System32\Wbem;C:\windows\System32\WindowsPowerShell\v1.0\;C:\Strawberry\c\bin;C:\Strawberry\perl\site\bin;C:\Strawberry\perl\bin
PERL5LIB = C:\home\grape\perl5\lib\perl5
PERL5OPT =
PERL5_CPANPLUS_IS_RUNNING = 2428
PERL5_CPAN_IS_RUNNING = 2428
PERL_LOCAL_LIB_ROOT = C:\home\grape\perl5
PERL_MB_OPT = --install_base "C:\\home\\grape\\perl5"
PERL_MM_OPT = INSTALL_BASE=C:\\home\\grape\\perl5
PERL_MM_USE_DEFAULT = 1
PERL_USE_UNSAFE_INC = 1
PROCESSOR_IDENTIFIER = x86 Family 6 Model 37 Stepping 5, GenuineIntel
TEMP = C:\Users\user\AppData\Local\Temp
TERM = dumb
Perl special variables (and OS-specific diagnostics, for MSWin32):
$^X = C:\Strawberry\perl\bin\perl.exe
$UID/$EUID = 0 / 0
$GID = 0
$EGID = 0
Win32::GetOSName = Win7
Win32::GetOSVersion = Service Pack 1, 6, 1, 7601, 2, 1, 0, 256, 1
Win32::FsType = NTFS
Win32::IsAdminUser = 0
Perl module toolchain versions installed:
Module Have
------------------- --------
CPAN 2.34
CPAN::Meta 2.150010
Cwd 3.75
ExtUtils::CBuilder 0.280236
ExtUtils::Command 7.70
ExtUtils::Install 2.22
ExtUtils::MakeMaker 7.70
ExtUtils::Manifest 1.75
ExtUtils::ParseXS 3.51
File::Spec 3.75
JSON 4.10
JSON::PP 4.17_01
Module::Build 0.4234
Module::Signature 0.88
Parse::CPAN::Meta 2.150010
Test::Harness 3.47
Test::More 1.302195
YAML 1.27
YAML::Syck 1.34
version 0.9929
--
Summary of my perl5 (revision 5 version 20 subversion 3) configuration:
Platform:
osname=MSWin32, osvers=6.3, archname=MSWin32-x86-multi-thread-64int
uname='Win32 strawberry-perl 5.20.3.3 #1 Tue Mar 8 06:38:32 2016 i386'
config_args='undef'
hint=recommended, useposix=true, d_sigaction=undef
useithreads=define, usemultiplicity=define
use64bitint=define, use64bitall=undef, uselongdouble=undef
usemymalloc=n, bincompat5005=undef
Compiler:
cc='gcc', ccflags =' -s -O2 -DWIN32 -DPERL_TEXTMODE_SCRIPTS -DPERL_IMPLICIT_CONTEXT -DPERL_IMPLICIT_SYS -DUSE_PERLIO -fwrapv -fno-strict-aliasing -mms-bitfields',
optimize='-s -O2',
cppflags='-DWIN32'
ccversion='', gccversion='4.8.3', gccosandvers=''
intsize=4, longsize=4, ptrsize=4, doublesize=8, byteorder=12345678
d_longlong=define, longlongsize=8, d_longdbl=define, longdblsize=12
ivtype='long long', ivsize=8, nvtype='double', nvsize=8, Off_t='long long', lseeksize=8
alignbytes=8, prototype=define
Linker and Libraries:
ld='g++', ldflags ='-s -L"c:\Strawberry\perl\lib\CORE" -L"c:\Strawberry\c\lib"'
libpth=c:\Strawberry\c\lib c:\Strawberry\c\i686-w64-mingw32\lib c:\Strawberry\c\lib\gcc\i686-w64-mingw32\4.8.3
libs=-lmoldname -lkernel32 -luser32 -lgdi32 -lwinspool -lcomdlg32 -ladvapi32 -lshell32 -lole32 -loleaut32 -lnetapi32 -luuid -lws2_32 -lmpr -lwinmm -lversion -lodbc32 -lodbccp32 -lcomctl32
perllibs=-lmoldname -lkernel32 -luser32 -lgdi32 -lwinspool -lcomdlg32 -ladvapi32 -lshell32 -lole32 -loleaut32 -lnetapi32 -luuid -lws2_32 -lmpr -lwinmm -lversion -lodbc32 -lodbccp32 -lcomctl32
libc=, so=dll, useshrplib=true, libperl=libperl520.a
gnulibc_version=''
Dynamic Linking:
dlsrc=dl_win32.xs, dlext=xs.dll, d_dlsymun=undef, ccdlflags=' '
cccdlflags=' ', lddlflags='-mdll -s -L"c:\Strawberry\perl\lib\CORE" -L"c:\Strawberry\c\lib"'
Characteristics of this binary (from libperl):
Compile-time options: HAS_TIMES HAVE_INTERP_INTERN MULTIPLICITY
PERLIO_LAYERS PERL_DONT_CREATE_GVSV
PERL_HASH_FUNC_ONE_AT_A_TIME_HARD
PERL_IMPLICIT_CONTEXT PERL_IMPLICIT_SYS
PERL_MALLOC_WRAP PERL_NEW_COPY_ON_WRITE
PERL_PRESERVE_IVUV USE_64_BIT_INT USE_ITHREADS
USE_LARGE_FILES USE_LOCALE USE_LOCALE_COLLATE
USE_LOCALE_CTYPE USE_LOCALE_NUMERIC USE_PERLIO
USE_PERL_ATOF
Built under MSWin32
Compiled at Mar 8 2016 06:43:07
%ENV:
PERL5LIB="C:\home\grape\perl5\lib\perl5"
PERL5_CPANPLUS_IS_RUNNING="2428"
PERL5_CPAN_IS_RUNNING="2428"
PERL_LOCAL_LIB_ROOT="C:\home\grape\perl5"
PERL_MB_OPT="--install_base "C:\\home\\grape\\perl5""
PERL_MM_OPT="INSTALL_BASE=C:\\home\\grape\\perl5"
PERL_MM_USE_DEFAULT="1"
PERL_USE_UNSAFE_INC="1"
@INC:
C:\home\grape\perl5\lib\perl5/MSWin32-x86-multi-thread-64int
C:\home\grape\perl5\lib\perl5
C:/Strawberry/perl/site/lib
C:/Strawberry/perl/vendor/lib
C:/Strawberry/perl/lib
.