Report for Text-VCardFast-0.08

Back
From: metabase:user:3c0d75b6-029c-11e5-90b1-5b610b895903
Subject: FAIL Text-VCardFast-0.08 v5.24.0 GNU/Linux
Date: 2016-06-27T09:04:38Z

This distribution has been tested as part of the CPAN Testers
project, supporting the Perl programming language.  See
http://wiki.cpantesters.org/ for more information or email
questions to cpan-testers-discuss@perl.org


--
Dear Bron Gondwana,

This is a computer-generated report for Text-VCardFast-0.08
on perl 5.24.0, created by CPAN-Reporter-1.2017.

Thank you for uploading your work to CPAN.  However, there was a problem
testing your distribution.

If you think this report is invalid, please consult the CPAN Testers Wiki
for suggestions on how to avoid getting FAIL reports for missing library
or binary dependencies, unsupported operating systems, and so on:

http://wiki.cpantesters.org/wiki/CPANAuthorNotes

Sections of this report:

    * Tester comments
    * Program output
    * Prerequisites
    * Environment and other context

------------------------------
TESTER COMMENTS
------------------------------

Additional comments from tester:

this report is from an automated smoke testing program
and was not reviewed by a human for accuracy

------------------------------
PROGRAM OUTPUT
------------------------------

Output from '/usr/bin/make test':

Running Mkbootstrap for Text::VCardFast ()
chmod 644 "VCardFast.bs"
PERL_DL_NONLAZY=1 "/home/fperrad/perl5/perlbrew/perls/perl-5.24.0/bin/perl" "-MExtUtils::Command::MM" "-MTest::Harness" "-e" "undef *Test::Harness::Switches; test_harness(0, 'blib/lib', 'blib/arch')" t/*.t
VCardFast.c: loadable library and perl binaries are mismatched (got handshake key 0x8b00000, needed 0x8d00000)
t/Cases.t ........... 
Dubious, test returned 1 (wstat 256, 0x100)
No subtests run 
VCardFast.c: loadable library and perl binaries are mismatched (got handshake key 0x8b00000, needed 0x8d00000)
t/Create.t .......... 
Dubious, test returned 1 (wstat 256, 0x100)
Failed 4/4 subtests 
VCardFast.c: loadable library and perl binaries are mismatched (got handshake key 0x8b00000, needed 0x8d00000)
t/Errors.t .......... 
Dubious, test returned 1 (wstat 256, 0x100)
Failed 11/11 subtests 
VCardFast.c: loadable library and perl binaries are mismatched (got handshake key 0x8b00000, needed 0x8d00000)
t/Text-VCardFast.t .. 
Dubious, test returned 1 (wstat 256, 0x100)
Failed 1/1 subtests 
VCardFast.c: loadable library and perl binaries are mismatched (got handshake key 0x8b00000, needed 0x8d00000)
t/Trailing.t ........ 
Dubious, test returned 1 (wstat 256, 0x100)
Failed 5/5 subtests 

Test Summary Report
-------------------
t/Cases.t         (Wstat: 256 Tests: 0 Failed: 0)
  Non-zero exit status: 1
  Parse errors: No plan found in TAP output
t/Create.t        (Wstat: 256 Tests: 0 Failed: 0)
  Non-zero exit status: 1
  Parse errors: Bad plan.  You planned 4 tests but ran 0.
t/Errors.t        (Wstat: 256 Tests: 0 Failed: 0)
  Non-zero exit status: 1
  Parse errors: Bad plan.  You planned 11 tests but ran 0.
t/Text-VCardFast.t (Wstat: 256 Tests: 0 Failed: 0)
  Non-zero exit status: 1
  Parse errors: Bad plan.  You planned 1 tests but ran 0.
t/Trailing.t      (Wstat: 256 Tests: 0 Failed: 0)
  Non-zero exit status: 1
  Parse errors: Bad plan.  You planned 5 tests but ran 0.
Files=5, Tests=0,  1 wallclock secs ( 0.22 usr  0.03 sys +  1.13 cusr  0.21 csys =  1.59 CPU)
Result: FAIL
Failed 5/5 test programs. 0/0 subtests failed.
Makefile:1018: recipe for target 'test_dynamic' failed
make: *** [test_dynamic] Error 1

------------------------------
PREREQUISITES
------------------------------

Prerequisite modules loaded:

requires:

    Module              Need Have   
    ------------------- ---- -------
    JSON::XS            0    3.02   

build_requires:

    Module              Need Have   
    ------------------- ---- -------
    ExtUtils::MakeMaker 0    7.10_01

configure_requires:

    Module              Need Have   
    ------------------- ---- -------
    ExtUtils::MakeMaker 0    7.10_01


------------------------------
ENVIRONMENT AND OTHER CONTEXT
------------------------------

Environment variables:

    AUTOMATED_TESTING = 1
    LANG = C.UTF-8
    LANGUAGE = en_US.UTF-8
    LC_ADDRESS = fr_FR.UTF-8
    LC_IDENTIFICATION = fr_FR.UTF-8
    LC_MEASUREMENT = fr_FR.UTF-8
    LC_MESSAGES = POSIX
    LC_MONETARY = fr_FR.UTF-8
    LC_NAME = fr_FR.UTF-8
    LC_NUMERIC = fr_FR.UTF-8
    LC_PAPER = fr_FR.UTF-8
    LC_TELEPHONE = fr_FR.UTF-8
    LC_TIME = fr_FR.UTF-8
    PATH = /home/fperrad/perl5/perlbrew/bin:/home/fperrad/perl5/perlbrew/perls/perl-5.24.0/bin:/usr/local/bin:/usr/bin:/bin:/usr/local/games:/usr/games
    PERL5LIB = /home/fperrad/.local/share/.cpan/build/JSON-XS-3.02-_OtwX_/blib/arch:/home/fperrad/.local/share/.cpan/build/JSON-XS-3.02-_OtwX_/blib/lib:/home/fperrad/.local/share/.cpan/build/Types-Serialiser-1.0-LXYMkD/blib/arch:/home/fperrad/.local/share/.cpan/build/Types-Serialiser-1.0-LXYMkD/blib/lib:/home/fperrad/.local/share/.cpan/build/common-sense-3.74-oy8MMQ/blib/arch:/home/fperrad/.local/share/.cpan/build/common-sense-3.74-oy8MMQ/blib/lib:/home/fperrad/.local/share/.cpan/build/Canary-Stability-2011-O3Gffe/blib/arch:/home/fperrad/.local/share/.cpan/build/Canary-Stability-2011-O3Gffe/blib/lib
    PERL5OPT = 
    PERL5_CPANPLUS_IS_RUNNING = 5608
    PERL5_CPAN_IS_RUNNING = 5608
    PERL5_CPAN_IS_RUNNING_IN_RECURSION = 22039,5608
    PERLBREW_BASHRC_VERSION = 0.74
    PERLBREW_HOME = /home/fperrad/.perlbrew
    PERLBREW_MANPATH = /home/fperrad/perl5/perlbrew/perls/perl-5.24.0/man
    PERLBREW_PATH = /home/fperrad/perl5/perlbrew/bin:/home/fperrad/perl5/perlbrew/perls/perl-5.24.0/bin
    PERLBREW_PERL = perl-5.24.0
    PERLBREW_ROOT = /home/fperrad/perl5/perlbrew
    PERLBREW_VERSION = 0.74
    PERL_CR_SMOKER_CURRENT = Text-VCardFast-0.08
    PERL_EXTUTILS_AUTOINSTALL = --defaultdeps
    PERL_MM_USE_DEFAULT = 1
    SHELL = /bin/bash
    TERM = linux

Perl special variables (and OS-specific diagnostics, for MSWin32):

    $^X = /home/fperrad/perl5/perlbrew/perls/perl-5.24.0/bin/perl
    $UID/$EUID = 1000 / 1000
    $GID = 1000 1000
    $EGID = 1000 1000

Perl module toolchain versions installed:

    Module              Have    
    ------------------- --------
    CPAN                2.11    
    CPAN::Meta          2.150005
    Cwd                 3.63    
    ExtUtils::CBuilder  0.280225
    ExtUtils::Command   7.10    
    ExtUtils::Install   2.04    
    ExtUtils::MakeMaker 7.10_01 
    ExtUtils::Manifest  1.70    
    ExtUtils::ParseXS   3.31    
    File::Spec          3.63    
    JSON                n/a     
    JSON::PP            2.27300 
    Module::Build       0.4218  
    Module::Signature   n/a     
    Parse::CPAN::Meta   1.4417  
    Test::Harness       3.36    
    Test::More          1.001014
    YAML                n/a     
    YAML::Syck          n/a     
    version             0.9916  


--

Summary of my perl5 (revision 5 version 24 subversion 0) configuration:
   
  Platform:
    osname=linux, osvers=3.4.107-lime, archname=armv7l-linux
    uname='linux lime 3.4.107-lime #15 smp preempt fri may 22 11:36:49 cest 2015 armv7l gnulinux '
    config_args='-de -Dprefix=/home/fperrad/perl5/perlbrew/perls/perl-5.24.0 -Aeval:scriptdir=/home/fperrad/perl5/perlbrew/perls/perl-5.24.0/bin'
    hint=recommended, useposix=true, d_sigaction=define
    useithreads=undef, usemultiplicity=undef
    use64bitint=undef, use64bitall=undef, uselongdouble=undef
    usemymalloc=n, bincompat5005=undef
  Compiler:
    cc='cc', ccflags ='-fwrapv -fno-strict-aliasing -pipe -fstack-protector-strong -I/usr/local/include -D_LARGEFILE_SOURCE -D_FILE_OFFSET_BITS=64 -D_FORTIFY_SOURCE=2',
    optimize='-O2',
    cppflags='-fwrapv -fno-strict-aliasing -pipe -fstack-protector-strong -I/usr/local/include'
    ccversion='', gccversion='4.9.2', gccosandvers=''
    intsize=4, longsize=4, ptrsize=4, doublesize=8, byteorder=1234, doublekind=3
    d_longlong=define, longlongsize=8, d_longdbl=define, longdblsize=8, longdblkind=0
    ivtype='long', ivsize=4, nvtype='double', nvsize=8, Off_t='off_t', lseeksize=8
    alignbytes=8, prototype=define
  Linker and Libraries:
    ld='cc', ldflags =' -fstack-protector-strong -L/usr/local/lib'
    libpth=/usr/local/lib /usr/lib/gcc/arm-linux-gnueabihf/4.9/include-fixed /usr/include/arm-linux-gnueabihf /usr/lib /lib/arm-linux-gnueabihf /lib /usr/lib/arm-linux-gnueabihf
    libs=-lpthread -lnsl -ldl -lm -lcrypt -lutil -lc
    perllibs=-lpthread -lnsl -ldl -lm -lcrypt -lutil -lc
    libc=libc-2.19.so, so=so, useshrplib=false, libperl=libperl.a
    gnulibc_version='2.19'
  Dynamic Linking:
    dlsrc=dl_dlopen.xs, dlext=so, d_dlsymun=undef, ccdlflags='-Wl,-E'
    cccdlflags='-fPIC', lddlflags='-shared -O2 -L/usr/local/lib -fstack-protector-strong'


Characteristics of this binary (from libperl): 
  Compile-time options: HAS_TIMES PERLIO_LAYERS PERL_COPY_ON_WRITE
                        PERL_DONT_CREATE_GVSV
                        PERL_HASH_FUNC_ONE_AT_A_TIME_HARD PERL_MALLOC_WRAP
                        PERL_PRESERVE_IVUV USE_LARGE_FILES USE_LOCALE
                        USE_LOCALE_COLLATE USE_LOCALE_CTYPE
                        USE_LOCALE_NUMERIC USE_LOCALE_TIME USE_PERLIO
                        USE_PERL_ATOF
  Locally applied patches:
	Devel::PatchPerl 1.38
  Built under linux
  Compiled at May  9 2016 21:01:38
  %ENV:
    PERL5LIB="/home/fperrad/.local/share/.cpan/build/JSON-XS-3.02-_OtwX_/blib/arch:/home/fperrad/.local/share/.cpan/build/JSON-XS-3.02-_OtwX_/blib/lib:/home/fperrad/.local/share/.cpan/build/Types-Serialiser-1.0-LXYMkD/blib/arch:/home/fperrad/.local/share/.cpan/build/Types-Serialiser-1.0-LXYMkD/blib/lib:/home/fperrad/.local/share/.cpan/build/common-sense-3.74-oy8MMQ/blib/arch:/home/fperrad/.local/share/.cpan/build/common-sense-3.74-oy8MMQ/blib/lib:/home/fperrad/.local/share/.cpan/build/Canary-Stability-2011-O3Gffe/blib/arch:/home/fperrad/.local/share/.cpan/build/Canary-Stability-2011-O3Gffe/blib/lib"
    PERL5OPT=""
    PERL5_CPANPLUS_IS_RUNNING="5608"
    PERL5_CPAN_IS_RUNNING="5608"
    PERL5_CPAN_IS_RUNNING_IN_RECURSION="22039,5608"
    PERLBREW_BASHRC_VERSION="0.74"
    PERLBREW_HOME="/home/fperrad/.perlbrew"
    PERLBREW_MANPATH="/home/fperrad/perl5/perlbrew/perls/perl-5.24.0/man"
    PERLBREW_PATH="/home/fperrad/perl5/perlbrew/bin:/home/fperrad/perl5/perlbrew/perls/perl-5.24.0/bin"
    PERLBREW_PERL="perl-5.24.0"
    PERLBREW_ROOT="/home/fperrad/perl5/perlbrew"
    PERLBREW_VERSION="0.74"
    PERL_CR_SMOKER_CURRENT="Text-VCardFast-0.08"
    PERL_EXTUTILS_AUTOINSTALL="--defaultdeps"
    PERL_MM_USE_DEFAULT="1"
  @INC:
    /home/fperrad/.local/share/.cpan/build/JSON-XS-3.02-_OtwX_/blib/arch
    /home/fperrad/.local/share/.cpan/build/JSON-XS-3.02-_OtwX_/blib/lib
    /home/fperrad/.local/share/.cpan/build/Types-Serialiser-1.0-LXYMkD/blib/arch
    /home/fperrad/.local/share/.cpan/build/Types-Serialiser-1.0-LXYMkD/blib/lib
    /home/fperrad/.local/share/.cpan/build/common-sense-3.74-oy8MMQ/blib/arch
    /home/fperrad/.local/share/.cpan/build/common-sense-3.74-oy8MMQ/blib/lib
    /home/fperrad/.local/share/.cpan/build/Canary-Stability-2011-O3Gffe/blib/arch
    /home/fperrad/.local/share/.cpan/build/Canary-Stability-2011-O3Gffe/blib/lib
    /home/fperrad/perl5/perlbrew/perls/perl-5.24.0/lib/site_perl/5.24.0/armv7l-linux
    /home/fperrad/perl5/perlbrew/perls/perl-5.24.0/lib/site_perl/5.24.0
    /home/fperrad/perl5/perlbrew/perls/perl-5.24.0/lib/5.24.0/armv7l-linux
    /home/fperrad/perl5/perlbrew/perls/perl-5.24.0/lib/5.24.0
    .