pmtools v2.2.0 Perl 5 v5.37.2 x86_64-linux

Status
Fail
From
Andreas J. König (ANDK)
Dist
pmtools v2.2.0
Platform
Perl 5 v5.37.2 x86_64-linux
Date
2022-07-22 10:22:23
ID
2d373c64-09a8-11ed-85aa-502d46bf57b8
This distribution has been tested as part of the CPAN Testers
project, supporting the Perl programming language.  See
http://wiki.cpantesters.org/ for more information or email
questions to cpan-testers-discuss@perl.org


--
Dear Mark Leighton Fisher,

This is a computer-generated report for pmtools-2.2.0
on perl 5.37.2, created by CPAN-Reporter-1.2018.

Thank you for uploading your work to CPAN.  However, there was a problem
testing your distribution.

If you think this report is invalid, please consult the CPAN Testers Wiki
for suggestions on how to avoid getting FAIL reports for missing library
or binary dependencies, unsupported operating systems, and so on:

http://wiki.cpantesters.org/wiki/CPANAuthorNotes

Sections of this report:

    * Tester comments
    * Program output
    * Prerequisites
    * Environment and other context

------------------------------
TESTER COMMENTS
------------------------------

Additional comments from tester:

this report is from an automated smoke testing program
and was not reviewed by a human for accuracy

------------------------------
PROGRAM OUTPUT
------------------------------

Output from '/usr/bin/make test':

PERL_DL_NONLAZY=1 "/tmp/basesmoker-reloperl-a8HE/bin/perl" "-MExtUtils::Command::MM" "-MTest::Harness" "-e" "undef *Test::Harness::Switches; test_harness(0, 'blib/lib', 'blib/arch')" t/*.t t/lib/*.t
t/basepods.t ..... ok
t/faqpods.t ...... ok
t/lib/pmtools.t .. ok
t/modpods.t ...... ok

#   Failed test 'catted module function'
#   at t/pfcat.t line 19.
#                   '=head1 /usr/share/perl/5.34/pod/perlfunc.pod chunk 1709
# 
# =item seek FILEHANDLE,POSITION,WHENCE
# X<seek> X<fseek> X<filehandle, position>
# 
# =head1 /usr/share/perl/5.34/pod/perlfunc.pod chunk 1719
# 
# =item seekdir DIRHANDLE,POS
# X<seekdir>
# 
# =head1 /usr/share/perl/5.34/pod/perlfunc.pod chunk 2181
# 
# =item sysseek FILEHANDLE,POSITION,WHENCE
# X<sysseek> X<lseek>
# 
# =head1 /usr/share/perl/5.34/pod/perlfunc.pod chunk 2214
# 
# =for Pod::Functions get current seekpointer on a filehandle
# 
# Returns the current position I<in bytes> for FILEHANDLE, or -1 on
# error.  FILEHANDLE may be an expression whose value gives the name of
# the actual filehandle.  If FILEHANDLE is omitted, assumes the file
# last read.
# 
# Note the emphasis on bytes: even if the filehandle has been set to operate
# on characters (for example using the C<:encoding(UTF-8)> I/O layer), the
# L<C<seek>|/seek FILEHANDLE,POSITION,WHENCE>,
# L<C<tell>|/tell FILEHANDLE>, and
# L<C<sysseek>|/sysseek FILEHANDLE,POSITION,WHENCE>
# family of functions use byte offsets, not character offsets,
# because seeking to a character offset would be very slow in a UTF-8 file.
# 
# The return value of L<C<tell>|/tell FILEHANDLE> for the standard streams
# like the STDIN depends on the operating system: it may return -1 or
# something else.  L<C<tell>|/tell FILEHANDLE> on pipes, fifos, and
# sockets usually returns -1.
# 
# There is no C<systell> function.  Use
# L<C<sysseek($fh, 0, 1)>|/sysseek FILEHANDLE,POSITION,WHENCE> for that.
# 
# Do not use L<C<tell>|/tell FILEHANDLE> (or other buffered I/O
# operations) on a filehandle that has been manipulated by
# L<C<sysread>|/sysread FILEHANDLE,SCALAR,LENGTH,OFFSET>,
# L<C<syswrite>|/syswrite FILEHANDLE,SCALAR,LENGTH,OFFSET>, or
# L<C<sysseek>|/sysseek FILEHANDLE,POSITION,WHENCE>.  Those functions
# ignore the buffering, while L<C<tell>|/tell FILEHANDLE> does not.
# 
# =head1 /usr/share/perl/5.34/pod/perlfunc.pod chunk 2221
# 
# =for Pod::Functions get current seekpointer on a directory handle
# 
# Returns the current position of the L<C<readdir>|/readdir DIRHANDLE>
# routines on DIRHANDLE.  Value may be given to
# L<C<seekdir>|/seekdir DIRHANDLE,POS> to access a particular location in
# a directory.  L<C<telldir>|/telldir DIRHANDLE> has the same caveats
# about possible directory compaction as the corresponding system library
# routine.
# 
# '
#     doesn't match '(?^:There is no .*systell.* function.\s+Use .*sysseek)'
# Looks like you failed 1 test of 2.
t/pfcat.t ........ 
Dubious, test returned 1 (wstat 256, 0x100)
Failed 1/2 subtests 
t/plxload.t ...... ok
t/pmall.t ........ ok

#   Failed test 'found Carp'
#   at t/pman.t line 20.
#                   'pod2text: unable to format /usr/lib/x86_64-linux-gnu/perl-base/Carp.pm
# '
#     doesn't match '(?^ms:NAME.*[Cc]arp - \w.*SYNOPSIS.*DESCRIPTION)'
# Looks like you failed 1 test of 2.
t/pman.t ......... 
Dubious, test returned 1 (wstat 256, 0x100)
Failed 1/2 subtests 
t/pmcat.t ........ ok
t/pmcheck.t ...... ok
t/pmdesc.t ....... ok
t/pmeth.t ........ ok
t/pmexp.t ........ ok
t/pmfunc.t ....... ok
t/pmload.t ....... ok
t/pmls.t ......... ok
t/pmpath.t ....... ok
t/pmvers.t ....... ok
t/podgrep.t ...... ok
t/pods.t ......... ok
t/podtoc.t ....... ok
t/sitepods.t ..... ok
t/stdpods.t ...... ok

Test Summary Report
-------------------
t/pfcat.t      (Wstat: 256 (exited 1) Tests: 2 Failed: 1)
  Failed test:  2
  Non-zero exit status: 1
t/pman.t       (Wstat: 256 (exited 1) Tests: 2 Failed: 1)
  Failed test:  2
  Non-zero exit status: 1
Files=23, Tests=51,  5 wallclock secs ( 0.08 usr  0.05 sys +  4.03 cusr  1.29 csys =  5.45 CPU)
Result: FAIL
Failed 2/23 test programs. 2/51 subtests failed.
make: *** [Makefile:1097: test_dynamic] Error 255

------------------------------
PREREQUISITES
------------------------------

Prerequisite modules loaded:

requires:

    Module              Need     Have    
    ------------------- -------- --------
    perl                5.008008 5.037002

build_requires:

    Module              Need     Have    
    ------------------- -------- --------
    ExtUtils::MakeMaker 0        7.64    

configure_requires:

    Module              Need     Have    
    ------------------- -------- --------
    ExtUtils::MakeMaker 0        7.64    


------------------------------
ENVIRONMENT AND OTHER CONTEXT
------------------------------

Environment variables:

    AUTOMATED_TESTING = 1
    LANG = en_US.UTF-8
    LC_ADDRESS = de_DE.UTF-8
    LC_IDENTIFICATION = de_DE.UTF-8
    LC_MEASUREMENT = de_DE.UTF-8
    LC_MONETARY = de_DE.UTF-8
    LC_NAME = de_DE.UTF-8
    LC_NUMERIC = de_DE.UTF-8
    LC_PAPER = de_DE.UTF-8
    LC_TELEPHONE = de_DE.UTF-8
    LC_TIME = de_DE.UTF-8
    PATH = /home/sand/bin:/usr/local/bin:/usr/local/sbin:/usr/sbin:/usr/bin:/sbin:/bin:/usr/games:/usr/local/games:/snap/bin:/usr/local/perl/bin:/usr/X11/bin
    PERL = /tmp/basesmoker-reloperl-a8HE/bin/perl
    PERL5LIB = /tmp/loop_over_bdir-522492-mSrHgw/Alien-SNMP-MIBDEV-2.020000-0/blib/arch:/tmp/loop_over_bdir-522492-mSrHgw/Alien-SNMP-MIBDEV-2.020000-0/blib/lib
    PERL5OPT = 
    PERL5_CPANPLUS_IS_RUNNING = 522500
    PERL5_CPAN_IS_RUNNING = 522500
    PERL_CANARY_STABILITY_NOPROMPT = 1
    PERL_MM_USE_DEFAULT = 1
    PERL_USE_UNSAFE_INC = 1
    SHELL = /usr/bin/zsh
    TERM = screen

Perl special variables (and OS-specific diagnostics, for MSWin32):

    $^X = /tmp/basesmoker-reloperl-a8HE/bin/perl
    $UID/$EUID = 1005 / 1005
    $GID = 1005 1005
    $EGID = 1005 1005

Perl module toolchain versions installed:

    Module              Have    
    ------------------- --------
    CPAN                2.34    
    CPAN::Meta          2.150010
    Cwd                 3.86    
    ExtUtils::CBuilder  0.280237
    ExtUtils::Command   7.64    
    ExtUtils::Install   2.20    
    ExtUtils::MakeMaker 7.64    
    ExtUtils::Manifest  1.73    
    ExtUtils::ParseXS   3.45    
    File::Spec          3.86    
    JSON                4.07    
    JSON::PP            4.10    
    Module::Build       0.4231  
    Module::Signature   0.88    
    Parse::CPAN::Meta   2.150010
    Test::Harness       3.44    
    Test::More          1.302191
    YAML                1.30    
    YAML::Syck          1.34    
    version             0.9929  


--

Summary of my perl5 (revision 5 version 37 subversion 2) configuration:
  Commit id: 7f9b65d969a1c8b44028cacbb9e88596d1e5a8a3
  Platform:
    osname=linux
    osvers=5.15.0-41-generic
    archname=x86_64-linux
    uname='linux k93jammy 5.15.0-41-generic #44-ubuntu smp wed jun 22 14:20:53 utc 2022 x86_64 x86_64 x86_64 gnulinux '
    config_args='-Dprefix=/home/sand/src/perl/repoperls/installed-perls/host/k93jammy/v5.37.2/6567 -Dmyhostname=k93jammy -Dinstallusrbinperl=n -Uversiononly -Dusedevel -des -Ui_db -Dlibswanted=cl pthread socket inet nsl gdbm dbm malloc dl ld sun m crypt sec util c cposix posix ucb BSD gdbm_compat -Uuseithreads -Uuselongdouble -DEBUGGING=-g'
    hint=recommended
    useposix=true
    d_sigaction=define
    useithreads=undef
    usemultiplicity=undef
    use64bitint=define
    use64bitall=define
    uselongdouble=undef
    usemymalloc=n
    default_inc_excludes_dot=define
  Compiler:
    cc='cc'
    ccflags ='-fwrapv -fno-strict-aliasing -pipe -fstack-protector-strong -I/usr/local/include -D_LARGEFILE_SOURCE -D_FILE_OFFSET_BITS=64'
    optimize='-O2 -g'
    cppflags='-fwrapv -fno-strict-aliasing -pipe -fstack-protector-strong -I/usr/local/include'
    ccversion=''
    gccversion='11.2.0'
    gccosandvers=''
    intsize=4
    longsize=8
    ptrsize=8
    doublesize=8
    byteorder=12345678
    doublekind=3
    d_longlong=define
    longlongsize=8
    d_longdbl=define
    longdblsize=16
    longdblkind=3
    ivtype='long'
    ivsize=8
    nvtype='double'
    nvsize=8
    Off_t='off_t'
    lseeksize=8
    alignbytes=8
    prototype=define
  Linker and Libraries:
    ld='cc'
    ldflags =' -fstack-protector-strong -L/usr/local/lib'
    libpth=/usr/local/lib /usr/lib/x86_64-linux-gnu /usr/lib /usr/lib64
    libs=-lpthread -lnsl -ldl -lm -lcrypt -lutil -lc
    perllibs=-lpthread -lnsl -ldl -lm -lcrypt -lutil -lc
    libc=/lib/x86_64-linux-gnu/libc.so.6
    so=so
    useshrplib=false
    libperl=libperl.a
    gnulibc_version='2.35'
  Dynamic Linking:
    dlsrc=dl_dlopen.xs
    dlext=so
    d_dlsymun=undef
    ccdlflags='-Wl,-E'
    cccdlflags='-fPIC'
    lddlflags='-shared -O2 -g -L/usr/local/lib -fstack-protector-strong'


Characteristics of this binary (from libperl): 
  Compile-time options:
    HAS_TIMES
    PERLIO_LAYERS
    PERL_COPY_ON_WRITE
    PERL_DONT_CREATE_GVSV
    PERL_MALLOC_WRAP
    PERL_OP_PARENT
    PERL_PRESERVE_IVUV
    PERL_USE_DEVEL
    PERL_USE_SAFE_PUTENV
    USE_64_BIT_ALL
    USE_64_BIT_INT
    USE_LARGE_FILES
    USE_LOCALE
    USE_LOCALE_COLLATE
    USE_LOCALE_CTYPE
    USE_LOCALE_NUMERIC
    USE_LOCALE_TIME
    USE_PERLIO
    USE_PERL_ATOF
  Built under linux
  Compiled at Jul 21 2022 06:44:32
  %ENV:
    PERL="/tmp/basesmoker-reloperl-a8HE/bin/perl"
    PERL5LIB="/tmp/loop_over_bdir-522492-mSrHgw/Alien-SNMP-MIBDEV-2.020000-0/blib/arch:/tmp/loop_over_bdir-522492-mSrHgw/Alien-SNMP-MIBDEV-2.020000-0/blib/lib"
    PERL5OPT=""
    PERL5_CPANPLUS_IS_RUNNING="522500"
    PERL5_CPAN_IS_RUNNING="522500"
    PERL_CANARY_STABILITY_NOPROMPT="1"
    PERL_MM_USE_DEFAULT="1"
    PERL_USE_UNSAFE_INC="1"
  @INC:
    /tmp/loop_over_bdir-522492-mSrHgw/Alien-SNMP-MIBDEV-2.020000-0/blib/arch
    /tmp/loop_over_bdir-522492-mSrHgw/Alien-SNMP-MIBDEV-2.020000-0/blib/lib
    /home/sand/src/perl/repoperls/installed-perls/host/k93jammy/v5.37.2/6567/lib/site_perl/5.37.2/x86_64-linux
    /home/sand/src/perl/repoperls/installed-perls/host/k93jammy/v5.37.2/6567/lib/site_perl/5.37.2
    /home/sand/src/perl/repoperls/installed-perls/host/k93jammy/v5.37.2/6567/lib/5.37.2/x86_64-linux
    /home/sand/src/perl/repoperls/installed-perls/host/k93jammy/v5.37.2/6567/lib/5.37.2
    .