Report for Data-FormValidator-4.83

Back
From: metabase:user:31d414ea-2aae-11df-837a-5e0a49663a4f
Subject: FAIL Data-FormValidator-4.83 v5.16.3 GNU/Linux
Date: 2017-02-27T12:20:50Z

This distribution has been tested as part of the CPAN Testers
project, supporting the Perl programming language.  See
http://wiki.cpantesters.org/ for more information or email
questions to cpan-testers-discuss@perl.org


--
Dear David Farrell,

This is a computer-generated report for Data-FormValidator-4.83
on perl 5.16.3, created by CPAN-Reporter-1.2018.

Thank you for uploading your work to CPAN.  However, there was a problem
testing your distribution.

If you think this report is invalid, please consult the CPAN Testers Wiki
for suggestions on how to avoid getting FAIL reports for missing library
or binary dependencies, unsupported operating systems, and so on:

http://wiki.cpantesters.org/wiki/CPANAuthorNotes

Sections of this report:

    * Tester comments
    * Program output
    * Prerequisites
    * Environment and other context

------------------------------
TESTER COMMENTS
------------------------------

Additional comments from tester:

this report is from an automated smoke testing program
and was not reviewed by a human for accuracy

------------------------------
PROGRAM OUTPUT
------------------------------

Output from '/usr/bin/make test':

PERL_DL_NONLAZY=1 /home/david/cpantesting/perl-5.16.3/bin/perl "-MExtUtils::Command::MM" "-e" "test_harness(0, 'blib/lib', 'blib/arch')" t/*.t
t/00_base.t .............................. ok
t/02_code_ref.t .......................... ok
Can't call method "missing" on an undefined value at t/03_dependency.t line 92.
# Tests were run but no plan was declared and done_testing() was not seen.
# Looks like your test exited with 2 just after 20.
t/03_dependency.t ........................ 
Dubious, test returned 2 (wstat 512, 0x200)
All 20 subtests passed 
t/04_arrayify_undef.t .................... ok
t/05_valid_ip_address.t .................. ok
t/06_regexp_map.t ........................ ok
t/09_require_some.t ...................... ok
t/11_procedural_match.t .................. ok
t/13_validator_packages.t ................ ok
t/15_literal_param_constraints.t ......... ok

#   Failed test at t/16_cgi_object.t line 28.
#          got: undef
#     expected: 'big brown'
# Looks like you failed 1 test of 2.
t/16_cgi_object.t ........................ 
Dubious, test returned 1 (wstat 256, 0x100)
Failed 1/2 subtests 
t/17_multi_valued_keys.t ................. ok
t/18_constraint_refs.t ................... ok
t/19_refs_as_values.t .................... ok
t/20_careful_exception_handling.t ........ ok
t/21_multiple_fields.t ................... ok
t/25_results.t ........................... ok
t/26_qr.t ................................ ok
t/27_qualify_ref_happy_death.t ........... ok
t/28_defaults_for_new.t .................. ok
t/30_filter_definedness.t ................ ok
t/any_errors.t ........................... ok
t/check_profile_syntax.t ................. ok
t/closure_msgs.t ......................... ok
t/constraint_method.t .................... ok
Use of uninitialized value in concatenation (.) or string at /home/david/cpantesting/perl-5.16.3/.cpan/build/Data-FormValidator-4.83-H5pB8I/blib/lib/Data/FormValidator.pm line 969.
t/constraint_method_string.t ............. ok
t/constraint_method_zero.t ............... ok
t/constraint_regexp_map_profile_reuse.t .. ok
t/constraints_builtin.t .................. ok
t/constraints_builtin_closure.t .......... ok
t/constraints_factory.t .................. ok
Use of uninitialized value $_ in exists at t/constraints_invalid_once_only.t line 40.
Use of uninitialized value $_ in hash element at t/constraints_invalid_once_only.t line 45.
t/constraints_invalid_once_only.t ........ ok
t/constraints_num_values.t ............... ok
t/constraints_regexp_map_interaction.t ... ok
t/constraints_reuse.t .................... ok
t/credit_card.t .......................... ok
t/dates.t ................................ ok
t/dates_closure.t ........................ ok
t/dependency_coderef.t ................... ok

#   Failed test 'no eval problems'
#   at t/dependency_groups.t line 49.

#   Failed test 'no eval problems'
#   at t/dependency_groups.t line 49.
# Looks like you failed 2 tests of 34.
t/dependency_groups.t .................... 
Dubious, test returned 2 (wstat 512, 0x200)
Failed 2/34 subtests 
t/filter_constraints.t ................... ok
"my" variable $replacer masks earlier declaration in same scope at t/filters_builtin.t line 19.
t/filters_builtin.t ...................... ok
t/filters_shouldnt_modify.t .............. ok
t/FV_length.t ............................ ok
t/get_filtered_data.t .................... ok
Undefined subroutine CGI::multi_param
 at /home/david/cpantesting/perl-5.16.3/.cpan/build/Data-FormValidator-4.83-H5pB8I/blib/lib/Data/FormValidator/Results.pm line 1074.
# Tests were run but no plan was declared and done_testing() was not seen.
# Looks like your test exited with 2 just after 1.
t/get_input_data.t ....................... 
Dubious, test returned 2 (wstat 512, 0x200)
All 1 subtests passed 

#   Failed test at t/missing_optional.t line 56.

#   Failed test at t/missing_optional.t line 59.
Use of uninitialized value in string eq at t/missing_optional.t line 62.

#   Failed test at t/missing_optional.t line 62.
# Looks like you failed 3 tests of 9.
t/missing_optional.t ..................... 
Dubious, test returned 3 (wstat 768, 0x300)
Failed 3/9 subtests 
Use of uninitialized value $_ in hash element at /home/david/cpantesting/perl-5.16.3/.cpan/build/Data-FormValidator-4.83-H5pB8I/blib/lib/Data/FormValidator/Results.pm line 641.
t/msgs.t ................................. ok
t/multiple_constraints.t ................. ok

#   Failed test 'survived eval'
#   at t/params_not_mentioned.t line 47.
#          got: 'Undefined subroutine CGI::multi_param
#  at /home/david/cpantesting/perl-5.16.3/.cpan/build/Data-FormValidator-4.83-H5pB8I/blib/lib/Data/FormValidator/Results.pm line 1074.
# '
#     expected: ''
Can't call method "has_invalid" on an undefined value at t/params_not_mentioned.t line 48.
# Tests were run but no plan was declared and done_testing() was not seen.
# Looks like your test exited with 2 just after 3.
t/params_not_mentioned.t ................. 
Dubious, test returned 2 (wstat 512, 0x200)
Failed 1/3 subtests 
t/pod.t .................................. skipped: Test::Pod required for testing POD
t/procedural_valid.t ..................... ok
t/profile_checking.t ..................... ok
t/regexp_common.t ........................ ok
t/regexp_common_closure.t ................ ok
t/rename_builtin_constraints.t ........... ok
t/results_success.t ...................... ok
t/simple.t ............................... ok
t/tt_and_overload.t ...................... skipped: Template Toolkit required
t/undefined_arrayref.t ................... ok
t/unknown.t .............................. ok
t/untaint.t .............................. ok
# Skipping CGI::Simple Tests
# testing with CGI.pm version: 3.59
# Running tests with CGI

#   Failed test 'survived eval'
#   at t/upload.t line 126.
#          got: 'Undefined subroutine CGI::multi_param
#  at /home/david/cpantesting/perl-5.16.3/.cpan/build/Data-FormValidator-4.83-H5pB8I/blib/lib/Data/FormValidator/Results.pm line 1074.
# '
#     expected: ''
Can't call method "valid" on an undefined value at t/upload.t line 128.
# Tests were run but no plan was declared and done_testing() was not seen.
# Looks like your test exited with 25 just after 3.
t/upload.t ............................... 
Dubious, test returned 25 (wstat 6400, 0x1900)
Failed 1/3 subtests 
# testing with CGI.pm version: 3.59

#   Failed test 'survived eval'
#   at t/upload_closure.t line 72.
#          got: 'Undefined subroutine CGI::multi_param
#  at /home/david/cpantesting/perl-5.16.3/.cpan/build/Data-FormValidator-4.83-H5pB8I/blib/lib/Data/FormValidator/Results.pm line 1074.
# '
#     expected: ''
Can't call method "valid" on an undefined value at t/upload_closure.t line 74.
# Tests were run but no plan was declared and done_testing() was not seen.
# Looks like your test exited with 25 just after 3.
t/upload_closure.t ....................... 
Dubious, test returned 25 (wstat 6400, 0x1900)
Failed 1/3 subtests 
t/upload_mime_types.t .................... ok

Test Summary Report
-------------------
t/03_dependency.t                      (Wstat: 512 Tests: 20 Failed: 0)
  Non-zero exit status: 2
  Parse errors: No plan found in TAP output
t/16_cgi_object.t                      (Wstat: 256 Tests: 2 Failed: 1)
  Failed test:  2
  Non-zero exit status: 1
t/dependency_groups.t                  (Wstat: 512 Tests: 34 Failed: 2)
  Failed tests:  11, 28
  Non-zero exit status: 2
t/get_input_data.t                     (Wstat: 512 Tests: 1 Failed: 0)
  Non-zero exit status: 2
  Parse errors: No plan found in TAP output
t/missing_optional.t                   (Wstat: 768 Tests: 9 Failed: 3)
  Failed tests:  4-6
  Non-zero exit status: 3
t/params_not_mentioned.t               (Wstat: 512 Tests: 3 Failed: 1)
  Failed test:  3
  Non-zero exit status: 2
  Parse errors: No plan found in TAP output
t/upload.t                             (Wstat: 6400 Tests: 3 Failed: 1)
  Failed test:  3
  Non-zero exit status: 25
  Parse errors: No plan found in TAP output
t/upload_closure.t                     (Wstat: 6400 Tests: 3 Failed: 1)
  Failed test:  3
  Non-zero exit status: 25
  Parse errors: No plan found in TAP output
Files=65, Tests=545, 10 wallclock secs ( 0.13 usr  0.22 sys +  2.74 cusr  0.43 csys =  3.52 CPU)
Result: FAIL
Failed 8/65 test programs. 9/545 subtests failed.
Makefile:858: recipe for target 'test_dynamic' failed
make: *** [test_dynamic] Error 255

------------------------------
PREREQUISITES
------------------------------

Prerequisite modules loaded:

requires:

    Module              Need  Have      
    ------------------- ----- ----------
    Date::Calc          5     6.4       
    Email::Valid        0     1.202     
    File::MMagic        1.17  1.30      
    Image::Size         0     3.300     
    MIME::Types         1.005 2.13      
    perl                5.008 5.016003  
    Regexp::Common      0.03  2016060801
    Scalar::Util        0     1.25      
    Test::More          0     1.302059  

build_requires:

    Module              Need  Have      
    ------------------- ----- ----------
    ExtUtils::MakeMaker 0     6.63_02   

configure_requires:

    Module              Need  Have      
    ------------------- ----- ----------
    ExtUtils::MakeMaker 0     6.63_02   


------------------------------
ENVIRONMENT AND OTHER CONTEXT
------------------------------

Environment variables:

    AUTOMATED_TESTING = 1
    NONINTERACTIVE_TESTING = 1
    PATH = /usr/local/bin:/usr/bin:/bin:/usr/local/games:/usr/games
    PERL = 5.16.3
    PERL5LIB = 
    PERL5OPT = 
    PERL5_CPANPLUS_IS_RUNNING = 10074
    PERL5_CPAN_IS_RUNNING = 10074
    PERLVER = 5.16.3
    PERL_INLINE_DIRECTORY = /home/david/.Inline-5.16.3
    PERL_MM_USE_DEFAULT = 1
    SHELL = /bin/bash
    TERM = screen

Perl special variables (and OS-specific diagnostics, for MSWin32):

    $^X = /home/david/cpantesting/perl-5.16.3/bin/perl
    $UID/$EUID = 1000 / 1000
    $GID = 1000 1000
    $EGID = 1000 1000

Perl module toolchain versions installed:

    Module              Have    
    ------------------- --------
    CPAN                1.9800  
    CPAN::Meta          2.150010
    Cwd                 3.39_02 
    ExtUtils::CBuilder  0.280206
    ExtUtils::Command   1.17    
    ExtUtils::Install   1.58    
    ExtUtils::MakeMaker 6.63_02 
    ExtUtils::Manifest  1.61    
    ExtUtils::ParseXS   3.16    
    File::Spec          3.39_02 
    JSON                2.90    
    JSON::PP            2.27400 
    Module::Build       0.4220  
    Module::Signature   n/a     
    Parse::CPAN::Meta   2.150010
    Test::Harness       3.36    
    Test::More          1.302059
    YAML                1.18    
    YAML::Syck          n/a     
    version             0.99    


--

Summary of my perl5 (revision 5 version 16 subversion 3) configuration:
   
  Platform:
    osname=linux, osvers=3.16.0-4-amd64, archname=x86_64-linux-thread-multi
    uname='linux pigsty.barnyard.co.uk 3.16.0-4-amd64 #1 smp debian 3.16.36-1+deb8u1 (2016-09-03) x86_64 gnulinux '
    config_args='-de -Duse64bitall -Dusethreads -Dprefix=/home/david/cpantesting/perl-5.16.3'
    hint=recommended, useposix=true, d_sigaction=define
    useithreads=define, usemultiplicity=define
    useperlio=define, d_sfio=undef, uselargefiles=define, usesocks=undef
    use64bitint=define, use64bitall=define, uselongdouble=undef
    usemymalloc=n, bincompat5005=undef
  Compiler:
    cc='cc', ccflags ='-D_REENTRANT -D_GNU_SOURCE -fno-strict-aliasing -pipe -fstack-protector -I/usr/local/include -D_LARGEFILE_SOURCE -D_FILE_OFFSET_BITS=64',
    optimize='-O2',
    cppflags='-D_REENTRANT -D_GNU_SOURCE -fno-strict-aliasing -pipe -fstack-protector -I/usr/local/include'
    ccversion='', gccversion='4.9.2', gccosandvers=''
    intsize=4, longsize=8, ptrsize=8, doublesize=8, byteorder=12345678
    d_longlong=define, longlongsize=8, d_longdbl=define, longdblsize=16
    ivtype='long', ivsize=8, nvtype='double', nvsize=8, Off_t='off_t', lseeksize=8
    alignbytes=8, prototype=define
  Linker and Libraries:
    ld='cc', ldflags =' -fstack-protector -L/usr/local/lib'
    libpth=/usr/local/lib /lib/x86_64-linux-gnu /lib/../lib /usr/lib/x86_64-linux-gnu /usr/lib/../lib /lib /usr/lib
    libs=-lnsl -ldb -ldl -lm -lcrypt -lutil -lpthread -lc
    perllibs=-lnsl -ldl -lm -lcrypt -lutil -lpthread -lc
    libc=libc-2.19.so, so=so, useshrplib=false, libperl=libperl.a
    gnulibc_version='2.19'
  Dynamic Linking:
    dlsrc=dl_dlopen.xs, dlext=so, d_dlsymun=undef, ccdlflags='-Wl,-E'
    cccdlflags='-fPIC', lddlflags='-shared -O2 -L/usr/local/lib -fstack-protector'


Characteristics of this binary (from libperl): 
  Compile-time options: HAS_TIMES MULTIPLICITY PERLIO_LAYERS
                        PERL_DONT_CREATE_GVSV PERL_IMPLICIT_CONTEXT
                        PERL_MALLOC_WRAP PERL_PRESERVE_IVUV USE_64_BIT_ALL
                        USE_64_BIT_INT USE_ITHREADS USE_LARGE_FILES
                        USE_LOCALE USE_LOCALE_COLLATE USE_LOCALE_CTYPE
                        USE_LOCALE_NUMERIC USE_PERLIO USE_PERL_ATOF
                        USE_REENTRANT_API
  Locally applied patches:
	Devel::PatchPerl 1.44
  Built under linux
  Compiled at Oct 12 2016 15:07:59
  %ENV:
    PERL="5.16.3"
    PERL5LIB=""
    PERL5OPT=""
    PERL5_CPANPLUS_IS_RUNNING="10074"
    PERL5_CPAN_IS_RUNNING="10074"
    PERLVER="5.16.3"
    PERL_INLINE_DIRECTORY="/home/david/.Inline-5.16.3"
    PERL_MM_USE_DEFAULT="1"
  @INC:
    /home/david/cpantesting/perl-5.16.3/lib/site_perl/5.16.3/x86_64-linux-thread-multi
    /home/david/cpantesting/perl-5.16.3/lib/site_perl/5.16.3
    /home/david/cpantesting/perl-5.16.3/lib/5.16.3/x86_64-linux-thread-multi
    /home/david/cpantesting/perl-5.16.3/lib/5.16.3
    .