Test-MockCommand v0.05 Perl 5 v5.8.5 x86_64-linux

Status
Fail
From
Nigel Horne
Dist
Test-MockCommand v0.05
Platform
Perl 5 v5.8.5 x86_64-linux
Date
2019-07-16 21:46:33
ID
2d99ee26-a813-11e9-8fa9-99a29f1e7dde
This distribution has been tested as part of the CPAN Testers
project, supporting the Perl programming language.  See
http://wiki.cpantesters.org/ for more information or email
questions to cpan-testers-discuss@perl.org


--
Dear Stuart Caie,

This is a computer-generated report for Test-MockCommand-0.05
on perl 5.8.5, created by CPAN-Reporter-1.2018.

Thank you for uploading your work to CPAN.  However, there was a problem
testing your distribution.

If you think this report is invalid, please consult the CPAN Testers Wiki
for suggestions on how to avoid getting FAIL reports for missing library
or binary dependencies, unsupported operating systems, and so on:

http://wiki.cpantesters.org/wiki/CPANAuthorNotes

Sections of this report:

    * Tester comments
    * Program output
    * Prerequisites
    * Environment and other context

------------------------------
TESTER COMMENTS
------------------------------

Additional comments from tester:

this report is from an automated smoke testing program
and was not reviewed by a human for accuracy

------------------------------
PROGRAM OUTPUT
------------------------------

Output from '/usr/bin/make test':

PERL_DL_NONLAZY=1 "/home/njh/perl5/perlbrew/perls/perl-5.8.5/bin/perl" "-MExtUtils::Command::MM" "-MTest::Harness" "-e" "undef *Test::Harness::Switches; test_harness(0, 'blib/lib', 'blib/arch')" t/*.t
t/add-recorder.t ...... ok
t/auto-save1.t ........ ok
t/auto-save2.t ........ ok
t/auto-save3.t ........ ok
t/auto-save4.t ........ ok
t/import-playback1.t .. ok
t/import-playback2.t .. ok
t/find.t .............. ok
t/import-record.t ..... ok
t/load-save.t ......... ok
t/open-handler.t ...... ok
t/open-normal.t ....... ok
opening file: No such file or directory at t/playback-lines.t line 36.
# Looks like your test exited with 2 just after 9.
t/playback-lines.t .... 
Dubious, test returned 2 (wstat 512, 0x200)
Failed 27/36 subtests 
t/playback-nomock.t ... ok
t/pod-coverage.t ...... skipped: only run for author tests
t/playback.t .......... ok
t/pod.t ............... skipped: only run for author tests
t/recording-exec1.t ... ok
t/recording-exec2.t ... ok
t/recording-v595.t .... skipped: perl >= 5.9.5 required to test qx// and backticks
t/recording.t ......... ok
t/scalar-readline.t ... ok
t/status-funcs.t ...... ok

Test Summary Report
-------------------
t/playback-lines.t  (Wstat: 512 Tests: 9 Failed: 0)
  Non-zero exit status: 2
  Parse errors: Bad plan.  You planned 36 tests but ran 9.
Files=23, Tests=215,  1 wallclock secs ( 0.09 usr  0.06 sys +  1.44 cusr  0.28 csys =  1.87 CPU)
Result: FAIL
Failed 1/23 test programs. 0/215 subtests failed.
make: *** [Makefile:865: test_dynamic] Error 255

------------------------------
PREREQUISITES
------------------------------

Prerequisite modules loaded:

requires:

    Module              Need Have   
    ------------------- ---- -------
    Carp                0    1.38   
    Data::Dumper        0    2.161  
    Errno               0    1.09_00
    POSIX               0    1.08   
    Symbol              0    1.05   
    Tie::Handle         0    4.1    

build_requires:

    Module              Need Have   
    ------------------- ---- -------
    ExtUtils::MakeMaker 0    7.34   

configure_requires:

    Module              Need Have   
    ------------------- ---- -------
    ExtUtils::MakeMaker 0    7.34   


------------------------------
ENVIRONMENT AND OTHER CONTEXT
------------------------------

Environment variables:

    AUTOMATED_TESTING = 1
    HARNESS_OPTIONS = j2
    LANG = en_US.UTF-8
    PATH = /home/njh/perl5/perlbrew/bin:/home/njh/perl5/perlbrew/perls/perl-5.8.5/bin:/home/njh/src/njh/smoker/bin:/usr/bin:/bin
    PERL5LIB = 
    PERL5OPT = 
    PERL5_CPANPLUS_IS_RUNNING = 4701
    PERL5_CPAN_IS_RUNNING = 4701
    PERL5_CPAN_IS_RUNNING_IN_RECURSION = 4682,4701
    PERLBREW_HOME = /home/njh/.perlbrew
    PERLBREW_MANPATH = /home/njh/perl5/perlbrew/perls/perl-5.8.5/man
    PERLBREW_PATH = /home/njh/perl5/perlbrew/bin:/home/njh/perl5/perlbrew/perls/perl-5.8.5/bin
    PERLBREW_PERL = perl-5.8.5
    PERLBREW_ROOT = /home/njh/perl5/perlbrew
    PERLBREW_SHELLRC_VERSION = 0.86
    PERLBREW_VERSION = 0.86
    PERL_USE_UNSAFE_INC = 1
    SHELL = /bin/sh
    TEMP = /tmp/user/1000
    TMPDIR = /tmp/user/1000/testwrapper.4687

Perl special variables (and OS-specific diagnostics, for MSWin32):

    $^X = /home/njh/perl5/perlbrew/perls/perl-5.8.5/bin/perl
    $UID/$EUID = 1000 / 1000
    $GID = 1000 1000 996 123 115 108 103 46 44 30 29 25 24 4
    $EGID = 1000 1000 996 123 115 108 103 46 44 30 29 25 24 4

Perl module toolchain versions installed:

    Module              Have    
    ------------------- --------
    CPAN                2.25    
    CPAN::Meta          2.143240
    Cwd                 3.74    
    ExtUtils::CBuilder  0.280230
    ExtUtils::Command   7.34    
    ExtUtils::Install   2.06    
    ExtUtils::MakeMaker 7.34    
    ExtUtils::Manifest  1.70    
    ExtUtils::ParseXS   3.35    
    File::Spec          3.74    
    JSON                4.02    
    JSON::PP            2.97001 
    Module::Build       0.4224  
    Module::Signature   n/a     
    Parse::CPAN::Meta   1.4414  
    Test::Harness       3.42    
    Test::More          1.302136
    YAML                n/a     
    YAML::Syck          1.31    
    version             0.9924  


--

Summary of my perl5 (revision 5 version 8 subversion 5) configuration:
  Platform:
    osname=linux, osvers=4.16.0-1-amd64, archname=x86_64-linux
    uname='linux amelia 4.16.0-1-amd64 #1 smp debian 4.16.5-1 (2018-04-29) x86_64 gnulinux '
    config_args='-de -Dprefix=/home/njh/perl5/perlbrew/perls/perl-5.8.5 -Aeval:scriptdir=/home/njh/perl5/perlbrew/perls/perl-5.8.5/bin'
    hint=recommended, useposix=true, d_sigaction=define
    usethreads=undef use5005threads=undef useithreads=undef usemultiplicity=undef
    useperlio=define d_sfio=undef uselargefiles=define usesocks=undef
    use64bitint=define use64bitall=define uselongdouble=undef
    usemymalloc=n, bincompat5005=undef
  Compiler:
    cc='cc', ccflags ='-fno-strict-aliasing -pipe -I/usr/local/include -D_LARGEFILE_SOURCE -D_FILE_OFFSET_BITS=64',
    optimize='-O2',
    cppflags='-fno-strict-aliasing -pipe -I/usr/local/include'
    ccversion='', gccversion='7.3.0', gccosandvers=''
    intsize=4, longsize=8, ptrsize=8, doublesize=8, byteorder=12345678
    d_longlong=define, longlongsize=8, d_longdbl=define, longdblsize=16
    ivtype='long', ivsize=8, nvtype='double', nvsize=8, Off_t='off_t', lseeksize=8
    alignbytes=8, prototype=define
  Linker and Libraries:
    ld='cc', ldflags =' -L/usr/local/lib'
    libpth=/usr/local/lib /lib/x86_64-linux-gnu /lib/../lib /usr/lib/x86_64-linux-gnu /usr/lib/../lib /lib /usr/lib
    libs=-lnsl -lgdbm -ldb -ldl -lm -lcrypt -lutil -lc
    perllibs=-lnsl -ldl -lm -lcrypt -lutil -lc
    libc=libc-2.27.so, so=so, useshrplib=false, libperl=libperl.a
    gnulibc_version='2.27'
  Dynamic Linking:
    dlsrc=dl_dlopen.xs, dlext=so, d_dlsymun=undef, ccdlflags='-Wl,-E'
    cccdlflags='-fpic', lddlflags='-shared -L/usr/local/lib'


Characteristics of this binary (from libperl): 
  Compile-time options: USE_64_BIT_INT USE_64_BIT_ALL USE_LARGE_FILES
  Locally applied patches:
	Devel::PatchPerl 1.48
  Built under linux
  Compiled at Jun 18 2018 11:44:58
  %ENV:
    PERL5LIB=""
    PERL5OPT=""
    PERL5_CPANPLUS_IS_RUNNING="4701"
    PERL5_CPAN_IS_RUNNING="4701"
    PERL5_CPAN_IS_RUNNING_IN_RECURSION="4682,4701"
    PERLBREW_HOME="/home/njh/.perlbrew"
    PERLBREW_MANPATH="/home/njh/perl5/perlbrew/perls/perl-5.8.5/man"
    PERLBREW_PATH="/home/njh/perl5/perlbrew/bin:/home/njh/perl5/perlbrew/perls/perl-5.8.5/bin"
    PERLBREW_PERL="perl-5.8.5"
    PERLBREW_ROOT="/home/njh/perl5/perlbrew"
    PERLBREW_SHELLRC_VERSION="0.86"
    PERLBREW_VERSION="0.86"
    PERL_USE_UNSAFE_INC="1"
  @INC:
    /home/njh/perl5/perlbrew/perls/perl-5.8.5/lib/5.8.5/x86_64-linux
    /home/njh/perl5/perlbrew/perls/perl-5.8.5/lib/5.8.5
    /home/njh/perl5/perlbrew/perls/perl-5.8.5/lib/site_perl/5.8.5/x86_64-linux
    /home/njh/perl5/perlbrew/perls/perl-5.8.5/lib/site_perl/5.8.5
    /home/njh/perl5/perlbrew/perls/perl-5.8.5/lib/site_perl
    .