Back
From: metabase:user:320bfe00-2aae-11df-837a-5e0a49663a4f
Subject: FAIL Google-AJAX-Library-0.022 v5.21.9 GNU/Linux
Date: 2015-01-27T17:59:03Z
This distribution has been tested as part of the CPAN Testers
project, supporting the Perl programming language. See
http://wiki.cpantesters.org/ for more information or email
questions to cpan-testers-discuss@perl.org
--
Dear Robert Krimen,
This is a computer-generated report for Google-AJAX-Library-0.022
on perl 5.21.9, created by CPAN-Reporter-1.2011.
Thank you for uploading your work to CPAN. However, there was a problem
testing your distribution.
If you think this report is invalid, please consult the CPAN Testers Wiki
for suggestions on how to avoid getting FAIL reports for missing library
or binary dependencies, unsupported operating systems, and so on:
http://wiki.cpantesters.org/wiki/CPANAuthorNotes
Sections of this report:
* Tester comments
* Program output
* Prerequisites
* Environment and other context
------------------------------
TESTER COMMENTS
------------------------------
Additional comments from tester:
this report is from an automated smoke testing program
and was not reviewed by a human for accuracy
------------------------------
PROGRAM OUTPUT
------------------------------
Output from '/usr/bin/make test':
PERL_DL_NONLAZY=1 "/tmp/basesmoker-reloperl-wMcG/bin/perl" "-MExtUtils::Command::MM" "-MTest::Harness" "-e" "undef *Test::Harness::Switches; test_harness(0, 'blib/lib', 'blib/arch')" t/*.t
You are overwriting a locally defined function (file) with an accessor at /home/sand/src/perl/repoperls/installed-perls/perl/v5.21.8-68-g1b3da02/127e/lib/site_perl/5.21.9/x86_64-linux-ld/Moose/Meta/Attribute.pm line 1048.
Moose::Meta::Attribute::_process_accessors(Moose::Meta::Attribute=HASH(0xe8e9d8), "reader", "file", undef) called at /home/sand/src/perl/repoperls/installed-perls/perl/v5.21.8-68-g1b3da02/127e/lib/site_perl/5.21.9/x86_64-linux-ld/Class/MOP/Attribute.pm line 450
Class::MOP::Attribute::install_accessors(Moose::Meta::Attribute=HASH(0xe8e9d8)) called at /home/sand/src/perl/repoperls/installed-perls/perl/v5.21.8-68-g1b3da02/127e/lib/site_perl/5.21.9/x86_64-linux-ld/Moose/Meta/Attribute.pm line 995
Moose::Meta::Attribute::install_accessors(Moose::Meta::Attribute=HASH(0xe8e9d8)) called at /home/sand/src/perl/repoperls/installed-perls/perl/v5.21.8-68-g1b3da02/127e/lib/site_perl/5.21.9/x86_64-linux-ld/Class/MOP/Class.pm line 899
Class::MOP::Class::try {...} () called at /home/sand/src/perl/repoperls/installed-perls/perl/v5.21.8-68-g1b3da02/127e/lib/site_perl/5.21.9/Try/Tiny.pm line 81
eval {...} called at /home/sand/src/perl/repoperls/installed-perls/perl/v5.21.8-68-g1b3da02/127e/lib/site_perl/5.21.9/Try/Tiny.pm line 72
Try::Tiny::try(CODE(0xe8e1c8), Try::Tiny::Catch=REF(0xe8e2d0)) called at /home/sand/src/perl/repoperls/installed-perls/perl/v5.21.8-68-g1b3da02/127e/lib/site_perl/5.21.9/x86_64-linux-ld/Class/MOP/Class.pm line 904
Class::MOP::Class::_post_add_attribute(Moose::Meta::Class=HASH(0x1b66cb0), Moose::Meta::Attribute=HASH(0xe8e9d8)) called at /home/sand/src/perl/repoperls/installed-perls/perl/v5.21.8-68-g1b3da02/127e/lib/site_perl/5.21.9/x86_64-linux-ld/Class/MOP/Mixin/HasAttributes.pm line 39
Class::MOP::Mixin::HasAttributes::add_attribute(Moose::Meta::Class=HASH(0x1b66cb0), Moose::Meta::Attribute=HASH(0xe8e9d8)) called at /home/sand/src/perl/repoperls/installed-perls/perl/v5.21.8-68-g1b3da02/127e/lib/site_perl/5.21.9/x86_64-linux-ld/Moose/Meta/Class.pm line 573
Moose::Meta::Class::add_attribute(Moose::Meta::Class=HASH(0x1b66cb0), "file", "definition_context", HASH(0x23ca4f8), "is", "ro") called at /home/sand/src/perl/repoperls/installed-perls/perl/v5.21.8-68-g1b3da02/127e/lib/site_perl/5.21.9/x86_64-linux-ld/Moose.pm line 76
Moose::has(Moose::Meta::Class=HASH(0x1b66cb0), "file", "is", "ro") called at /home/sand/src/perl/repoperls/installed-perls/perl/v5.21.8-68-g1b3da02/127e/lib/site_perl/5.21.9/x86_64-linux-ld/Moose/Exporter.pm line 419
Moose::has("file", "is", "ro") called at /tmp/loop_over_bdir-12103-N8iPkD/Google-AJAX-Library-0.022-DyJxJw/blib/lib/Google/AJAX/Library.pm line 32
require Google/AJAX/Library.pm called at t/01-basic.t line 5
main::BEGIN() called at /tmp/loop_over_bdir-12103-N8iPkD/Google-AJAX-Library-0.022-DyJxJw/blib/lib/Google/AJAX/Library.pm line 0
eval {...} called at /tmp/loop_over_bdir-12103-N8iPkD/Google-AJAX-Library-0.022-DyJxJw/blib/lib/Google/AJAX/Library.pm line 0
# Failed test at t/01-basic.t line 13.
# got: '<script type="text/javascript" src="http://ajax.googleapis.com/ajax/libs/jquery/1/jquery.min.js"></script>'
# expected: '<script src="http://ajax.googleapis.com/ajax/libs/jquery/1/jquery.min.js" type="text/javascript"></script>'
# Looks like you failed 1 test of 25.
t/01-basic.t ....
Dubious, test returned 1 (wstat 256, 0x100)
Failed 1/25 subtests
You are overwriting a locally defined function (file) with an accessor at /home/sand/src/perl/repoperls/installed-perls/perl/v5.21.8-68-g1b3da02/127e/lib/site_perl/5.21.9/x86_64-linux-ld/Moose/Meta/Attribute.pm line 1048.
Moose::Meta::Attribute::_process_accessors(Moose::Meta::Attribute=HASH(0xc01d00), "reader", "file", undef) called at /home/sand/src/perl/repoperls/installed-perls/perl/v5.21.8-68-g1b3da02/127e/lib/site_perl/5.21.9/x86_64-linux-ld/Class/MOP/Attribute.pm line 450
Class::MOP::Attribute::install_accessors(Moose::Meta::Attribute=HASH(0xc01d00)) called at /home/sand/src/perl/repoperls/installed-perls/perl/v5.21.8-68-g1b3da02/127e/lib/site_perl/5.21.9/x86_64-linux-ld/Moose/Meta/Attribute.pm line 995
Moose::Meta::Attribute::install_accessors(Moose::Meta::Attribute=HASH(0xc01d00)) called at /home/sand/src/perl/repoperls/installed-perls/perl/v5.21.8-68-g1b3da02/127e/lib/site_perl/5.21.9/x86_64-linux-ld/Class/MOP/Class.pm line 899
Class::MOP::Class::try {...} () called at /home/sand/src/perl/repoperls/installed-perls/perl/v5.21.8-68-g1b3da02/127e/lib/site_perl/5.21.9/Try/Tiny.pm line 81
eval {...} called at /home/sand/src/perl/repoperls/installed-perls/perl/v5.21.8-68-g1b3da02/127e/lib/site_perl/5.21.9/Try/Tiny.pm line 72
Try::Tiny::try(CODE(0xc01598), Try::Tiny::Catch=REF(0xc01640)) called at /home/sand/src/perl/repoperls/installed-perls/perl/v5.21.8-68-g1b3da02/127e/lib/site_perl/5.21.9/x86_64-linux-ld/Class/MOP/Class.pm line 904
Class::MOP::Class::_post_add_attribute(Moose::Meta::Class=HASH(0x18da230), Moose::Meta::Attribute=HASH(0xc01d00)) called at /home/sand/src/perl/repoperls/installed-perls/perl/v5.21.8-68-g1b3da02/127e/lib/site_perl/5.21.9/x86_64-linux-ld/Class/MOP/Mixin/HasAttributes.pm line 39
Class::MOP::Mixin::HasAttributes::add_attribute(Moose::Meta::Class=HASH(0x18da230), Moose::Meta::Attribute=HASH(0xc01d00)) called at /home/sand/src/perl/repoperls/installed-perls/perl/v5.21.8-68-g1b3da02/127e/lib/site_perl/5.21.9/x86_64-linux-ld/Moose/Meta/Class.pm line 573
Moose::Meta::Class::add_attribute(Moose::Meta::Class=HASH(0x18da230), "file", "definition_context", HASH(0x213d708), "is", "ro") called at /home/sand/src/perl/repoperls/installed-perls/perl/v5.21.8-68-g1b3da02/127e/lib/site_perl/5.21.9/x86_64-linux-ld/Moose.pm line 76
Moose::has(Moose::Meta::Class=HASH(0x18da230), "file", "is", "ro") called at /home/sand/src/perl/repoperls/installed-perls/perl/v5.21.8-68-g1b3da02/127e/lib/site_perl/5.21.9/x86_64-linux-ld/Moose/Exporter.pm line 419
Moose::has("file", "is", "ro") called at /tmp/loop_over_bdir-12103-N8iPkD/Google-AJAX-Library-0.022-DyJxJw/blib/lib/Google/AJAX/Library.pm line 32
require Google/AJAX/Library.pm called at t/02-library.t line 5
main::BEGIN() called at /tmp/loop_over_bdir-12103-N8iPkD/Google-AJAX-Library-0.022-DyJxJw/blib/lib/Google/AJAX/Library.pm line 0
eval {...} called at /tmp/loop_over_bdir-12103-N8iPkD/Google-AJAX-Library-0.022-DyJxJw/blib/lib/Google/AJAX/Library.pm line 0
t/02-library.t .. ok
You are overwriting a locally defined function (file) with an accessor at /home/sand/src/perl/repoperls/installed-perls/perl/v5.21.8-68-g1b3da02/127e/lib/site_perl/5.21.9/x86_64-linux-ld/Moose/Meta/Attribute.pm line 1048.
Moose::Meta::Attribute::_process_accessors(Moose::Meta::Attribute=HASH(0x1332810), "reader", "file", undef) called at /home/sand/src/perl/repoperls/installed-perls/perl/v5.21.8-68-g1b3da02/127e/lib/site_perl/5.21.9/x86_64-linux-ld/Class/MOP/Attribute.pm line 450
Class::MOP::Attribute::install_accessors(Moose::Meta::Attribute=HASH(0x1332810)) called at /home/sand/src/perl/repoperls/installed-perls/perl/v5.21.8-68-g1b3da02/127e/lib/site_perl/5.21.9/x86_64-linux-ld/Moose/Meta/Attribute.pm line 995
Moose::Meta::Attribute::install_accessors(Moose::Meta::Attribute=HASH(0x1332810)) called at /home/sand/src/perl/repoperls/installed-perls/perl/v5.21.8-68-g1b3da02/127e/lib/site_perl/5.21.9/x86_64-linux-ld/Class/MOP/Class.pm line 899
Class::MOP::Class::try {...} () called at /home/sand/src/perl/repoperls/installed-perls/perl/v5.21.8-68-g1b3da02/127e/lib/site_perl/5.21.9/Try/Tiny.pm line 81
eval {...} called at /home/sand/src/perl/repoperls/installed-perls/perl/v5.21.8-68-g1b3da02/127e/lib/site_perl/5.21.9/Try/Tiny.pm line 72
Try::Tiny::try(CODE(0x1332078), Try::Tiny::Catch=REF(0x1332168)) called at /home/sand/src/perl/repoperls/installed-perls/perl/v5.21.8-68-g1b3da02/127e/lib/site_perl/5.21.9/x86_64-linux-ld/Class/MOP/Class.pm line 904
Class::MOP::Class::_post_add_attribute(Moose::Meta::Class=HASH(0x200ac00), Moose::Meta::Attribute=HASH(0x1332810)) called at /home/sand/src/perl/repoperls/installed-perls/perl/v5.21.8-68-g1b3da02/127e/lib/site_perl/5.21.9/x86_64-linux-ld/Class/MOP/Mixin/HasAttributes.pm line 39
Class::MOP::Mixin::HasAttributes::add_attribute(Moose::Meta::Class=HASH(0x200ac00), Moose::Meta::Attribute=HASH(0x1332810)) called at /home/sand/src/perl/repoperls/installed-perls/perl/v5.21.8-68-g1b3da02/127e/lib/site_perl/5.21.9/x86_64-linux-ld/Moose/Meta/Class.pm line 573
Moose::Meta::Class::add_attribute(Moose::Meta::Class=HASH(0x200ac00), "file", "definition_context", HASH(0x286e0b8), "is", "ro") called at /home/sand/src/perl/repoperls/installed-perls/perl/v5.21.8-68-g1b3da02/127e/lib/site_perl/5.21.9/x86_64-linux-ld/Moose.pm line 76
Moose::has(Moose::Meta::Class=HASH(0x200ac00), "file", "is", "ro") called at /home/sand/src/perl/repoperls/installed-perls/perl/v5.21.8-68-g1b3da02/127e/lib/site_perl/5.21.9/x86_64-linux-ld/Moose/Exporter.pm line 419
Moose::has("file", "is", "ro") called at /tmp/loop_over_bdir-12103-N8iPkD/Google-AJAX-Library-0.022-DyJxJw/blib/lib/Google/AJAX/Library.pm line 32
require Google/AJAX/Library.pm called at t/03-fetch.t line 5
main::BEGIN() called at /tmp/loop_over_bdir-12103-N8iPkD/Google-AJAX-Library-0.022-DyJxJw/blib/lib/Google/AJAX/Library.pm line 0
eval {...} called at /tmp/loop_over_bdir-12103-N8iPkD/Google-AJAX-Library-0.022-DyJxJw/blib/lib/Google/AJAX/Library.pm line 0
t/03-fetch.t .... skipped: Not going out to http://ajax.googleapis.com to test fetching/writing
Test Summary Report
-------------------
t/01-basic.t (Wstat: 256 Tests: 25 Failed: 1)
Failed test: 4
Non-zero exit status: 1
Files=3, Tests=61, 1 wallclock secs ( 0.02 usr 0.00 sys + 0.76 cusr 0.04 csys = 0.82 CPU)
Result: FAIL
Failed 1/3 test programs. 1/61 subtests failed.
Makefile:852: recipe for target 'test_dynamic' failed
make: *** [test_dynamic] Error 255
------------------------------
PREREQUISITES
------------------------------
Prerequisite modules loaded:
requires:
Module Need Have
------------------- ---- ------
Carp::Clan::Share 0 0.013
HTML::Declare 0 2.4
LWP::UserAgent 0 6.06
Moose 0 2.1403
Path::Class 0 0.35
URI 0 1.65
build_requires:
Module Need Have
------------------- ---- ------
File::Temp 0 0.2304
Test::Most 0 0.34
configure_requires:
Module Need Have
------------------- ---- ------
ExtUtils::MakeMaker 6.31 7.04
------------------------------
ENVIRONMENT AND OTHER CONTEXT
------------------------------
Environment variables:
AUTOMATED_TESTING = 1
LANG = en_US.UTF-8
LANGUAGE = en_US:en
PATH = /home/sand/bin:/usr/local/bin:/usr/bin:/bin:/usr/games:/usr/local/perl/bin:/usr/X11/bin:/sbin:/usr/sbin
PERL5LIB = /tmp/loop_over_bdir-12103-N8iPkD/FusionInventory-Agent-2.3.15-5Q2UtN/blib/arch:/tmp/loop_over_bdir-12103-N8iPkD/FusionInventory-Agent-2.3.15-5Q2UtN/blib/lib
PERL5OPT =
PERL5_CPANPLUS_IS_RUNNING = 4870
PERL5_CPAN_IS_RUNNING = 4870
PERL_MM_USE_DEFAULT = 1
SHELL = /usr/bin/zsh
TERM = screen
Perl special variables (and OS-specific diagnostics, for MSWin32):
$^X = /tmp/basesmoker-reloperl-wMcG/bin/perl
$UID/$EUID = 1005 / 1005
$GID = 1005 1005
$EGID = 1005 1005
Perl module toolchain versions installed:
Module Have
------------------- ------------
CPAN 2.05
CPAN::Meta 2.143240
Cwd 3.54
ExtUtils::CBuilder 0.280221
ExtUtils::Command 1.20
ExtUtils::Install 2.04
ExtUtils::MakeMaker 7.04
ExtUtils::Manifest 1.70
ExtUtils::ParseXS 3.27
File::Spec 3.53
JSON 2.90
JSON::PP 2.27300
Module::Build 0.4211
Module::Signature 0.73
Parse::CPAN::Meta 1.4414
Test::Harness 3.35
Test::More 1.301001_097
YAML 1.14
YAML::Syck 1.29
version 0.9912
--
Summary of my perl5 (revision 5 version 21 subversion 9) configuration:
Commit id: 1b3da025c55a48511e8e3b0b8b4cfd716c047d83
Platform:
osname=linux, osvers=3.16.0-4-amd64, archname=x86_64-linux-ld
uname='linux k83 3.16.0-4-amd64 #1 smp debian 3.16.7-ckt2-1 (2014-12-08) x86_64 gnulinux '
config_args='-Dprefix=/home/sand/src/perl/repoperls/installed-perls/perl/v5.21.8-68-g1b3da02/127e -Dmyhostname=k83 -Dinstallusrbinperl=n -Uversiononly -Dusedevel -des -Ui_db -Uuseithreads -Duselongdouble -DDEBUGGING=-g'
hint=recommended, useposix=true, d_sigaction=define
useithreads=undef, usemultiplicity=undef
use64bitint=define, use64bitall=define, uselongdouble=define
usemymalloc=n, bincompat5005=undef
Compiler:
cc='cc', ccflags ='-fwrapv -fno-strict-aliasing -pipe -fstack-protector-strong -I/usr/local/include -D_LARGEFILE_SOURCE -D_FILE_OFFSET_BITS=64 -D_FORTIFY_SOURCE=2',
optimize='-O2 -g',
cppflags='-fwrapv -fno-strict-aliasing -pipe -fstack-protector-strong -I/usr/local/include'
ccversion='', gccversion='4.9.2', gccosandvers=''
intsize=4, longsize=8, ptrsize=8, doublesize=8, byteorder=12345678, doublekind=3
d_longlong=define, longlongsize=8, d_longdbl=define, longdblsize=16, longdblkind=3
ivtype='long', ivsize=8, nvtype='long double', nvsize=16, Off_t='off_t', lseeksize=8
alignbytes=16, prototype=define
Linker and Libraries:
ld='cc', ldflags =' -fstack-protector-strong -L/usr/local/lib'
libpth=/usr/local/lib /usr/lib/gcc/x86_64-linux-gnu/4.9/include-fixed /usr/include/x86_64-linux-gnu /usr/lib /lib/x86_64-linux-gnu /lib/../lib /usr/lib/x86_64-linux-gnu /usr/lib/../lib /lib
libs=-lpthread -lnsl -lgdbm -ldb -ldl -lm -lcrypt -lutil -lc -lgdbm_compat
perllibs=-lpthread -lnsl -ldl -lm -lcrypt -lutil -lc
libc=libc-2.19.so, so=so, useshrplib=false, libperl=libperl.a
gnulibc_version='2.19'
Dynamic Linking:
dlsrc=dl_dlopen.xs, dlext=so, d_dlsymun=undef, ccdlflags='-Wl,-E'
cccdlflags='-fPIC', lddlflags='-shared -O2 -g -L/usr/local/lib -fstack-protector-strong'
Characteristics of this binary (from libperl):
Compile-time options: HAS_TIMES PERLIO_LAYERS PERL_DONT_CREATE_GVSV
PERL_HASH_FUNC_ONE_AT_A_TIME_HARD PERL_MALLOC_WRAP
PERL_NEW_COPY_ON_WRITE PERL_PRESERVE_IVUV
PERL_USE_DEVEL USE_64_BIT_ALL USE_64_BIT_INT
USE_LARGE_FILES USE_LOCALE USE_LOCALE_COLLATE
USE_LOCALE_CTYPE USE_LOCALE_NUMERIC USE_LOCALE_TIME
USE_LONG_DOUBLE USE_PERLIO USE_PERL_ATOF
Built under linux
Compiled at Jan 27 2015 05:44:40
%ENV:
PERL5LIB="/tmp/loop_over_bdir-12103-N8iPkD/FusionInventory-Agent-2.3.15-5Q2UtN/blib/arch:/tmp/loop_over_bdir-12103-N8iPkD/FusionInventory-Agent-2.3.15-5Q2UtN/blib/lib"
PERL5OPT=""
PERL5_CPANPLUS_IS_RUNNING="4870"
PERL5_CPAN_IS_RUNNING="4870"
PERL_MM_USE_DEFAULT="1"
@INC:
/tmp/loop_over_bdir-12103-N8iPkD/FusionInventory-Agent-2.3.15-5Q2UtN/blib/arch
/tmp/loop_over_bdir-12103-N8iPkD/FusionInventory-Agent-2.3.15-5Q2UtN/blib/lib
/home/sand/src/perl/repoperls/installed-perls/perl/v5.21.8-68-g1b3da02/127e/lib/site_perl/5.21.9/x86_64-linux-ld
/home/sand/src/perl/repoperls/installed-perls/perl/v5.21.8-68-g1b3da02/127e/lib/site_perl/5.21.9
/home/sand/src/perl/repoperls/installed-perls/perl/v5.21.8-68-g1b3da02/127e/lib/5.21.9/x86_64-linux-ld
/home/sand/src/perl/repoperls/installed-perls/perl/v5.21.8-68-g1b3da02/127e/lib/5.21.9
.