Back
From: metabase:user:320bfe00-2aae-11df-837a-5e0a49663a4f
Subject: FAIL Image-Scale-0.08 v5.21.8 GNU/Linux
Date: 2015-01-02T20:44:42Z
This distribution has been tested as part of the CPAN Testers
project, supporting the Perl programming language. See
http://wiki.cpantesters.org/ for more information or email
questions to cpan-testers-discuss@perl.org
--
Dear Andy Grundman,
This is a computer-generated report for Image-Scale-0.08
on perl 5.21.8, created by CPAN-Reporter-1.2011.
Thank you for uploading your work to CPAN. However, there was a problem
testing your distribution.
If you think this report is invalid, please consult the CPAN Testers Wiki
for suggestions on how to avoid getting FAIL reports for missing library
or binary dependencies, unsupported operating systems, and so on:
http://wiki.cpantesters.org/wiki/CPANAuthorNotes
Sections of this report:
* Tester comments
* Program output
* Prerequisites
* Environment and other context
------------------------------
TESTER COMMENTS
------------------------------
Additional comments from tester:
this report is from an automated smoke testing program
and was not reviewed by a human for accuracy
------------------------------
PROGRAM OUTPUT
------------------------------
Output from '/usr/bin/make test':
Running Mkbootstrap for Image::Scale ()
chmod 644 "Scale.bs"
PERL_DL_NONLAZY=1 "/tmp/basesmoker-reloperl-VjVh/bin/perl" "-MExtUtils::Command::MM" "-MTest::Harness" "-e" "undef *Test::Harness::Switches; test_harness(0, 'blib/lib', 'blib/arch')" t/*.t
# Failed test 'use Image::Scale;'
# at t/01use.t line 3.
# Tried to use 'Image::Scale'.
# Error: Can't load '/tmp/loop_over_bdir-18843-G14bX1/Image-Scale-0.08-6XxZOe/blib/arch/auto/Image/Scale/Scale.so' for module Image::Scale: /tmp/loop_over_bdir-18843-G14bX1/Image-Scale-0.08-6XxZOe/blib/arch/auto/Image/Scale/Scale.so: undefined symbol: DGifGetLine at /home/sand/src/perl/repoperls/installed-perls/perl/v5.21.7-206-g0c2c3d0/9980/lib/5.21.8/x86_64-linux-thread-multi/DynaLoader.pm line 193.
# at t/01use.t line 3.
# Compilation failed in require at t/01use.t line 3.
# BEGIN failed--compilation aborted at t/01use.t line 3.
# Looks like you failed 1 test of 1.
t/01use.t ..........
Dubious, test returned 1 (wstat 256, 0x100)
Failed 1/1 subtests
t/02pod.t .......... skipped: set TEST_POD to enable this test
t/03podcoverage.t .. skipped: set TEST_POD to enable this test
t/04critic.t ....... skipped: Critic test only for developers.
Can't load '/tmp/loop_over_bdir-18843-G14bX1/Image-Scale-0.08-6XxZOe/blib/arch/auto/Image/Scale/Scale.so' for module Image::Scale: /tmp/loop_over_bdir-18843-G14bX1/Image-Scale-0.08-6XxZOe/blib/arch/auto/Image/Scale/Scale.so: undefined symbol: DGifGetLine at /home/sand/src/perl/repoperls/installed-perls/perl/v5.21.7-206-g0c2c3d0/9980/lib/5.21.8/x86_64-linux-thread-multi/DynaLoader.pm line 193.
at t/bmp.t line 9.
Compilation failed in require at t/bmp.t line 9.
BEGIN failed--compilation aborted at t/bmp.t line 9.
# Looks like your test exited with 2 before it could output anything.
t/bmp.t ............
Dubious, test returned 2 (wstat 512, 0x200)
Failed 30/30 subtests
Can't load '/tmp/loop_over_bdir-18843-G14bX1/Image-Scale-0.08-6XxZOe/blib/arch/auto/Image/Scale/Scale.so' for module Image::Scale: /tmp/loop_over_bdir-18843-G14bX1/Image-Scale-0.08-6XxZOe/blib/arch/auto/Image/Scale/Scale.so: undefined symbol: DGifGetLine at /home/sand/src/perl/repoperls/installed-perls/perl/v5.21.7-206-g0c2c3d0/9980/lib/5.21.8/x86_64-linux-thread-multi/DynaLoader.pm line 193.
at t/gif.t line 9.
Compilation failed in require at t/gif.t line 9.
BEGIN failed--compilation aborted at t/gif.t line 9.
t/gif.t ............
Dubious, test returned 2 (wstat 512, 0x200)
No subtests run
Can't load '/tmp/loop_over_bdir-18843-G14bX1/Image-Scale-0.08-6XxZOe/blib/arch/auto/Image/Scale/Scale.so' for module Image::Scale: /tmp/loop_over_bdir-18843-G14bX1/Image-Scale-0.08-6XxZOe/blib/arch/auto/Image/Scale/Scale.so: undefined symbol: DGifGetLine at /home/sand/src/perl/repoperls/installed-perls/perl/v5.21.7-206-g0c2c3d0/9980/lib/5.21.8/x86_64-linux-thread-multi/DynaLoader.pm line 193.
at t/jpeg.t line 9.
Compilation failed in require at t/jpeg.t line 9.
BEGIN failed--compilation aborted at t/jpeg.t line 9.
t/jpeg.t ...........
Dubious, test returned 2 (wstat 512, 0x200)
No subtests run
Can't load '/tmp/loop_over_bdir-18843-G14bX1/Image-Scale-0.08-6XxZOe/blib/arch/auto/Image/Scale/Scale.so' for module Image::Scale: /tmp/loop_over_bdir-18843-G14bX1/Image-Scale-0.08-6XxZOe/blib/arch/auto/Image/Scale/Scale.so: undefined symbol: DGifGetLine at /home/sand/src/perl/repoperls/installed-perls/perl/v5.21.7-206-g0c2c3d0/9980/lib/5.21.8/x86_64-linux-thread-multi/DynaLoader.pm line 193.
at t/png.t line 9.
Compilation failed in require at t/png.t line 9.
BEGIN failed--compilation aborted at t/png.t line 9.
t/png.t ............
Dubious, test returned 2 (wstat 512, 0x200)
No subtests run
Test Summary Report
-------------------
t/01use.t (Wstat: 256 Tests: 1 Failed: 1)
Failed test: 1
Non-zero exit status: 1
t/bmp.t (Wstat: 512 Tests: 0 Failed: 0)
Non-zero exit status: 2
Parse errors: Bad plan. You planned 30 tests but ran 0.
t/gif.t (Wstat: 512 Tests: 0 Failed: 0)
Non-zero exit status: 2
Parse errors: No plan found in TAP output
t/jpeg.t (Wstat: 512 Tests: 0 Failed: 0)
Non-zero exit status: 2
Parse errors: No plan found in TAP output
t/png.t (Wstat: 512 Tests: 0 Failed: 0)
Non-zero exit status: 2
Parse errors: No plan found in TAP output
Files=8, Tests=1, 0 wallclock secs ( 0.04 usr 0.00 sys + 0.27 cusr 0.01 csys = 0.32 CPU)
Result: FAIL
Failed 5/8 test programs. 1/1 subtests failed.
Makefile:1011: recipe for target 'test_dynamic' failed
make: *** [test_dynamic] Error 2
------------------------------
PREREQUISITES
------------------------------
Prerequisite modules loaded:
requires:
Module Need Have
------------------- ---- ----
Test::NoWarnings 0 1.04
build_requires:
Module Need Have
------------------- ---- ----
ExtUtils::MakeMaker 0 7.04
configure_requires:
Module Need Have
------------------- ---- ----
ExtUtils::MakeMaker 0 7.04
------------------------------
ENVIRONMENT AND OTHER CONTEXT
------------------------------
Environment variables:
AUTOMATED_TESTING = 1
LANG = en_US.UTF-8
LANGUAGE = en_US:en
PATH = /home/sand/bin:/usr/local/bin:/usr/bin:/bin:/usr/games:/usr/local/perl/bin:/usr/X11/bin:/sbin:/usr/sbin
PERL5LIB = /tmp/loop_over_bdir-18843-G14bX1/FusionInventory-Agent-2.3.14-wndPOX/blib/arch:/tmp/loop_over_bdir-18843-G14bX1/FusionInventory-Agent-2.3.14-wndPOX/blib/lib
PERL5OPT =
PERL5_CPANPLUS_IS_RUNNING = 6665
PERL5_CPAN_IS_RUNNING = 6665
PERL_MM_USE_DEFAULT = 1
SHELL = /usr/bin/zsh
TERM = screen
Perl special variables (and OS-specific diagnostics, for MSWin32):
$^X = /tmp/basesmoker-reloperl-VjVh/bin/perl
$UID/$EUID = 1005 / 1005
$GID = 1005 1005
$EGID = 1005 1005
Perl module toolchain versions installed:
Module Have
------------------- --------
CPAN 2.05
CPAN::Meta 2.143240
Cwd 3.54
ExtUtils::CBuilder 0.280221
ExtUtils::Command 1.19
ExtUtils::Install 2.04
ExtUtils::MakeMaker 7.04
ExtUtils::Manifest 1.70
ExtUtils::ParseXS 3.27
File::Spec 3.53
JSON 2.90
JSON::PP 2.27300
Module::Build 0.4210
Module::Signature 0.73
Parse::CPAN::Meta 1.4414
Test::Harness 3.34
Test::More 1.001014
YAML 1.13
YAML::Syck 1.29
version 0.9909
--
Summary of my perl5 (revision 5 version 21 subversion 8) configuration:
Commit id: 0c2c3d000e799a35bdc2bdd24feaf77cf854a2dd
Platform:
osname=linux, osvers=3.16.0-4-amd64, archname=x86_64-linux-thread-multi
uname='linux k83 3.16.0-4-amd64 #1 smp debian 3.16.7-2 (2014-11-06) x86_64 gnulinux '
config_args='-Dprefix=/home/sand/src/perl/repoperls/installed-perls/perl/v5.21.7-206-g0c2c3d0/9980 -Dmyhostname=k83 -Dinstallusrbinperl=n -Uversiononly -Dusedevel -des -Ui_db -Duseithreads -Uuselongdouble -DDEBUGGING=-g'
hint=recommended, useposix=true, d_sigaction=define
useithreads=define, usemultiplicity=define
use64bitint=define, use64bitall=define, uselongdouble=undef
usemymalloc=n, bincompat5005=undef
Compiler:
cc='cc', ccflags ='-D_REENTRANT -D_GNU_SOURCE -fwrapv -fno-strict-aliasing -pipe -fstack-protector-strong -I/usr/local/include -D_LARGEFILE_SOURCE -D_FILE_OFFSET_BITS=64 -D_FORTIFY_SOURCE=2',
optimize='-O2 -g',
cppflags='-D_REENTRANT -D_GNU_SOURCE -fwrapv -fno-strict-aliasing -pipe -fstack-protector-strong -I/usr/local/include'
ccversion='', gccversion='4.9.2', gccosandvers=''
intsize=4, longsize=8, ptrsize=8, doublesize=8, byteorder=12345678, doublekind=3
d_longlong=define, longlongsize=8, d_longdbl=define, longdblsize=16, longdblkind=3
ivtype='long', ivsize=8, nvtype='double', nvsize=8, Off_t='off_t', lseeksize=8
alignbytes=8, prototype=define
Linker and Libraries:
ld='cc', ldflags =' -fstack-protector-strong -L/usr/local/lib'
libpth=/usr/local/lib /usr/lib/gcc/x86_64-linux-gnu/4.9/include-fixed /usr/include/x86_64-linux-gnu /usr/lib /lib/x86_64-linux-gnu /lib/../lib /usr/lib/x86_64-linux-gnu /usr/lib/../lib /lib
libs=-lnsl -lgdbm -ldb -ldl -lm -lcrypt -lutil -lc -lpthread -lgdbm_compat
perllibs=-lnsl -ldl -lm -lcrypt -lutil -lc -lpthread
libc=libc-2.19.so, so=so, useshrplib=false, libperl=libperl.a
gnulibc_version='2.19'
Dynamic Linking:
dlsrc=dl_dlopen.xs, dlext=so, d_dlsymun=undef, ccdlflags='-Wl,-E'
cccdlflags='-fPIC', lddlflags='-shared -O2 -g -L/usr/local/lib -fstack-protector-strong'
Characteristics of this binary (from libperl):
Compile-time options: HAS_TIMES MULTIPLICITY PERLIO_LAYERS
PERL_DONT_CREATE_GVSV
PERL_HASH_FUNC_ONE_AT_A_TIME_HARD
PERL_IMPLICIT_CONTEXT PERL_MALLOC_WRAP
PERL_NEW_COPY_ON_WRITE PERL_PRESERVE_IVUV
PERL_USE_DEVEL USE_64_BIT_ALL USE_64_BIT_INT
USE_ITHREADS USE_LARGE_FILES USE_LOCALE
USE_LOCALE_COLLATE USE_LOCALE_CTYPE
USE_LOCALE_NUMERIC USE_LOCALE_TIME USE_PERLIO
USE_PERL_ATOF USE_REENTRANT_API
Built under linux
Compiled at Jan 1 2015 17:13:42
%ENV:
PERL5LIB="/tmp/loop_over_bdir-18843-G14bX1/FusionInventory-Agent-2.3.14-wndPOX/blib/arch:/tmp/loop_over_bdir-18843-G14bX1/FusionInventory-Agent-2.3.14-wndPOX/blib/lib"
PERL5OPT=""
PERL5_CPANPLUS_IS_RUNNING="6665"
PERL5_CPAN_IS_RUNNING="6665"
PERL_MM_USE_DEFAULT="1"
@INC:
/tmp/loop_over_bdir-18843-G14bX1/FusionInventory-Agent-2.3.14-wndPOX/blib/arch
/tmp/loop_over_bdir-18843-G14bX1/FusionInventory-Agent-2.3.14-wndPOX/blib/lib
/home/sand/src/perl/repoperls/installed-perls/perl/v5.21.7-206-g0c2c3d0/9980/lib/site_perl/5.21.8/x86_64-linux-thread-multi
/home/sand/src/perl/repoperls/installed-perls/perl/v5.21.7-206-g0c2c3d0/9980/lib/site_perl/5.21.8
/home/sand/src/perl/repoperls/installed-perls/perl/v5.21.7-206-g0c2c3d0/9980/lib/5.21.8/x86_64-linux-thread-multi
/home/sand/src/perl/repoperls/installed-perls/perl/v5.21.7-206-g0c2c3d0/9980/lib/5.21.8
.