Report for Dancer2-Plugin-Queue-MongoDB-0.003

Back
From: metabase:user:320bfe00-2aae-11df-837a-5e0a49663a4f
Subject: FAIL Dancer2-Plugin-Queue-MongoDB-0.003 v5.22.1 GNU/Linux
Date: 2017-05-27T12:08:22Z

This distribution has been tested as part of the CPAN Testers
project, supporting the Perl programming language.  See
http://wiki.cpantesters.org/ for more information or email
questions to cpan-testers-discuss@perl.org


--
Dear David Golden,

This is a computer-generated report for Dancer2-Plugin-Queue-MongoDB-0.003
on perl 5.22.1, created by CPAN-Reporter-1.2018.

Thank you for uploading your work to CPAN.  However, there was a problem
testing your distribution.

If you think this report is invalid, please consult the CPAN Testers Wiki
for suggestions on how to avoid getting FAIL reports for missing library
or binary dependencies, unsupported operating systems, and so on:

http://wiki.cpantesters.org/wiki/CPANAuthorNotes

Sections of this report:

    * Tester comments
    * Program output
    * Prerequisites
    * Environment and other context

------------------------------
TESTER COMMENTS
------------------------------

Additional comments from tester:

this report is from an automated smoke testing program
and was not reviewed by a human for accuracy

------------------------------
PROGRAM OUTPUT
------------------------------

Output from '/usr/bin/make test':

PERL_DL_NONLAZY=1 "/home/sand/src/perl/repoperls/installed-perls/host/k93msid/v5.22.1/89ad/bin/perl" "-MExtUtils::Command::MM" "-MTest::Harness" "-e" "undef *Test::Harness::Switches; test_harness(0, 'blib/lib', 'blib/arch')" t/*.t
t/00-compile.t ......... ok
# Prerequisite Report:
#    Version Module                             
#   -------- -----------------------------------
#      0.006 Dancer2::Plugin::Queue             
#      0.006 Dancer2::Plugin::Queue::Role::Queue
#      0.006 Dancer2::Plugin::Queue::Role::Test 
#       7.24 ExtUtils::MakeMaker                
#       1.29 File::Find                         
#       3.62 File::Spec::Functions              
#     0.2304 File::Temp                         
#      0.070 HTTP::Tiny                         
#       1.47 List::Util                         
#     v1.8.0 MongoDB                            
#     v1.8.0 MongoDB::MongoClient               
#      1.002 MongoDBx::Queue                    
#       0.29 MooX::Types::MooseLike::Base       
#     2.2004 Moose                              
#   1.302085 Test::More                         
#      1.004 Test::Roo                          
#       2.19 Test::TCP                          
#       1.09 strict                             
#       1.34 warnings                           
t/00-report-prereqs.t .. ok
    # No tests run!

#   Failed test 'No tests run for subtest "testing with main"'
#   at /home/sand/src/perl/repoperls/installed-perls/host/k93msid/v5.22.1/89ad/lib/site_perl/5.22.1/Test/Roo/Class.pm line 89.
MongoDB::SelectionError: No writable server available.  MongoDB server status:
Topology type: Single; Member status:
  localhost:27017 (type: Unknown, error: MongoDB::NetworkError: Could not connect to 'localhost:27017': Connection refused )
# Tests were run but no plan was declared and done_testing() was not seen.
# Looks like your test exited with 255 just after 1.
t/mongodb.t ............ 
Dubious, test returned 255 (wstat 65280, 0xff00)
Failed 1/1 subtests 

Test Summary Report
-------------------
t/mongodb.t          (Wstat: 65280 Tests: 1 Failed: 1)
  Failed test:  1
  Non-zero exit status: 255
  Parse errors: No plan found in TAP output
Files=3, Tests=3,  5 wallclock secs ( 0.03 usr  0.01 sys +  2.56 cusr  0.20 csys =  2.80 CPU)
Result: FAIL
Failed 1/3 test programs. 1/3 subtests failed.
Makefile:880: recipe for target 'test_dynamic' failed
make: *** [test_dynamic] Error 255

------------------------------
PREREQUISITES
------------------------------

Prerequisite modules loaded:

requires:

    Module                              Need  Have    
    ----------------------------------- ----- --------
    Dancer2::Plugin::Queue              0.003 0.006   
    Dancer2::Plugin::Queue::Role::Queue 0     0.006   
    MongoDB                             0     v1.8.0  
    MongoDB::MongoClient                0     v1.8.0  
    MongoDBx::Queue                     0     1.002   
    Moose                               0     2.2004  
    strict                              0     1.09    
    warnings                            0     1.34    

build_requires:

    Module                              Need  Have    
    ----------------------------------- ----- --------
    Dancer2::Plugin::Queue::Role::Test  0     0.006   
    ExtUtils::MakeMaker                 0     7.24    
    File::Find                          0     1.29    
    File::Spec::Functions               0     3.62    
    File::Temp                          0     0.2304  
    HTTP::Tiny                          0     0.070   
    List::Util                          0     1.47    
    MongoDB                             0.45  v1.8.0  
    MooX::Types::MooseLike::Base        0     0.29    
    Test::More                          0     1.302085
    Test::Roo                           0     1.004   
    Test::TCP                           0     2.19    

configure_requires:

    Module                              Need  Have    
    ----------------------------------- ----- --------
    ExtUtils::MakeMaker                 6.30  7.24    


------------------------------
ENVIRONMENT AND OTHER CONTEXT
------------------------------

Environment variables:

    AUTOMATED_TESTING = 1
    LANG = en_US.UTF-8
    PATH = /home/sand/bin:/usr/local/bin:/usr/bin:/bin:/usr/games:/usr/local/perl/bin:/usr/X11/bin:/sbin:/usr/sbin
    PERL5LIB = 
    PERL5OPT = 
    PERL5_CPANPLUS_IS_RUNNING = 14266
    PERL5_CPAN_IS_RUNNING = 14266
    PERL_CANARY_STABILITY_NOPROMPT = 1
    PERL_MM_USE_DEFAULT = 1
    PERL_USE_UNSAFE_INC = 1
    SHELL = /usr/bin/zsh
    TERM = screen

Perl special variables (and OS-specific diagnostics, for MSWin32):

    $^X = /home/sand/src/perl/repoperls/installed-perls/host/k93msid/v5.22.1/89ad/bin/perl
    $UID/$EUID = 1005 / 1005
    $GID = 1005 1005
    $EGID = 1005 1005

Perl module toolchain versions installed:

    Module              Have    
    ------------------- --------
    CPAN                2.18    
    CPAN::Meta          2.150010
    Cwd                 3.62    
    ExtUtils::CBuilder  0.280224
    ExtUtils::Command   1.20    
    ExtUtils::Install   2.04    
    ExtUtils::MakeMaker 7.24    
    ExtUtils::Manifest  1.70    
    ExtUtils::ParseXS   3.28    
    File::Spec          3.62    
    JSON                2.92    
    JSON::PP            2.92    
    Module::Build       0.42_23 
    Module::Signature   0.81    
    Parse::CPAN::Meta   1.4422  
    Test::Harness       3.39    
    Test::More          1.302085
    YAML                1.23    
    YAML::Syck          1.29    
    version             0.9918  


--

Summary of my perl5 (revision 5 version 22 subversion 1) configuration:
  Derived from: 0ab152a1d10861997fe3e1b985cc92f142f4cec7
  Platform:
    osname=linux, osvers=4.9.0-2-amd64, archname=x86_64-linux
    uname='linux k93msid 4.9.0-2-amd64 #1 smp debian 4.9.18-1 (2017-03-30) x86_64 gnulinux '
    config_args='-Dprefix=/home/sand/src/perl/repoperls/installed-perls/host/k93msid/v5.22.1/89ad -Dmyhostname=k93msid -Dinstallusrbinperl=n -Uversiononly -Dusedevel -des -Ui_db -Dlibswanted=cl pthread socket inet nsl gdbm dbm malloc dl ld sun m crypt sec util c cposix posix ucb BSD gdbm_compat -Uuseithreads -Uuselongdouble -DDEBUGGING=-g'
    hint=recommended, useposix=true, d_sigaction=define
    useithreads=undef, usemultiplicity=undef
    use64bitint=define, use64bitall=define, uselongdouble=undef
    usemymalloc=n, bincompat5005=undef
  Compiler:
    cc='cc', ccflags ='-fwrapv -fno-strict-aliasing -pipe -fstack-protector-strong -I/usr/local/include -D_LARGEFILE_SOURCE -D_FILE_OFFSET_BITS=64',
    optimize='-O2 -g',
    cppflags='-fwrapv -fno-strict-aliasing -pipe -fstack-protector-strong -I/usr/local/include'
    ccversion='', gccversion='6.3.0 20170406', gccosandvers=''
    intsize=4, longsize=8, ptrsize=8, doublesize=8, byteorder=12345678, doublekind=3
    d_longlong=define, longlongsize=8, d_longdbl=define, longdblsize=16, longdblkind=3
    ivtype='long', ivsize=8, nvtype='double', nvsize=8, Off_t='off_t', lseeksize=8
    alignbytes=8, prototype=define
  Linker and Libraries:
    ld='cc', ldflags =' -fstack-protector-strong -L/usr/local/lib'
    libpth=/usr/local/lib /usr/lib/gcc/x86_64-linux-gnu/6/include-fixed /usr/include/x86_64-linux-gnu /usr/lib /lib/x86_64-linux-gnu /lib/../lib /usr/lib/x86_64-linux-gnu /usr/lib/../lib /lib
    libs=-lpthread -lnsl -ldl -lm -lcrypt -lutil -lc
    perllibs=-lpthread -lnsl -ldl -lm -lcrypt -lutil -lc
    libc=libc-2.24.so, so=so, useshrplib=false, libperl=libperl.a
    gnulibc_version='2.24'
  Dynamic Linking:
    dlsrc=dl_dlopen.xs, dlext=so, d_dlsymun=undef, ccdlflags='-Wl,-E'
    cccdlflags='-fPIC', lddlflags='-shared -O2 -g -L/usr/local/lib -fstack-protector-strong'


Characteristics of this binary (from libperl): 
  Compile-time options: HAS_TIMES PERLIO_LAYERS PERL_DONT_CREATE_GVSV
                        PERL_HASH_FUNC_ONE_AT_A_TIME_HARD PERL_MALLOC_WRAP
                        PERL_NEW_COPY_ON_WRITE PERL_PRESERVE_IVUV
                        PERL_USE_DEVEL USE_64_BIT_ALL USE_64_BIT_INT
                        USE_LARGE_FILES USE_LOCALE USE_LOCALE_COLLATE
                        USE_LOCALE_CTYPE USE_LOCALE_NUMERIC USE_LOCALE_TIME
                        USE_PERLIO USE_PERL_ATOF
  Locally applied patches:
	uncommitted-changes
  Built under linux
  Compiled at Apr 17 2017 04:06:22
  %ENV:
    PERL5LIB=""
    PERL5OPT=""
    PERL5_CPANPLUS_IS_RUNNING="14266"
    PERL5_CPAN_IS_RUNNING="14266"
    PERL_CANARY_STABILITY_NOPROMPT="1"
    PERL_MM_USE_DEFAULT="1"
    PERL_USE_UNSAFE_INC="1"
  @INC:
    /home/sand/src/perl/repoperls/installed-perls/host/k93msid/v5.22.1/89ad/lib/site_perl/5.22.1/x86_64-linux
    /home/sand/src/perl/repoperls/installed-perls/host/k93msid/v5.22.1/89ad/lib/site_perl/5.22.1
    /home/sand/src/perl/repoperls/installed-perls/host/k93msid/v5.22.1/89ad/lib/5.22.1/x86_64-linux
    /home/sand/src/perl/repoperls/installed-perls/host/k93msid/v5.22.1/89ad/lib/5.22.1
    .