String-Validator-Password v0.94 Perl 5 v5.27.10 x86_64-linux-thread-multi

Status
Fail
From
Andreas J. König (ANDK)
Dist
String-Validator-Password v0.94
Platform
Perl 5 v5.27.10 x86_64-linux-thread-multi
Date
2018-03-31 02:42:40
ID
2e73d0a0-348d-11e8-a9db-11c0e290a39b
This distribution has been tested as part of the CPAN Testers
project, supporting the Perl programming language.  See
http://wiki.cpantesters.org/ for more information or email
questions to cpan-testers-discuss@perl.org


--
Dear John Karr,

This is a computer-generated report for String-Validator-Password-0.94
on perl 5.27.10, created by CPAN-Reporter-1.2018.

Thank you for uploading your work to CPAN.  However, there was a problem
testing your distribution.

If you think this report is invalid, please consult the CPAN Testers Wiki
for suggestions on how to avoid getting FAIL reports for missing library
or binary dependencies, unsupported operating systems, and so on:

http://wiki.cpantesters.org/wiki/CPANAuthorNotes

Sections of this report:

    * Tester comments
    * Program output
    * Prerequisites
    * Environment and other context

------------------------------
TESTER COMMENTS
------------------------------

Additional comments from tester:

this report is from an automated smoke testing program
and was not reviewed by a human for accuracy

------------------------------
PROGRAM OUTPUT
------------------------------

Output from '/usr/bin/make test':

PERL_DL_NONLAZY=1 "/home/sand/src/perl/repoperls/installed-perls/host/k93msid/v5.27.10/29fb/bin/perl" "-MExtUtils::Command::MM" "-MTest::Harness" "-e" "undef *Test::Harness::Switches; test_harness(0, 'blib/lib', 'blib/arch')" t/*.t
# Testing String::Validator::Password 0.94, Perl 5.027010, /home/sand/src/perl/repoperls/installed-perls/host/k93msid/v5.27.10/29fb/bin/perl
t/00-load.t ................ ok
# Testing String::Validator::Password 0.94, Perl 5.027010, /home/sand/src/perl/repoperls/installed-perls/host/k93msid/v5.27.10/29fb/bin/perl
t/10-matches.t ............. ok
# Testing String::Validator::Password 0.94, Perl 5.027010, /home/sand/src/perl/repoperls/installed-perls/host/k93msid/v5.27.10/29fb/bin/perl

#   Failed test 'The error string should tell us it is too short.'
#   at t/20-defaults.t line 34.
#                   '6
# '
#     doesn't match '(?^:Length of 5 Does not meet requirement)'

#   Failed test 'The error string should tell us it is too long.'
#   at t/20-defaults.t line 42.
#                   '64
# '
#     doesn't match '(?^:Length of 65 Does not meet requirement)'
# Looks like you failed 2 tests of 18.
t/20-defaults.t ............ 
Dubious, test returned 2 (wstat 512, 0x200)
Failed 2/18 subtests 
# Testing String::Validator::Password 0.94, Perl 5.027010, /home/sand/src/perl/repoperls/installed-perls/host/k93msid/v5.27.10/29fb/bin/perl

#   Failed test 'The error string should tell us it is too short.'
#   at t/21-password_length.t line 15.
#                   '6
# '
#     doesn't match '(?^:Length of 5 Does not meet requirement)'

#   Failed test 'The error string should tell us it is too long.'
#   at t/21-password_length.t line 23.
#                   '32
# '
#     doesn't match '(?^:Length of 33 Does not meet requirement)'

#   Failed test 'The error string should tell us it is too long.'
#   at t/21-password_length.t line 32.
#                   '22
# '
#     doesn't match '(?^:Length of 19 Does not meet requirement: Min Length)'
# Looks like you failed 3 tests of 14.
t/21-password_length.t ..... 
Dubious, test returned 3 (wstat 768, 0x300)
Failed 3/14 subtests 
# Testing String::Validator::Password 0.94, Perl 5.027010, /home/sand/src/perl/repoperls/installed-perls/host/k93msid/v5.27.10/29fb/bin/perl
t/22-require.t ............. ok
# Testing String::Validator::Password 0.94, Perl 5.027010, /home/sand/src/perl/repoperls/installed-perls/host/k93msid/v5.27.10/29fb/bin/perl
t/23-deny.t ................ ok
# Testing String::Validator::Password 0.94, Perl 5.027010, /home/sand/src/perl/repoperls/installed-perls/host/k93msid/v5.27.10/29fb/bin/perl
t/24-password_min_types.t .. ok
# Testing String::Validator::Password 0.94, Perl 5.027010, /home/sand/src/perl/repoperls/installed-perls/host/k93msid/v5.27.10/29fb/bin/perl

#   Failed test 'The error string should tell us it is too long.'
#   at t/25-errorcheck.t line 32.
#                   '9
# punct is limited to fewer than 3
# '
#     doesn't match '(?^:Length of 10 Does not meet requirement)'
# Looks like you failed 1 test of 11.
t/25-errorcheck.t .......... 
Dubious, test returned 1 (wstat 256, 0x100)
Failed 1/11 subtests 
# Testing String::Validator::Password 0.94, Perl 5.027010, /home/sand/src/perl/repoperls/installed-perls/host/k93msid/v5.27.10/29fb/bin/perl
t/30-String.t .............. ok
# Testing String::Validator::Password 0.94, Perl 5.027010, /home/sand/src/perl/repoperls/installed-perls/host/k93msid/v5.27.10/29fb/bin/perl

#   Failed test 'Mismatched passwords fail.'
#   at t/31-IsNotValid.t line 19.
#          got: '
# '
#     expected: 'Strings don't match.
# '
# Looks like you failed 1 test of 4.
t/31-IsNotValid.t .......... 
Dubious, test returned 1 (wstat 256, 0x100)
Failed 1/4 subtests 
# Testing String::Validator::Password 0.94, Perl 5.027010, /home/sand/src/perl/repoperls/installed-perls/host/k93msid/v5.27.10/29fb/bin/perl
t/32-IsValid.t ............. ok
t/manifest.t ............... skipped: Author tests not required for installation

Test Summary Report
-------------------
t/20-defaults.t          (Wstat: 512 Tests: 18 Failed: 2)
  Failed tests:  14, 18
  Non-zero exit status: 2
t/21-password_length.t   (Wstat: 768 Tests: 14 Failed: 3)
  Failed tests:  3, 7, 11
  Non-zero exit status: 3
t/25-errorcheck.t        (Wstat: 256 Tests: 11 Failed: 1)
  Failed test:  7
  Non-zero exit status: 1
t/31-IsNotValid.t        (Wstat: 256 Tests: 4 Failed: 1)
  Failed test:  4
  Non-zero exit status: 1
Files=12, Tests=137,  3 wallclock secs ( 0.06 usr  0.07 sys +  1.38 cusr  0.26 csys =  1.77 CPU)
Result: FAIL
Failed 4/12 test programs. 7/137 subtests failed.
Makefile:846: recipe for target 'test_dynamic' failed
make: *** [test_dynamic] Error 255

------------------------------
PREREQUISITES
------------------------------

Prerequisite modules loaded:

requires:

    Module                    Need Have    
    ------------------------- ---- --------
    String::Validator::Common 0.93 1.20    
    Test::More                0    1.302135

build_requires:

    Module                    Need Have    
    ------------------------- ---- --------
    ExtUtils::MakeMaker       0    7.34    

configure_requires:

    Module                    Need Have    
    ------------------------- ---- --------
    ExtUtils::MakeMaker       0    7.34    


------------------------------
ENVIRONMENT AND OTHER CONTEXT
------------------------------

Environment variables:

    AUTOMATED_TESTING = 1
    LANG = en_US.UTF-8
    PATH = /home/sand/bin:/usr/local/bin:/usr/bin:/bin:/usr/games:/usr/local/perl/bin:/usr/X11/bin:/sbin:/usr/sbin
    PERL5LIB = 
    PERL5OPT = 
    PERL5_CPANPLUS_IS_RUNNING = 2460
    PERL5_CPAN_IS_RUNNING = 2460
    PERL_CANARY_STABILITY_NOPROMPT = 1
    PERL_MM_USE_DEFAULT = 1
    PERL_USE_UNSAFE_INC = 1
    SHELL = /usr/bin/zsh
    TERM = screen

Perl special variables (and OS-specific diagnostics, for MSWin32):

    $^X = /home/sand/src/perl/repoperls/installed-perls/host/k93msid/v5.27.10/29fb/bin/perl
    $UID/$EUID = 1005 / 1005
    $GID = 1005 1005
    $EGID = 1005 1005

Perl module toolchain versions installed:

    Module              Have    
    ------------------- --------
    CPAN                2.20    
    CPAN::Meta          2.150010
    Cwd                 3.74    
    ExtUtils::CBuilder  0.280230
    ExtUtils::Command   7.34    
    ExtUtils::Install   2.14    
    ExtUtils::MakeMaker 7.34    
    ExtUtils::Manifest  1.70    
    ExtUtils::ParseXS   3.39    
    File::Spec          3.74    
    JSON                2.97001 
    JSON::PP            2.97001 
    Module::Build       0.4224  
    Module::Signature   0.81    
    Parse::CPAN::Meta   2.150010
    Test::Harness       3.42    
    Test::More          1.302135
    YAML                1.24    
    YAML::Syck          1.30    
    version             0.9918  


--

Summary of my perl5 (revision 5 version 27 subversion 10) configuration:
  Commit id: f0282de6e1af44f945ea5d4ec9c7cf6469324731
  Platform:
    osname=linux
    osvers=4.14.0-3-amd64
    archname=x86_64-linux-thread-multi
    uname='linux k93msid 4.14.0-3-amd64 #1 smp debian 4.14.12-2 (2018-01-06) x86_64 gnulinux '
    config_args='-Dprefix=/home/sand/src/perl/repoperls/installed-perls/host/k93msid/v5.27.10/29fb -Dmyhostname=k93msid -Dinstallusrbinperl=n -Uversiononly -Dusedevel -des -Ui_db -Dlibswanted=cl pthread socket inet nsl gdbm dbm malloc dl ld sun m crypt sec util c cposix posix ucb BSD gdbm_compat -Duseithreads -Uuselongdouble -DEBUGGING=both'
    hint=recommended
    useposix=true
    d_sigaction=define
    useithreads=define
    usemultiplicity=define
    use64bitint=define
    use64bitall=define
    uselongdouble=undef
    usemymalloc=n
    default_inc_excludes_dot=define
    bincompat5005=undef
  Compiler:
    cc='cc'
    ccflags ='-D_REENTRANT -D_GNU_SOURCE -fwrapv -DDEBUGGING -fno-strict-aliasing -pipe -fstack-protector-strong -I/usr/local/include -D_LARGEFILE_SOURCE -D_FILE_OFFSET_BITS=64 -D_FORTIFY_SOURCE=2'
    optimize='-O2 -g'
    cppflags='-D_REENTRANT -D_GNU_SOURCE -fwrapv -DDEBUGGING -fno-strict-aliasing -pipe -fstack-protector-strong -I/usr/local/include'
    ccversion=''
    gccversion='7.2.0'
    gccosandvers=''
    intsize=4
    longsize=8
    ptrsize=8
    doublesize=8
    byteorder=12345678
    doublekind=3
    d_longlong=define
    longlongsize=8
    d_longdbl=define
    longdblsize=16
    longdblkind=3
    ivtype='long'
    ivsize=8
    nvtype='double'
    nvsize=8
    Off_t='off_t'
    lseeksize=8
    alignbytes=8
    prototype=define
  Linker and Libraries:
    ld='cc'
    ldflags =' -fstack-protector-strong -L/usr/local/lib'
    libpth=/usr/local/lib /usr/lib/gcc/x86_64-linux-gnu/7/include-fixed /usr/include/x86_64-linux-gnu /usr/lib /lib/x86_64-linux-gnu /lib/../lib /usr/lib/x86_64-linux-gnu /usr/lib/../lib /lib
    libs=-lpthread -lnsl -ldl -lm -lcrypt -lutil -lc
    perllibs=-lpthread -lnsl -ldl -lm -lcrypt -lutil -lc
    libc=libc-2.26.so
    so=so
    useshrplib=false
    libperl=libperl.a
    gnulibc_version='2.26'
  Dynamic Linking:
    dlsrc=dl_dlopen.xs
    dlext=so
    d_dlsymun=undef
    ccdlflags='-Wl,-E'
    cccdlflags='-fPIC'
    lddlflags='-shared -O2 -g -L/usr/local/lib -fstack-protector-strong'


Characteristics of this binary (from libperl): 
  Compile-time options:
    DEBUGGING
    HAS_TIMES
    MULTIPLICITY
    PERLIO_LAYERS
    PERL_COPY_ON_WRITE
    PERL_DONT_CREATE_GVSV
    PERL_IMPLICIT_CONTEXT
    PERL_MALLOC_WRAP
    PERL_OP_PARENT
    PERL_PRESERVE_IVUV
    PERL_TRACK_MEMPOOL
    PERL_USE_DEVEL
    USE_64_BIT_ALL
    USE_64_BIT_INT
    USE_ITHREADS
    USE_LARGE_FILES
    USE_LOCALE
    USE_LOCALE_COLLATE
    USE_LOCALE_CTYPE
    USE_LOCALE_NUMERIC
    USE_LOCALE_TIME
    USE_PERLIO
    USE_PERL_ATOF
    USE_REENTRANT_API
  Built under linux
  Compiled at Mar 22 2018 23:55:16
  %ENV:
    PERL5LIB=""
    PERL5OPT=""
    PERL5_CPANPLUS_IS_RUNNING="2460"
    PERL5_CPAN_IS_RUNNING="2460"
    PERL_CANARY_STABILITY_NOPROMPT="1"
    PERL_MM_USE_DEFAULT="1"
    PERL_USE_UNSAFE_INC="1"
  @INC:
    /home/sand/src/perl/repoperls/installed-perls/host/k93msid/v5.27.10/29fb/lib/site_perl/5.27.10/x86_64-linux-thread-multi
    /home/sand/src/perl/repoperls/installed-perls/host/k93msid/v5.27.10/29fb/lib/site_perl/5.27.10
    /home/sand/src/perl/repoperls/installed-perls/host/k93msid/v5.27.10/29fb/lib/5.27.10/x86_64-linux-thread-multi
    /home/sand/src/perl/repoperls/installed-perls/host/k93msid/v5.27.10/29fb/lib/5.27.10
    .