Back
From: metabase:user:d2c9f356-b46f-11df-9a90-20a83c0b7757
Subject: FAIL HTTP-WebTest-2.04 v5.15.5 SunOS/Solaris
Date: 2011-12-16T04:19:44Z
This distribution has been tested as part of the CPAN Testers
project, supporting the Perl programming language. See
http://wiki.cpantesters.org/ for more information or email
questions to cpan-testers-discuss@perl.org
--
Dear Ilya Martynov,
This is a computer-generated report for HTTP-WebTest-2.04
on perl 5.15.5, created by CPAN-Reporter-1.2003.
Thank you for uploading your work to CPAN. However, there was a problem
testing your distribution.
If you think this report is invalid, please consult the CPAN Testers Wiki
for suggestions on how to avoid getting FAIL reports for missing library
or binary dependencies, unsupported operating systems, and so on:
http://wiki.cpantesters.org/wiki/CPANAuthorNotes
Sections of this report:
* Tester comments
* Program output
* Prerequisites
* Environment and other context
------------------------------
TESTER COMMENTS
------------------------------
Additional comments from tester:
this report is from an automated smoke testing program
and was not reviewed by a human for accuracy
------------------------------
PROGRAM OUTPUT
------------------------------
Output from '/usr/local/bin/make test':
PERL_DL_NONLAZY=1 /export/home/cpant4/perl5/bin/perl5.15.5 "-MExtUtils::Command::MM" "-e" "test_harness(0, 'blib/lib', 'blib/arch')" t/*.t
t/01-api.t ............ ok
# Failed test at /export/home/cpant4/.cpan/build/HTTP-WebTest-2.04-zZu4Lq/blib/lib/HTTP/WebTest/SelfTest.pm line 202.
# Failed test at /export/home/cpant4/.cpan/build/HTTP-WebTest-2.04-zZu4Lq/blib/lib/HTTP/WebTest/SelfTest.pm line 202.
# Failed test at /export/home/cpant4/.cpan/build/HTTP-WebTest-2.04-zZu4Lq/blib/lib/HTTP/WebTest/SelfTest.pm line 202.
# Failed test at /export/home/cpant4/.cpan/build/HTTP-WebTest-2.04-zZu4Lq/blib/lib/HTTP/WebTest/SelfTest.pm line 202.
# Looks like you failed 4 tests of 37.
t/02-generic.t ........
Dubious, test returned 4 (wstat 1024, 0x400)
Failed 4/37 subtests
t/03-proxy.t .......... ok
t/05-report.t ......... ok
t/05a-email-report.t .. ok
Use of uninitialized value $extracted in string eq at /export/home/cpant4/.cpan/build/HTTP-WebTest-2.04-zZu4Lq/blib/lib/HTTP/WebTest/Parser.pm line 237.
Use of uninitialized value $extracted in string eq at /export/home/cpant4/.cpan/build/HTTP-WebTest-2.04-zZu4Lq/blib/lib/HTTP/WebTest/Parser.pm line 237.
Use of uninitialized value $extracted in string eq at /export/home/cpant4/.cpan/build/HTTP-WebTest-2.04-zZu4Lq/blib/lib/HTTP/WebTest/Parser.pm line 262.
t/06-parser.t ......... ok
t/07-compat.t ......... ok
t/08-plugins.t ........ ok
t/09-hooks.t .......... ok
t/10-click.t .......... ok
t/11-delay.t .......... ok
t/12-request.t ........ ok
t/13-harness.t ........ ok
Test Summary Report
-------------------
t/02-generic.t (Wstat: 1024 Tests: 37 Failed: 4)
Failed tests: 2-4, 29
Non-zero exit status: 4
Files=13, Tests=247, 31 wallclock secs ( 0.08 usr 0.02 sys + 2.71 cusr 0.35 csys = 3.16 CPU)
Result: FAIL
Failed 1/13 test programs. 4/247 subtests failed.
make: *** [test_dynamic] Error 255
------------------------------
PREREQUISITES
------------------------------
Prerequisite modules loaded:
requires:
Module Need Have
--------------------- ---- ----------
Algorithm::Diff 0 1.1902
CGI::Cookie 0 1.30
LWP 5.6 6.03
MIME::Base64 0 3.13
Net::SMTP 0 2.31
Pod::Man 1.14 2.25
Pod::Usage 0 1.36
Test::Builder::Tester 0 1.22
Test::MockObject 0.07 1.20110612
Test::More 0 0.98
Text::Balanced 0 2.02
Time::HiRes 0 1.9724
URI 0 1.59
build_requires:
Module Need Have
--------------------- ---- ----------
ExtUtils::MakeMaker 0 6.63_02
------------------------------
ENVIRONMENT AND OTHER CONTEXT
------------------------------
Environment variables:
AUTOMATED_TESTING = 1
LANG = C
LD_LIBRARY_PATH = /usr/local/lib:
PATH = /export/home/cpant4/perl5/bin:/usr/local/bin:/usr/bin
PERL5LIB = /export/home/cpant4/.cpan/build/Test-MockObject-1.20110612-kG94QQ/blib/arch:/export/home/cpant4/.cpan/build/Test-MockObject-1.20110612-kG94QQ/blib/lib:/export/home/cpant4/.cpan/build/UNIVERSAL-can-1.20110617-oWPLDZ/blib/arch:/export/home/cpant4/.cpan/build/UNIVERSAL-can-1.20110617-oWPLDZ/blib/lib:/export/home/cpant4/.cpan/build/UNIVERSAL-isa-1.20110614-BwDHXO/blib/arch:/export/home/cpant4/.cpan/build/UNIVERSAL-isa-1.20110614-BwDHXO/blib/lib
PERL5OPT =
PERL5_CPANPLUS_IS_RUNNING = 20747
PERL5_CPAN_IS_RUNNING = 20747
PERL5_CPAN_IS_RUNNING_IN_RECURSION = 2919,20747
PERL_CR_SMOKER_CURRENT = HTTP-WebTest-Plugin-Sticky-0.02
PERL_EXTUTILS_AUTOINSTALL = --defaultdeps
PERL_MM_USE_DEFAULT = 1
SHELL = /bin/bash
TERM = xterm
Perl special variables (and OS-specific diagnostics, for MSWin32):
$^X = /export/home/cpant4/perl5/bin/perl5.15.5
$UID/$EUID = 104 / 104
$GID = 1 1
$EGID = 1 1
Perl module toolchain versions installed:
Module Have
------------------- --------
CPAN 1.9800
CPAN::Meta 2.112621
Cwd 3.37
ExtUtils::CBuilder 0.280204
ExtUtils::Command 1.17
ExtUtils::Install 1.57
ExtUtils::MakeMaker 6.63_02
ExtUtils::Manifest 1.60
ExtUtils::ParseXS 3.07
File::Spec 3.34
JSON 2.53
JSON::PP 2.27200
Module::Build 0.39_01
Module::Signature n/a
Parse::CPAN::Meta 1.4401
Test::Harness 3.23
Test::More 0.98
YAML 0.77
YAML::Syck 1.19
version 0.95
--
Summary of my perl5 (revision 5 version 15 subversion 5) configuration:
Platform:
osname=solaris, osvers=2.10, archname=i86pc-solaris-64int
uname='sunos vmrz0046 5.10 generic_141445-09 i86pc i386 i86pc solaris '
config_args='-Dcc=gcc -Dprefix=~/perl5 -Duse64bitint -Dusedevel -d'
hint=recommended, useposix=true, d_sigaction=define
useithreads=undef, usemultiplicity=undef
useperlio=define, d_sfio=undef, uselargefiles=define, usesocks=undef
use64bitint=define, use64bitall=undef, uselongdouble=undef
usemymalloc=n, bincompat5005=undef
Compiler:
cc='gcc', ccflags ='-DPTR_IS_LONG -fno-strict-aliasing -pipe -I/usr/local/include -D_LARGEFILE_SOURCE -D_FILE_OFFSET_BITS=64 -DPERL_USE_SAFE_PUTENV',
optimize='-O',
cppflags='-DPTR_IS_LONG -fno-strict-aliasing -pipe -I/usr/local/include'
ccversion='', gccversion='3.4.6', gccosandvers='solaris2.10'
intsize=4, longsize=4, ptrsize=4, doublesize=8, byteorder=12345678
d_longlong=define, longlongsize=8, d_longdbl=define, longdblsize=12
ivtype='long long', ivsize=8, nvtype='double', nvsize=8, Off_t='off_t', lseeksize=8
alignbytes=4, prototype=define
Linker and Libraries:
ld='gcc', ldflags =' -L/usr/local/lib '
libpth=/usr/local/lib /usr/lib /usr/ccs/lib
libs=-lsocket -lnsl -lgdbm -ldl -lm -lc
perllibs=-lsocket -lnsl -ldl -lm -lc
libc=/lib/libc.so, so=so, useshrplib=false, libperl=libperl.a
gnulibc_version=''
Dynamic Linking:
dlsrc=dl_dlopen.xs, dlext=so, d_dlsymun=undef, ccdlflags=' '
cccdlflags='-fPIC', lddlflags='-G -L/usr/local/lib'
Characteristics of this binary (from libperl):
Compile-time options: HAS_TIMES PERLIO_LAYERS PERL_DONT_CREATE_GVSV
PERL_MALLOC_WRAP PERL_PRESERVE_IVUV PERL_USE_DEVEL
PERL_USE_SAFE_PUTENV USE_64_BIT_INT USE_LARGE_FILES
USE_LOCALE USE_LOCALE_COLLATE USE_LOCALE_CTYPE
USE_LOCALE_NUMERIC USE_PERLIO USE_PERL_ATOF
Built under solaris
Compiled at Nov 28 2011 11:34:47
%ENV:
PERL5LIB="/export/home/cpant4/.cpan/build/Test-MockObject-1.20110612-kG94QQ/blib/arch:/export/home/cpant4/.cpan/build/Test-MockObject-1.20110612-kG94QQ/blib/lib:/export/home/cpant4/.cpan/build/UNIVERSAL-can-1.20110617-oWPLDZ/blib/arch:/export/home/cpant4/.cpan/build/UNIVERSAL-can-1.20110617-oWPLDZ/blib/lib:/export/home/cpant4/.cpan/build/UNIVERSAL-isa-1.20110614-BwDHXO/blib/arch:/export/home/cpant4/.cpan/build/UNIVERSAL-isa-1.20110614-BwDHXO/blib/lib"
PERL5OPT=""
PERL5_CPANPLUS_IS_RUNNING="20747"
PERL5_CPAN_IS_RUNNING="20747"
PERL5_CPAN_IS_RUNNING_IN_RECURSION="2919,20747"
PERL_CR_SMOKER_CURRENT="HTTP-WebTest-Plugin-Sticky-0.02"
PERL_EXTUTILS_AUTOINSTALL="--defaultdeps"
PERL_MM_USE_DEFAULT="1"
@INC:
/export/home/cpant4/.cpan/build/Test-MockObject-1.20110612-kG94QQ/blib/arch
/export/home/cpant4/.cpan/build/Test-MockObject-1.20110612-kG94QQ/blib/lib
/export/home/cpant4/.cpan/build/UNIVERSAL-can-1.20110617-oWPLDZ/blib/arch
/export/home/cpant4/.cpan/build/UNIVERSAL-can-1.20110617-oWPLDZ/blib/lib
/export/home/cpant4/.cpan/build/UNIVERSAL-isa-1.20110614-BwDHXO/blib/arch
/export/home/cpant4/.cpan/build/UNIVERSAL-isa-1.20110614-BwDHXO/blib/lib
/export/home/cpant4/perl5/lib/site_perl/5.15.5/i86pc-solaris-64int
/export/home/cpant4/perl5/lib/site_perl/5.15.5
/export/home/cpant4/perl5/lib/5.15.5/i86pc-solaris-64int
/export/home/cpant4/perl5/lib/5.15.5
/export/home/cpant4/perl5/lib/site_perl
.