Report for Class-Value-Contact-1.100840

Back
From: metabase:user:9820532a-708b-1014-9a05-b18a96298da1
Subject: FAIL Class-Value-Contact-1.100840 v5.15.8 GNU/Linux
Date: 2012-03-14T17:07:30Z

This distribution has been tested as part of the CPAN Testers
project, supporting the Perl programming language.  See
http://wiki.cpantesters.org/ for more information or email
questions to cpan-testers-discuss@perl.org


--
Dear Marcel Gruenauer,

This is a computer-generated report for Class-Value-Contact-1.100840
on perl 5.15.8, created by CPAN-Reporter-1.2005.

Thank you for uploading your work to CPAN.  However, there was a problem
testing your distribution.

If you think this report is invalid, please consult the CPAN Testers Wiki
for suggestions on how to avoid getting FAIL reports for missing library
or binary dependencies, unsupported operating systems, and so on:

http://wiki.cpantesters.org/wiki/CPANAuthorNotes

Sections of this report:

    * Tester comments
    * Program output
    * Prerequisites
    * Environment and other context

------------------------------
TESTER COMMENTS
------------------------------

Additional comments from tester:

this report is from an automated smoke testing program
and was not reviewed by a human for accuracy

------------------------------
PROGRAM OUTPUT
------------------------------

Output from '/usr/bin/make test':

PERL_DL_NONLAZY=1 /home/test/perl5/perlbrew/perls/perl-blead/bin/perl5.15.8 "-MExtUtils::Command::MM" "-e" "test_harness(0, 'blib/lib', 'blib/arch')" t/*.t
t/00-compile.t ............... ok
# Testing with Perl 5.015008, /home/test/perl5/perlbrew/perls/perl-blead/bin/perl5.15.8
#     Carp version is 1.25
#     Class::Value::Exception::Base version is 1.100840
#     Class::Value::String version is 1.100840
#     Class::Value::Test version is 1.100840
overload arg '..' is invalid at /home/test/perl5/perlbrew/perls/perl-blead/lib/5.15.8/Math/BigInt.pm line 153.
#     Email::Valid version is 0.187
#     English version is 1.05
#     Error::Hierarchy::Util version is 1.103530
#     ExtUtils::MakeMaker version is 6.62
#     File::Find version is 1.20
#     File::Temp version is 0.22
#     Scalar::Util version is 1.2304
#     Test::CompanionClasses version is 1.101370
#     Test::More version is 0.98
#     constant version is 1.23
#     parent version is 0.225
t/000-report-versions.t ...... ok
overload arg '..' is invalid at /home/test/perl5/perlbrew/perls/perl-blead/lib/5.15.8/Math/BigInt.pm line 153.
    
    #   Failed test 'VALID   (none): 0@0.0'
    #   at /home/test/perl5/perlbrew/perls/perl-blead/lib/site_perl/5.15.8/Data/Semantic/Test.pm line 34.
    # Looks like you failed 1 test of 15.

#   Failed test 'Class::Value::Contact::EmailAddress_TEST'
#   at /home/test/perl5/perlbrew/perls/perl-blead/lib/site_perl/5.15.8/Test/CompanionClasses/Engine.pm line 54.
# Looks like you failed 1 test of 2.
t/01_companion_classes.t ..... 
Dubious, test returned 1 (wstat 256, 0x100)
Failed 1/2 subtests 
t/author-critic.t ............ skipped: these tests are for testing by the author
t/release-check-changes.t .... skipped: these tests are for release candidate testing
t/release-dist-manifest.t .... skipped: these tests are for release candidate testing
t/release-has-version.t ...... skipped: these tests are for release candidate testing
t/release-kwalitee.t ......... skipped: these tests are for release candidate testing
t/release-meta-yaml.t ........ skipped: these tests are for release candidate testing
t/release-minimum-version.t .. skipped: these tests are for release candidate testing
t/release-pod-coverage.t ..... skipped: these tests are for release candidate testing
t/release-pod-spell.t ........ skipped: these tests are for release candidate testing
t/release-pod-syntax.t ....... skipped: these tests are for release candidate testing
t/release-portability.t ...... skipped: these tests are for release candidate testing
t/release-synopsis.t ......... skipped: these tests are for release candidate testing

Test Summary Report
-------------------
t/01_companion_classes.t   (Wstat: 256 Tests: 2 Failed: 1)
  Failed test:  1
  Non-zero exit status: 1
Files=15, Tests=55,  4 wallclock secs ( 0.08 usr  0.02 sys +  3.31 cusr  0.54 csys =  3.95 CPU)
Result: FAIL
Failed 1/15 test programs. 1/55 subtests failed.
make: *** [test_dynamic] Error 255

------------------------------
PREREQUISITES
------------------------------

Prerequisite modules loaded:

requires:

    Module                        Need Have    
    ----------------------------- ---- --------
    Carp                          0    1.25    
    Class::Value::Exception::Base 0    1.100840
    Class::Value::String          0    1.100840
    Class::Value::Test            0    1.100840
    constant                      0    1.23    
    Email::Valid                  0    0.187   
    English                       0    1.05    
    Error::Hierarchy::Util        0    1.103530
    File::Find                    0    1.20    
    File::Temp                    0    0.22    
    parent                        0    0.225   
    Scalar::Util                  0    1.23_04 
    Test::CompanionClasses        0    1.101370
    Test::More                    0.88 0.98    

configure_requires:

    Module                        Need Have    
    ----------------------------- ---- --------
    ExtUtils::MakeMaker           6.11 6.62    


------------------------------
ENVIRONMENT AND OTHER CONTEXT
------------------------------

Environment variables:

    AUTOMATED_TESTING = 1
    LANG = C
    LC_ALL = C
    MANPATH_WITHOUT_PERLBREW = 
    PATH = /home/test/perl5/perlbrew/bin:/home/test/perl5/perlbrew/perls/perl-blead/bin:/home/test/bin:~/bin:/usr/bin:/bin
    PATH_WITHOUT_PERLBREW = /home/test/bin:~/bin:/usr/bin:/bin
    PERL5LIB = 
    PERL5OPT = 
    PERL5_CPANPLUS_IS_RUNNING = 32437
    PERL5_CPAN_IS_RUNNING = 32437
    PERL5_CPAN_IS_RUNNING_IN_RECURSION = 29369,32437
    PERLBREW_BASHRC_VERSION = 0.41
    PERLBREW_HOME = /home/test/.perlbrew
    PERLBREW_MANPATH = /home/test/perl5/perlbrew/perls/perl-blead/man
    PERLBREW_PATH = /home/test/perl5/perlbrew/bin:/home/test/perl5/perlbrew/perls/perl-blead/bin
    PERLBREW_PERL = perl-blead
    PERLBREW_ROOT = /home/test/perl5/perlbrew
    PERLBREW_VERSION = 0.42
    PERL_CPANM_OPT = --prompt --mirror file:///mirrors/cpan/
    PERL_CR_SMOKER_CURRENT = Class-Value-Contact-1.100840
    PERL_EXTUTILS_AUTOINSTALL = --defaultdeps
    PERL_MM_USE_DEFAULT = 1
    SHELL = /bin/bash
    TERM = linux

Perl special variables (and OS-specific diagnostics, for MSWin32):

    $^X = /home/test/perl5/perlbrew/perls/perl-blead/bin/perl5.15.8
    $UID/$EUID = 1001 / 1001
    $GID = 1001 1001
    $EGID = 1001 1001

Perl module toolchain versions installed:

    Module              Have    
    ------------------- --------
    CPAN                1.9800  
    CPAN::Meta          2.120351
    Cwd                 3.33    
    ExtUtils::CBuilder  0.280205
    ExtUtils::Command   1.17    
    ExtUtils::Install   1.58    
    ExtUtils::MakeMaker 6.62    
    ExtUtils::Manifest  1.60    
    ExtUtils::ParseXS   3.15    
    File::Spec          3.33    
    JSON                2.53    
    JSON::PP            2.27200 
    Module::Build       0.40    
    Module::Signature   n/a     
    Parse::CPAN::Meta   1.4402  
    Test::Harness       3.23    
    Test::More          0.98    
    YAML                0.80    
    YAML::Syck          1.20    
    version             0.96    


--

Summary of my perl5 (revision 5 version 15 subversion 8) configuration:
  Snapshot of: 3a3e1efce7f28011ce73f2f824c0114319c32573
  Platform:
    osname=linux, osvers=2.6.35-28-generic, archname=x86_64-linux
    uname='linux zippy 2.6.35-28-generic #50-ubuntu smp fri mar 18 18:42:20 utc 2011 x86_64 gnulinux '
    config_args='-de -Dprefix=/home/test/perl5/perlbrew/perls/perl-blead -Dusedevel'
    hint=recommended, useposix=true, d_sigaction=define
    useithreads=undef, usemultiplicity=undef
    useperlio=define, d_sfio=undef, uselargefiles=define, usesocks=undef
    use64bitint=define, use64bitall=define, uselongdouble=undef
    usemymalloc=n, bincompat5005=undef
  Compiler:
    cc='cc', ccflags ='-fno-strict-aliasing -pipe -fstack-protector -I/usr/local/include -D_LARGEFILE_SOURCE -D_FILE_OFFSET_BITS=64',
    optimize='-O2',
    cppflags='-fno-strict-aliasing -pipe -fstack-protector -I/usr/local/include'
    ccversion='', gccversion='4.4.5', gccosandvers=''
    intsize=4, longsize=8, ptrsize=8, doublesize=8, byteorder=12345678
    d_longlong=define, longlongsize=8, d_longdbl=define, longdblsize=16
    ivtype='long', ivsize=8, nvtype='double', nvsize=8, Off_t='off_t', lseeksize=8
    alignbytes=8, prototype=define
  Linker and Libraries:
    ld='cc', ldflags =' -fstack-protector -L/usr/local/lib'
    libpth=/usr/local/lib /lib/../lib /usr/lib/../lib /lib /usr/lib /usr/lib/x86_64-linux-gnu /lib64 /usr/lib64
    libs=-lnsl -ldl -lm -lcrypt -lutil -lc
    perllibs=-lnsl -ldl -lm -lcrypt -lutil -lc
    libc=/lib/libc-2.12.1.so, so=so, useshrplib=false, libperl=libperl.a
    gnulibc_version='2.12.1'
  Dynamic Linking:
    dlsrc=dl_dlopen.xs, dlext=so, d_dlsymun=undef, ccdlflags='-Wl,-E'
    cccdlflags='-fPIC', lddlflags='-shared -O2 -L/usr/local/lib -fstack-protector'


Characteristics of this binary (from libperl): 
  Compile-time options: HAS_TIMES PERLIO_LAYERS PERL_DONT_CREATE_GVSV
                        PERL_MALLOC_WRAP PERL_PRESERVE_IVUV PERL_USE_DEVEL
                        USE_64_BIT_ALL USE_64_BIT_INT USE_LARGE_FILES
                        USE_LOCALE USE_LOCALE_COLLATE USE_LOCALE_CTYPE
                        USE_LOCALE_NUMERIC USE_PERLIO USE_PERL_ATOF
  Built under linux
  Compiled at Mar 11 2012 22:56:27
  %ENV:
    PERL5LIB=""
    PERL5OPT=""
    PERL5_CPANPLUS_IS_RUNNING="32437"
    PERL5_CPAN_IS_RUNNING="32437"
    PERL5_CPAN_IS_RUNNING_IN_RECURSION="29369,32437"
    PERLBREW_BASHRC_VERSION="0.41"
    PERLBREW_HOME="/home/test/.perlbrew"
    PERLBREW_MANPATH="/home/test/perl5/perlbrew/perls/perl-blead/man"
    PERLBREW_PATH="/home/test/perl5/perlbrew/bin:/home/test/perl5/perlbrew/perls/perl-blead/bin"
    PERLBREW_PERL="perl-blead"
    PERLBREW_ROOT="/home/test/perl5/perlbrew"
    PERLBREW_VERSION="0.42"
    PERL_CPANM_OPT="--prompt --mirror file:///mirrors/cpan/"
    PERL_CR_SMOKER_CURRENT="Class-Value-Contact-1.100840"
    PERL_EXTUTILS_AUTOINSTALL="--defaultdeps"
    PERL_MM_USE_DEFAULT="1"
  @INC:
    /home/test/perl5/perlbrew/perls/perl-blead/lib/site_perl/5.15.8/x86_64-linux
    /home/test/perl5/perlbrew/perls/perl-blead/lib/site_perl/5.15.8
    /home/test/perl5/perlbrew/perls/perl-blead/lib/5.15.8/x86_64-linux
    /home/test/perl5/perlbrew/perls/perl-blead/lib/5.15.8
    .