Filter-Crypto v2.09 Perl 5 v5.12.0 i86pc-solaris-thread-multi-64
- Status
- Fail
- From
- Chris Williams (BINGOS)
- Dist
-
Filter-Crypto v2.09
- Platform
- Perl 5 v5.12.0 i86pc-solaris-thread-multi-64
- Date
- 2020-12-12 13:23:12
- ID
- 2f1fedf4-3c7d-11eb-84bc-edd243e66a77
This distribution has been tested as part of the CPAN Testers
project, supporting the Perl programming language. See
http://wiki.cpantesters.org/ for more information or email
questions to cpan-testers-discuss@perl.org
--
Dear SHAY,
This is a computer-generated error report created automatically by
CPANPLUS, version 0.9908. Testers personal comments may appear
at the end of this report.
Thank you for uploading your work to CPAN. However, it appears that
there were some problems testing your distribution.
TEST RESULTS:
Below is the error stack from stage 'make test':
"/home/cpan/pit/thr/perl-5.12.0/bin/perl" -MExtUtils::Command::MM -e 'cp_nonempty' -- CryptFile.bs ../blib/arch/auto/Filter/Crypto/CryptFile/CryptFile.bs 644
Manifying 1 pod document
"/home/cpan/pit/thr/perl-5.12.0/bin/perl" -MExtUtils::Command::MM -e 'cp_nonempty' -- Decrypt.bs ../blib/arch/auto/Filter/Crypto/Decrypt/Decrypt.bs 644
Manifying 1 pod document
PERL_DL_NONLAZY=1 "/home/cpan/pit/thr/perl-5.12.0/bin/perl" "-MExtUtils::Command::MM" "-MTest::Harness" "-e" "undef *Test::Harness::Switches; test_harness(0, 'blib/lib', 'blib/arch')" t/*.t
# Failed test 'require Filter::Crypto::CryptFile;'
# at t/01_imports_01.t line 40.
# Tried to require 'Filter::Crypto::CryptFile'.
# Error: Can't load '/home/cpan/pit/thr/conf/perl-5.12.0/.cpanplus/5.12.0/build/5bMtK_Z72s/Filter-Crypto-2.09/blib/arch/auto/Filter/Crypto/CryptFile/CryptFile.so' for module Filter::Crypto::CryptFile: ld.so.1: perl: fatal: relocation error: file /home/cpan/pit/thr/conf/perl-5.12.0/.cpanplus/5.12.0/build/5bMtK_Z72s/Filter-Crypto-2.09/blib/arch/auto/Filter/Crypto/CryptFile/CryptFile.so: symbol ERR_remove_state: referenced symbol not found at /home/cpan/pit/thr/perl-5.12.0/lib/5.12.0/i86pc-solaris-thread-multi-64/DynaLoader.pm line 200.
# at /home/cpan/pit/thr/perl-5.12.0/lib/5.12.0/i86pc-solaris-thread-multi-64/DynaLoader.pm line 65
# BEGIN failed--compilation aborted at /home/cpan/pit/thr/conf/perl-5.12.0/.cpanplus/5.12.0/build/5bMtK_Z72s/Filter-Crypto-2.09/blib/lib/Filter/Crypto/CryptFile.pm line 65.
# Compilation failed in require at (eval 5) line 2.
# Looks like you failed 1 test of 7.
t/01_imports_01.t ....
Dubious, test returned 1 (wstat 256, 0x100)
Failed 1/7 subtests
# Failed test 'use Filter::Crypto::CryptFile;'
# at t/01_imports_02.t line 40.
# Tried to use 'Filter::Crypto::CryptFile'.
# Error: Can't load '/home/cpan/pit/thr/conf/perl-5.12.0/.cpanplus/5.12.0/build/5bMtK_Z72s/Filter-Crypto-2.09/blib/arch/auto/Filter/Crypto/CryptFile/CryptFile.so' for module Filter::Crypto::CryptFile: ld.so.1: perl: fatal: relocation error: file /home/cpan/pit/thr/conf/perl-5.12.0/.cpanplus/5.12.0/build/5bMtK_Z72s/Filter-Crypto-2.09/blib/arch/auto/Filter/Crypto/CryptFile/CryptFile.so: symbol ERR_remove_state: referenced symbol not found at /home/cpan/pit/thr/perl-5.12.0/lib/5.12.0/i86pc-solaris-thread-multi-64/DynaLoader.pm line 200.
# at /home/cpan/pit/thr/perl-5.12.0/lib/5.12.0/i86pc-solaris-thread-multi-64/DynaLoader.pm line 65
# BEGIN failed--compilation aborted at /home/cpan/pit/thr/conf/perl-5.12.0/.cpanplus/5.12.0/build/5bMtK_Z72s/Filter-Crypto-2.09/blib/lib/Filter/Crypto/CryptFile.pm line 65.
# Compilation failed in require at t/01_imports_02.t line 40.
# BEGIN failed--compilation aborted at t/01_imports_02.t line 40.
# Failed test 'crypt_file is imported'
# at t/01_imports_02.t line 51.
# Failed test 'CRYPT_MODE_AUTO is imported'
# at t/01_imports_02.t line 53.
# Failed test 'CRYPT_MODE_DECRYPT is imported'
# at t/01_imports_02.t line 54.
# Failed test 'CRYPT_MODE_ENCRYPT is imported'
# at t/01_imports_02.t line 55.
# Failed test 'CRYPT_MODE_DECRYPTED is imported'
# at t/01_imports_02.t line 56.
# Failed test 'CRYPT_MODE_ENCRYPTED is imported'
# at t/01_imports_02.t line 57.
# Looks like you failed 7 tests of 7.
t/01_imports_02.t ....
Dubious, test returned 7 (wstat 1792, 0x700)
Failed 7/7 subtests
# Failed test 'use Filter::Crypto::CryptFile;'
# at t/01_imports_03.t line 40.
# Tried to use 'Filter::Crypto::CryptFile'.
# Error: Can't load '/home/cpan/pit/thr/conf/perl-5.12.0/.cpanplus/5.12.0/build/5bMtK_Z72s/Filter-Crypto-2.09/blib/arch/auto/Filter/Crypto/CryptFile/CryptFile.so' for module Filter::Crypto::CryptFile: ld.so.1: perl: fatal: relocation error: file /home/cpan/pit/thr/conf/perl-5.12.0/.cpanplus/5.12.0/build/5bMtK_Z72s/Filter-Crypto-2.09/blib/arch/auto/Filter/Crypto/CryptFile/CryptFile.so: symbol ERR_remove_state: referenced symbol not found at /home/cpan/pit/thr/perl-5.12.0/lib/5.12.0/i86pc-solaris-thread-multi-64/DynaLoader.pm line 200.
# at /home/cpan/pit/thr/perl-5.12.0/lib/5.12.0/i86pc-solaris-thread-multi-64/DynaLoader.pm line 65
# BEGIN failed--compilation aborted at /home/cpan/pit/thr/conf/perl-5.12.0/.cpanplus/5.12.0/build/5bMtK_Z72s/Filter-Crypto-2.09/blib/lib/Filter/Crypto/CryptFile.pm line 65.
# Compilation failed in require at t/01_imports_03.t line 40.
# BEGIN failed--compilation aborted at t/01_imports_03.t line 40.
# Failed test 'crypt_file is imported'
# at t/01_imports_03.t line 51.
# Looks like you failed 2 tests of 7.
t/01_imports_03.t ....
Dubious, test returned 2 (wstat 512, 0x200)
Failed 2/7 subtests
# Failed test 'use Filter::Crypto::CryptFile;'
# at t/01_imports_04.t line 40.
# Tried to use 'Filter::Crypto::CryptFile'.
# Error: Can't load '/home/cpan/pit/thr/conf/perl-5.12.0/.cpanplus/5.12.0/build/5bMtK_Z72s/Filter-Crypto-2.09/blib/arch/auto/Filter/Crypto/CryptFile/CryptFile.so' for module Filter::Crypto::CryptFile: ld.so.1: perl: fatal: relocation error: file /home/cpan/pit/thr/conf/perl-5.12.0/.cpanplus/5.12.0/build/5bMtK_Z72s/Filter-Crypto-2.09/blib/arch/auto/Filter/Crypto/CryptFile/CryptFile.so: symbol ERR_remove_state: referenced symbol not found at /home/cpan/pit/thr/perl-5.12.0/lib/5.12.0/i86pc-solaris-thread-multi-64/DynaLoader.pm line 200.
# at /home/cpan/pit/thr/perl-5.12.0/lib/5.12.0/i86pc-solaris-thread-multi-64/DynaLoader.pm line 65
# BEGIN failed--compilation aborted at /home/cpan/pit/thr/conf/perl-5.12.0/.cpanplus/5.12.0/build/5bMtK_Z72s/Filter-Crypto-2.09/blib/lib/Filter/Crypto/CryptFile.pm line 65.
# Compilation failed in require at t/01_imports_04.t line 40.
# BEGIN failed--compilation aborted at t/01_imports_04.t line 40.
# Failed test 'CRYPT_MODE_AUTO is imported'
# at t/01_imports_04.t line 53.
# Looks like you failed 2 tests of 7.
t/01_imports_04.t ....
Dubious, test returned 2 (wstat 512, 0x200)
Failed 2/7 subtests
Can't load '/home/cpan/pit/thr/conf/perl-5.12.0/.cpanplus/5.12.0/build/5bMtK_Z72s/Filter-Crypto-2.09/blib/arch/auto/Filter/Crypto/CryptFile/CryptFile.so' for module Filter::Crypto::CryptFile: ld.so.1: perl: fatal: relocation error: file /home/cpan/pit/thr/conf/perl-5.12.0/.cpanplus/5.12.0/build/5bMtK_Z72s/Filter-Crypto-2.09/blib/arch/auto/Filter/Crypto/CryptFile/CryptFile.so: symbol ERR_remove_state: referenced symbol not found at /home/cpan/pit/thr/perl-5.12.0/lib/5.12.0/i86pc-solaris-thread-multi-64/DynaLoader.pm line 200.
at /home/cpan/pit/thr/perl-5.12.0/lib/5.12.0/i86pc-solaris-thread-multi-64/DynaLoader.pm line 65
BEGIN failed--compilation aborted at /home/cpan/pit/thr/conf/perl-5.12.0/.cpanplus/5.12.0/build/5bMtK_Z72s/Filter-Crypto-2.09/blib/lib/Filter/Crypto/CryptFile.pm line 65.
Compilation failed in require at t/02_function.t line 58.
BEGIN failed--compilation aborted at t/02_function.t line 67.
t/02_function.t ......
Dubious, test returned 2 (wstat 512, 0x200)
No subtests run
Can't load '/home/cpan/pit/thr/conf/perl-5.12.0/.cpanplus/5.12.0/build/5bMtK_Z72s/Filter-Crypto-2.09/blib/arch/auto/Filter/Crypto/CryptFile/CryptFile.so' for module Filter::Crypto::CryptFile: ld.so.1: perl: fatal: relocation error: file /home/cpan/pit/thr/conf/perl-5.12.0/.cpanplus/5.12.0/build/5bMtK_Z72s/Filter-Crypto-2.09/blib/arch/auto/Filter/Crypto/CryptFile/CryptFile.so: symbol ERR_remove_state: referenced symbol not found at /home/cpan/pit/thr/perl-5.12.0/lib/5.12.0/i86pc-solaris-thread-multi-64/DynaLoader.pm line 200.
at /home/cpan/pit/thr/perl-5.12.0/lib/5.12.0/i86pc-solaris-thread-multi-64/DynaLoader.pm line 65
BEGIN failed--compilation aborted at /home/cpan/pit/thr/conf/perl-5.12.0/.cpanplus/5.12.0/build/5bMtK_Z72s/Filter-Crypto-2.09/blib/lib/Filter/Crypto/CryptFile.pm line 65.
Compilation failed in require at t/03_script.t line 93.
# Looks like your test exited with 2 before it could output anything.
t/03_script.t ........
Dubious, test returned 2 (wstat 512, 0x200)
Failed 105/105 subtests
t/04_par.t ........... skipped: PAR::Filter required to test PAR::Filter::Crypto
Can't load '/home/cpan/pit/thr/conf/perl-5.12.0/.cpanplus/5.12.0/build/5bMtK_Z72s/Filter-Crypto-2.09/blib/arch/auto/Filter/Crypto/CryptFile/CryptFile.so' for module Filter::Crypto::CryptFile: ld.so.1: perl: fatal: relocation error: file /home/cpan/pit/thr/conf/perl-5.12.0/.cpanplus/5.12.0/build/5bMtK_Z72s/Filter-Crypto-2.09/blib/arch/auto/Filter/Crypto/CryptFile/CryptFile.so: symbol ERR_remove_state: referenced symbol not found at /home/cpan/pit/thr/perl-5.12.0/lib/5.12.0/i86pc-solaris-thread-multi-64/DynaLoader.pm line 200.
at /home/cpan/pit/thr/perl-5.12.0/lib/5.12.0/i86pc-solaris-thread-multi-64/DynaLoader.pm line 65
BEGIN failed--compilation aborted at /home/cpan/pit/thr/conf/perl-5.12.0/.cpanplus/5.12.0/build/5bMtK_Z72s/Filter-Crypto-2.09/blib/lib/Filter/Crypto/CryptFile.pm line 65.
Compilation failed in require at t/05_errstr.t line 42.
BEGIN failed--compilation aborted at t/05_errstr.t line 50.
t/05_errstr.t ........
Dubious, test returned 2 (wstat 512, 0x200)
No subtests run
t/06_changes.t ....... skipped: Author testing only
t/07_critic.t ........ skipped: Author testing only
t/08_pod.t ........... skipped: Author testing only
t/09_pod_coverage.t .. skipped: Author testing only
Test Summary Report
-------------------
t/01_imports_01.t (Wstat: 256 Tests: 7 Failed: 1)
Failed test: 1
Non-zero exit status: 1
t/01_imports_02.t (Wstat: 1792 Tests: 7 Failed: 7)
Failed tests: 1-7
Non-zero exit status: 7
t/01_imports_03.t (Wstat: 512 Tests: 7 Failed: 2)
Failed tests: 1-2
Non-zero exit status: 2
t/01_imports_04.t (Wstat: 512 Tests: 7 Failed: 2)
Failed tests: 1, 3
Non-zero exit status: 2
t/02_function.t (Wstat: 512 Tests: 0 Failed: 0)
Non-zero exit status: 2
Parse errors: No plan found in TAP output
t/03_script.t (Wstat: 512 Tests: 0 Failed: 0)
Non-zero exit status: 2
Parse errors: Bad plan. You planned 105 tests but ran 0.
t/05_errstr.t (Wstat: 512 Tests: 0 Failed: 0)
Non-zero exit status: 2
Parse errors: No plan found in TAP output
Files=12, Tests=28, 2 wallclock secs ( 0.08 usr 0.06 sys + 1.49 cusr 0.46 csys = 2.09 CPU)
Result: FAIL
Failed 7/12 test programs. 12/28 subtests failed.
*** Error code 255
make: Fatal error: Command failed for target `test_dynamic'
PREREQUISITES:
Here is a list of prerequisites you specified and versions we
managed to load:
Module Name Have Want
Carp 1.15 0
Cwd 3.75 0
Exporter 5.64_01 0
ExtUtils::MakeMaker 7.48 6.66
Fcntl 1.06 0
File::Basename 2.78 0
File::Copy 2.18 0
File::Find 1.15 0
File::Path 2.17 0
File::Spec::Functions 3.75 0
File::Temp 0.2311 0
FindBin 1.50 0
Getopt::Long 2.38 0
Pod::Usage 1.36 1.15
Scalar::Util 1.22 0
Test::More 1.302181 0
Text::ParseWords 3.27 0
Text::Wrap 2009.0305 0
XSLoader 0.10 0
blib 1.04 0
constant 1.20 0
strict 1.04 0
warnings 1.09 0
Perl module toolchain versions installed:
Module Name Have
CPANPLUS 0.9908
CPANPLUS::Dist::Build 0.90
Cwd 3.75
ExtUtils::CBuilder 0.280234
ExtUtils::Command 7.48
ExtUtils::Install 2.18
ExtUtils::MakeMaker 7.48
ExtUtils::Manifest 1.72
ExtUtils::ParseXS 3.35
File::Spec 3.75
Module::Build 0.4231
Pod::Parser 1.37
Pod::Simple 3.13
Test2 1.302181
Test::Harness 3.42
Test::More 1.302181
version 0.9928
******************************** NOTE ********************************
The comments above are created mechanically, possibly without manual
checking by the sender. As there are many people performing automatic
tests on each upload to CPAN, it is likely that you will receive
identical messages about the same problem.
If you believe that the message is mistaken, please reply to the first
one with correction and/or additional informations, and do not take
it personally. We appreciate your patience. :)
**********************************************************************
Additional comments:
This report was machine-generated by CPANPLUS::Dist::YACSmoke 1.08.
Powered by minismokebox version 0.68
CPANPLUS is prefering Build.PL
------------------------------
ENVIRONMENT AND OTHER CONTEXT
------------------------------
Environment variables:
AUTOMATED_TESTING = 1
LANG = en_GB.UTF-8
NONINTERACTIVE_TESTING = 1
PATH = /home/cpan/pit/thr/conf/perl-5.12.0/.cpanplus/5.12.0/build/5bMtK_Z72s/Filter-Crypto-2.09/blib/script:/home/cpan/pit/jail/MM6VgKc5v3/bin:/usr/bin:/usr/sbin:/sbin:/opt/ooce/bin:/usr/gnu/bin
PERL5LIB = /home/cpan/pit/jail/MM6VgKc5v3/lib/perl5:/home/cpan/pit/thr/conf/perl-5.12.0/.cpanplus/5.12.0/build/5bMtK_Z72s/Filter-Crypto-2.09/blib/lib:/home/cpan/pit/thr/conf/perl-5.12.0/.cpanplus/5.12.0/build/5bMtK_Z72s/Filter-Crypto-2.09/blib/arch
PERL5_CPANPLUS_IS_RUNNING = 23223
PERL5_CPANPLUS_IS_VERSION = 0.9908
PERL5_MINISMOKEBOX = 0.68
PERL5_YACSMOKE_BASE = /home/cpan/pit/thr/conf/perl-5.12.0
PERL_EXTUTILS_AUTOINSTALL = --defaultdeps
PERL_LOCAL_LIB_ROOT = /home/cpan/pit/jail/MM6VgKc5v3
PERL_MB_OPT = --install_base "/home/cpan/pit/jail/MM6VgKc5v3"
PERL_MM_OPT = INSTALL_BASE=/home/cpan/pit/jail/MM6VgKc5v3
PERL_MM_USE_DEFAULT = 1
SHELL = /bin/bash
TERM = screen
Perl special variables (and OS-specific diagnostics, for MSWin32):
Perl: $^X = /home/cpan/pit/thr/perl-5.12.0/bin/perl
UID: $< = 101
EUID: $> = 101
GID: $( = 101 101
EGID: $) = 101 101
-------------------------------
--
Summary of my perl5 (revision 5 version 12 subversion 0) configuration:
Platform:
osname=solaris, osvers=2.11, archname=i86pc-solaris-thread-multi-64
uname='sunos ouzel 5.11 omnios-r151034-0d278a0cc5 i86pc i386 i86pc '
config_args='-des -Dprefix=/home/cpan/pit/thr/perl-5.12.0 -Dusethreads -Duse64bitall -Dcc=gcc'
hint=recommended, useposix=true, d_sigaction=define
useithreads=define, usemultiplicity=define
useperlio=define, d_sfio=undef, uselargefiles=define, usesocks=undef
use64bitint=define, use64bitall=define, uselongdouble=undef
usemymalloc=n, bincompat5005=undef
Compiler:
cc='gcc', ccflags ='-D_REENTRANT -m64 -fwrapv -fno-strict-aliasing -pipe -fstack-protector -D_LARGEFILE_SOURCE -D_FILE_OFFSET_BITS=64 -DPERL_USE_SAFE_PUTENV',
optimize='-O',
cppflags='-D_REENTRANT -m64 -fwrapv -fno-strict-aliasing -pipe -fstack-protector'
ccversion='', gccversion='9.3.0', gccosandvers=''
intsize=4, longsize=8, ptrsize=8, doublesize=8, byteorder=12345678
d_longlong=define, longlongsize=8, d_longdbl=define, longdblsize=16
ivtype='long', ivsize=8, nvtype='double', nvsize=8, Off_t='off_t', lseeksize=8
alignbytes=8, prototype=define
Linker and Libraries:
ld='gcc', ldflags =' -m64 -fstack-protector -L/usr/gnu/lib '
libpth=/usr/gnu/lib /usr/lib /usr/ccs/lib
libs=-lsocket -lnsl -ldl -lm -lpthread -lc
perllibs=-lsocket -lnsl -ldl -lm -lpthread -lc
libc=/lib/libc.so, so=so, useshrplib=true, libperl=libperl.so
gnulibc_version=''
Dynamic Linking:
dlsrc=dl_dlopen.xs, dlext=so, d_dlsymun=undef, ccdlflags=' -R /home/cpan/pit/thr/perl-5.12.0/lib/5.12.0/i86pc-solaris-thread-multi-64/CORE'
cccdlflags='-fPIC', lddlflags=' -shared -m64 -L/usr/gnu/lib -fstack-protector'
Characteristics of this binary (from libperl):
Compile-time options: MULTIPLICITY PERL_DONT_CREATE_GVSV
PERL_IMPLICIT_CONTEXT PERL_MALLOC_WRAP
PERL_USE_SAFE_PUTENV USE_64_BIT_ALL USE_64_BIT_INT
USE_ITHREADS USE_LARGE_FILES USE_PERLIO USE_PERL_ATOF
USE_REENTRANT_API
Locally applied patches:
Devel::PatchPerl 2.00
Built under solaris
Compiled at Aug 19 2020 21:02:01
%ENV:
PERL5LIB="/home/cpan/pit/jail/MM6VgKc5v3/lib/perl5:/home/cpan/pit/thr/conf/perl-5.12.0/.cpanplus/5.12.0/build/5bMtK_Z72s/Filter-Crypto-2.09/blib/lib:/home/cpan/pit/thr/conf/perl-5.12.0/.cpanplus/5.12.0/build/5bMtK_Z72s/Filter-Crypto-2.09/blib/arch"
PERL5_CPANPLUS_IS_RUNNING="23223"
PERL5_CPANPLUS_IS_VERSION="0.9908"
PERL5_MINISMOKEBOX="0.68"
PERL5_YACSMOKE_BASE="/home/cpan/pit/thr/conf/perl-5.12.0"
PERL_EXTUTILS_AUTOINSTALL="--defaultdeps"
PERL_LOCAL_LIB_ROOT="/home/cpan/pit/jail/MM6VgKc5v3"
PERL_MB_OPT="--install_base "/home/cpan/pit/jail/MM6VgKc5v3""
PERL_MM_OPT="INSTALL_BASE=/home/cpan/pit/jail/MM6VgKc5v3"
PERL_MM_USE_DEFAULT="1"
@INC:
/home/cpan/pit/jail/MM6VgKc5v3/lib/perl5/5.12.0/i86pc-solaris-thread-multi-64
/home/cpan/pit/jail/MM6VgKc5v3/lib/perl5/5.12.0
/home/cpan/pit/jail/MM6VgKc5v3/lib/perl5/i86pc-solaris-thread-multi-64
/home/cpan/pit/jail/MM6VgKc5v3/lib/perl5
/home/cpan/pit/thr/conf/perl-5.12.0/.cpanplus/5.12.0/build/5bMtK_Z72s/Filter-Crypto-2.09/blib/lib
/home/cpan/pit/thr/conf/perl-5.12.0/.cpanplus/5.12.0/build/5bMtK_Z72s/Filter-Crypto-2.09/blib/arch
/home/cpan/pit/thr/perl-5.12.0/lib/site_perl/5.12.0/i86pc-solaris-thread-multi-64
/home/cpan/pit/thr/perl-5.12.0/lib/site_perl/5.12.0
/home/cpan/pit/thr/perl-5.12.0/lib/5.12.0/i86pc-solaris-thread-multi-64
/home/cpan/pit/thr/perl-5.12.0/lib/5.12.0
.