Back
From: metabase:user:30f4dfbe-2aae-11df-837a-5e0a49663a4f
Subject: FAIL GSSAPI-0.28 v5.8.7 Mac OS X
Date: 2016-03-23T09:11:10Z
This distribution has been tested as part of the CPAN Testers
project, supporting the Perl programming language. See
http://wiki.cpantesters.org/ for more information or email
questions to cpan-testers-discuss@perl.org
--
Dear Achim Grolms,
This is a computer-generated report for GSSAPI-0.28
on perl 5.8.7, created by CPAN-Reporter-1.2016.
Thank you for uploading your work to CPAN. However, there was a problem
testing your distribution.
If you think this report is invalid, please consult the CPAN Testers Wiki
for suggestions on how to avoid getting FAIL reports for missing library
or binary dependencies, unsupported operating systems, and so on:
http://wiki.cpantesters.org/wiki/CPANAuthorNotes
Sections of this report:
* Tester comments
* Program output
* Prerequisites
* Environment and other context
------------------------------
TESTER COMMENTS
------------------------------
Additional comments from tester:
this report is from an automated smoke testing program
and was not reviewed by a human for accuracy
------------------------------
PROGRAM OUTPUT
------------------------------
Output from '/sw/bin/make test':
Running Mkbootstrap for GSSAPI ()
chmod 644 "GSSAPI.bs"
PERL_DL_NONLAZY=1 "/Users/hornenj/perl5/perlbrew/perls/perl-5.8.7/bin/perl" "-MExtUtils::Command::MM" "-MTest::Harness" "-e" "undef *Test::Harness::Switches; test_harness(0, 'blib/lib', 'blib/arch')" t/*.t
t/1constants.t ..... ok
t/2status.t ........ ok
perl(59030,0x7fff78459300) malloc: *** error for object 0x7fff8f29f7bd: pointer being freed was not allocated
*** set a breakpoint in malloc_error_break to debug
t/checkoids.t ......
All 34 subtests passed
t/importnames.t .... ok
# Kerberos 5, SPNEGO
t/indicatemechs.t .. ok
# inquire_cred() name: 'hornenj@NCBI.NLM.NIH.GOV'
# inquire_cred() lifetime: 33603 seconds
# inquire_cred() credusage: 1 (GSS_C_INITIATE)
t/inquire_cred.t ... ok
t/pod.t ............ ok
# Failed test ' $str eq '{ 1 2 840 113554 1 2 1 1 }' '
# at t/test.t line 29.
# got: '1 2 840 113554 1 2 1 1'
# expected: '{ 1 2 840 113554 1 2 1 1 }'
perl(59037,0x7fff78459300) malloc: *** error for object 0x7fff8f29f7bd: pointer being freed was not allocated
*** set a breakpoint in malloc_error_break to debug
t/test.t ...........
Failed 1/13 subtests
#
#
# if you want to run tests that do a realworld *use* of your GSSAPI
# start a kinit and try to run
#
# ./examples/getcred_hostbased.pl
#
t/zbugfixes.t ...... ok
Test Summary Report
-------------------
t/checkoids.t (Wstat: 6 Tests: 34 Failed: 0)
Non-zero wait status: 6
t/test.t (Wstat: 6 Tests: 13 Failed: 1)
Failed test: 2
Non-zero wait status: 6
Files=9, Tests=152, 1 wallclock secs ( 0.03 usr 0.02 sys + 0.22 cusr 0.06 csys = 0.33 CPU)
Result: FAIL
Failed 2/9 test programs. 1/152 subtests failed.
Makefile:1019: recipe for target 'test_dynamic' failed
make: *** [test_dynamic] Error 255
------------------------------
PREREQUISITES
------------------------------
Prerequisite modules loaded:
requires:
Module Need Have
------------------- ---- --------
Test::More 0 1.001014
build_requires:
Module Need Have
------------------- ---- --------
ExtUtils::MakeMaker 0 7.10
------------------------------
ENVIRONMENT AND OTHER CONTEXT
------------------------------
Environment variables:
AUTOMATED_TESTING = 1
LANG = en_US.UTF-8
LC_ALL = POSIX
LD_LIBRARY_PATH = :/net/traces01.be-md.ncbi.nlm.nih.gov/trace_software/vdb/mac/release/x86_64/lib
NO_NETWORK_TESTING = 1
PATH = /Users/hornenj/perl5/perlbrew/bin:/Users/hornenj/perl5/perlbrew/perls/perl-5.8.7/bin:/Users/hornenj/perl5/perlbrew/bin:/Users/hornenj/perl5/perlbrew/perls/perl-5.23.8/bin:/Users/hornenj/bin:/sw/lib/perl5/ExtUtils:/sw/bin:/am/ncbiapdata/bin:/usr/bin:/bin:/usr/X11R6/bin:/netopt/ncbi_tools/bin:/usr/local/ncbi/blast/bin:/net/traces01.be-md.ncbi.nlm.nih.gov/trace_software/vdb/mac/release/x86_64/bin
PERL5LIB = /Users/hornenj/.cpan/build/REST-Client-273-48HnXE/blib/arch:/Users/hornenj/.cpan/build/REST-Client-273-48HnXE/blib/lib:/Users/hornenj/.cpan/build/Test-MockModule-0.11-sVl2SC/blib/arch:/Users/hornenj/.cpan/build/Test-MockModule-0.11-sVl2SC/blib/lib:/Users/hornenj/.cpan/build/SUPER-1.20141117-irPy2O/blib/arch:/Users/hornenj/.cpan/build/SUPER-1.20141117-irPy2O/blib/lib
PERL5OPT =
PERL5_CPANPLUS_IS_RUNNING = 58667
PERL5_CPAN_IS_RUNNING = 58667
PERL5_MINISMOKEBOX = 0.58
PERLBREW_BASHRC_VERSION = 0.75
PERLBREW_HOME = /Users/hornenj/.perlbrew
PERLBREW_LIB =
PERLBREW_MANPATH = /Users/hornenj/perl5/perlbrew/perls/perl-5.8.7/man
PERLBREW_PATH = /Users/hornenj/perl5/perlbrew/bin:/Users/hornenj/perl5/perlbrew/perls/perl-5.8.7/bin
PERLBREW_PERL = perl-5.8.7
PERLBREW_ROOT = /Users/hornenj/perl5/perlbrew
PERLBREW_VERSION = 0.75
PERL_EXTUTILS_AUTOINSTALL = --defaultdeps
PERL_LOCAL_LIB_ROOT =
PERL_MM_USE_DEFAULT = 1
SHELL = /bin/sh
TERM = xterm-256color
TMPDIR = /var/folders/pz/pd7y1qjs6s3cbk170cw50fjc000c61/T/
ac_cv_path_INTLTOOL_PERL = /usr/bin/perl
Perl special variables (and OS-specific diagnostics, for MSWin32):
$^X = /Users/hornenj/perl5/perlbrew/perls/perl-5.8.7/bin/perl
$UID/$EUID = 12481 / 12481
$GID = 14 241 527 37191 5344 14
$EGID = 14 241 527 37191 5344 14
Perl module toolchain versions installed:
Module Have
------------------- --------
CPAN 2.10
CPAN::Meta 2.150005
Cwd 3.47
ExtUtils::CBuilder 0.280224
ExtUtils::Command 7.10
ExtUtils::Install 2.04
ExtUtils::MakeMaker 7.10
ExtUtils::Manifest 1.70
ExtUtils::ParseXS 3.30
File::Spec 3.47
JSON 2.90
JSON::PP 2.27300
Module::Build 0.4214
Module::Signature 0.79
Parse::CPAN::Meta 1.4417
Test::Harness 3.35
Test::More 1.001014
YAML n/a
YAML::Syck 1.29
version 0.9912
--
Summary of my perl5 (revision 5 version 8 subversion 7) configuration:
Platform:
osname=darwin, osvers=12.5.0, archname=darwin-thread-multi-2level
uname='darwin ncbimac2008.ncbi.nlm.nih.gov 12.5.0 darwin kernel version 12.5.0: sun sep 29 13:33:47 pdt 2013; root:xnu-2050.48.12~1release_x86_64 x86_64 '
config_args='-de -Dprefix=/Users/hornenj/perl5/perlbrew/perls/perl-5.8.7 -Duseithreads -Dusemultiplicity -Accflags=-O2 -W -Wformat=2 -Wswitch -Wshadow -Wwrite-strings -Wuninitialized -Wall -pipe -mtune=native -march=native -fomit-frame-pointer -msse2 -msse -mmmx -pedantic -D_FORTIFY_SOURCE=2 -Wpointer-arith -Wstrict-prototypes -fstack-protector -Wstack-protector -Wextra -Wbad-function-cast -Wcast-align -Wcast-qual -Wdisabled-optimization -Wendif-labels -Wfloat-equal -Wformat-nonliteral -Winline -Wmissing-declarations -Wmissing-prototypes -Wnested-externs -Wpointer-arith -Wundef -Wformat-security -fassociative-math -Acc=cc -Aeval:scriptdir=/Users/hornenj/perl5/perlbrew/perls/perl-5.8.7/bin'
hint=recommended, useposix=true, d_sigaction=define
usethreads=define use5005threads=undef useithreads=define usemultiplicity=define
useperlio=define d_sfio=undef uselargefiles=define usesocks=undef
use64bitint=define use64bitall=define uselongdouble=undef
usemymalloc=n, bincompat5005=undef
Compiler:
cc=' cc', ccflags ='-fno-common -DPERL_DARWIN -O2 -W -Wformat=2 -Wswitch -Wshadow -Wwrite-strings -Wuninitialized -Wall -pipe -mtune=native -march=native -fomit-frame-pointer -msse2 -msse -mmmx -pedantic -D_FORTIFY_SOURCE=2 -Wpointer-arith -Wstrict-prototypes -fstack-protector -Wstack-protector -Wextra -Wbad-function-cast -Wcast-align -Wcast-qual -Wdisabled-optimization -Wendif-labels -Wfloat-equal -Wformat-nonliteral -Winline -Wmissing-declarations -Wmissing-prototypes -Wnested-externs -Wpointer-arith -Wundef -Wformat-security -fassociative-math -fno-strict-aliasing -I/usr/local/include',
optimize='-O3',
cppflags='-fno-common -DPERL_DARWIN -O2 -W -Wformat=2 -Wswitch -Wshadow -Wwrite-strings -Wuninitialized -Wall -pipe -mtune=native -march=native -fomit-frame-pointer -msse2 -msse -mmmx -pedantic -D_FORTIFY_SOURCE=2 -Wpointer-arith -Wstrict-prototypes -fstack-protector -Wstack-protector -Wextra -Wbad-function-cast -Wcast-align -Wcast-qual -Wdisabled-optimization -Wendif-labels -Wfloat-equal -Wformat-nonliteral -Winline -Wmissing-declarations -Wmissing-prototypes -Wnested-externs -Wpointer-arith -Wundef -Wformat-security -fassociative-math -fno-strict-aliasing -I/usr/local/include'
ccversion='', gccversion='4.2.1 Compatible Apple LLVM 4.2 (clang-425.0.24)', gccosandvers=''
intsize=4, longsize=8, ptrsize=8, doublesize=8, byteorder=12345678
d_longlong=define, longlongsize=8, d_longdbl=define, longdblsize=16
ivtype='long', ivsize=8, nvtype='double', nvsize=8, Off_t='off_t', lseeksize=8
alignbytes=8, prototype=define
Linker and Libraries:
ld='env MACOSX_DEPLOYMENT_TARGET=10.3 cc', ldflags =' -L/usr/local/lib'
libpth=/usr/local/lib /usr/lib
libs=-ldbm -ldl -lm -lutil -lc
perllibs=-ldl -lm -lutil -lc
libc=, so=dylib, useshrplib=false, libperl=libperl.a
gnulibc_version=''
Dynamic Linking:
dlsrc=dl_dlopen.xs, dlext=bundle, d_dlsymun=undef, ccdlflags=' '
cccdlflags=' ', lddlflags=' -bundle -undefined dynamic_lookup -L/usr/local/lib'
Characteristics of this binary (from libperl):
Compile-time options: MULTIPLICITY USE_ITHREADS USE_64_BIT_INT
USE_64_BIT_ALL USE_LARGE_FILES
PERL_IMPLICIT_CONTEXT
Built under darwin
Compiled at Sep 17 2014 08:58:08
%ENV:
PERL5LIB="/Users/hornenj/.cpan/build/REST-Client-273-48HnXE/blib/arch:/Users/hornenj/.cpan/build/REST-Client-273-48HnXE/blib/lib:/Users/hornenj/.cpan/build/Test-MockModule-0.11-sVl2SC/blib/arch:/Users/hornenj/.cpan/build/Test-MockModule-0.11-sVl2SC/blib/lib:/Users/hornenj/.cpan/build/SUPER-1.20141117-irPy2O/blib/arch:/Users/hornenj/.cpan/build/SUPER-1.20141117-irPy2O/blib/lib"
PERL5OPT=""
PERL5_CPANPLUS_IS_RUNNING="58667"
PERL5_CPAN_IS_RUNNING="58667"
PERL5_MINISMOKEBOX="0.58"
PERLBREW_BASHRC_VERSION="0.75"
PERLBREW_HOME="/Users/hornenj/.perlbrew"
PERLBREW_LIB=""
PERLBREW_MANPATH="/Users/hornenj/perl5/perlbrew/perls/perl-5.8.7/man"
PERLBREW_PATH="/Users/hornenj/perl5/perlbrew/bin:/Users/hornenj/perl5/perlbrew/perls/perl-5.8.7/bin"
PERLBREW_PERL="perl-5.8.7"
PERLBREW_ROOT="/Users/hornenj/perl5/perlbrew"
PERLBREW_VERSION="0.75"
PERL_EXTUTILS_AUTOINSTALL="--defaultdeps"
PERL_LOCAL_LIB_ROOT=""
PERL_MM_USE_DEFAULT="1"
@INC:
/Users/hornenj/.cpan/build/REST-Client-273-48HnXE/blib/arch
/Users/hornenj/.cpan/build/REST-Client-273-48HnXE/blib/lib
/Users/hornenj/.cpan/build/Test-MockModule-0.11-sVl2SC/blib/arch
/Users/hornenj/.cpan/build/Test-MockModule-0.11-sVl2SC/blib/lib
/Users/hornenj/.cpan/build/SUPER-1.20141117-irPy2O/blib/arch
/Users/hornenj/.cpan/build/SUPER-1.20141117-irPy2O/blib/lib
/Users/hornenj/perl5/perlbrew/perls/perl-5.8.7/lib/5.8.7/darwin-thread-multi-2level
/Users/hornenj/perl5/perlbrew/perls/perl-5.8.7/lib/5.8.7
/Users/hornenj/perl5/perlbrew/perls/perl-5.8.7/lib/site_perl/5.8.7/darwin-thread-multi-2level
/Users/hornenj/perl5/perlbrew/perls/perl-5.8.7/lib/site_perl/5.8.7
/Users/hornenj/perl5/perlbrew/perls/perl-5.8.7/lib/site_perl
.